{"id":969,"date":"2023-01-11T00:52:04","date_gmt":"2023-01-10T23:52:04","guid":{"rendered":"https:\/\/mecahealth.com\/?page_id=969"},"modified":"2023-02-26T18:01:13","modified_gmt":"2023-02-26T17:01:13","slug":"pathologie-cyphose","status":"publish","type":"page","link":"https:\/\/mecahealth.com\/?page_id=969","title":{"rendered":"Pathologie : cyphose ?"},"content":{"rendered":"\n<p><a href=\"https:\/\/mecahealth.com\/?page_id=122\">Attention \u00e0 lire les consignes avant de lire toute page d&rsquo;un site sant\u00e9 !<\/a><\/p>\n\n\n\n<figure class=\"wp-block-image size-full is-style-rounded\"><img loading=\"lazy\" decoding=\"async\" width=\"330\" height=\"330\" src=\"https:\/\/mecahealth.com\/wp-content\/uploads\/2023\/02\/MecaHealth-lordose-cyphose.jpg\" alt=\"\" class=\"wp-image-4146\" srcset=\"https:\/\/mecahealth.com\/wp-content\/uploads\/2023\/02\/MecaHealth-lordose-cyphose.jpg 330w, https:\/\/mecahealth.com\/wp-content\/uploads\/2023\/02\/MecaHealth-lordose-cyphose-300x300.jpg 300w, https:\/\/mecahealth.com\/wp-content\/uploads\/2023\/02\/MecaHealth-lordose-cyphose-150x150.jpg 150w\" sizes=\"auto, (max-width: 330px) 100vw, 330px\" \/><\/figure>\n\n\n\n<p class=\"has-medium-font-size\">La cyphose est la partie de la <a href=\"https:\/\/mecahealth.com\/?page_id=3353\">colonne vert\u00e9brale<\/a>, vue lat\u00e9ralement, qui est convexe (en principe situ\u00e9e \u00e0 hauteur des diff\u00e9rentes vert\u00e8bres thoraciques). Lorsque dos lat\u00e9ralement est concave, on parle de <a href=\"https:\/\/mecahealth.com\/?page_id=969\">lordose<\/a>. La <a href=\"https:\/\/mecahealth.com\/?page_id=1213\">scoliose,<\/a> elle, est d\u00e9nomm\u00e9e ainsi lorsque la colonne est en \u00ab\u00a0S\u00a0\u00bb. Toutes deux comme <a href=\"https:\/\/mecahealth.com\/?page_id=971\">toute courbe doivent \u00eatre harmonieuses<\/a> pour \u00e9viter de faire rentrer une vert\u00e8bres plus que n\u00e9cessaire et de risquer coincer le dos (<a href=\"https:\/\/mecahealth.com\/?page_id=1136\">douleurs +++<\/a>). Il ne faut donc en aucun suivre ou r\u00e9p\u00e9ter la consigne trop souvent donn\u00e9e \u00ab\u00a0<em>Tire tes \u00e9paules en arri\u00e8re<\/em> !\u00a0\u00bb mais bien \u00ab\u00a0<a href=\"https:\/\/mecahealth.com\/?page_id=413\" data-type=\"page\" data-id=\"413\"><em>Tiens-toi droit comme un massa\u00ef !<\/em><\/a>\u00ab\u00a0<\/p>\n\n\n\n<h2 class=\"has-large-font-size wp-block-heading\">Normalit\u00e9<\/h2>\n\n\n\n<p class=\"has-medium-font-size\">Il est normal d&rsquo;avoir le dos arrondi mais dans des proportions respectant une harmonie de la courbe et si elle se limite bien entendu \u00e0 la zone dite thoracique.<\/p>\n\n\n\n<p class=\"has-medium-font-size\">On parle de personnes cyphos\u00e9es si ces conditions ne sont pas remplies ou si l&rsquo;angulation m\u00eame si elle est harmonieuse, augmente. Elle sera consid\u00e9r\u00e9e comme grave \u00e0 partir de 70\u00b0.<\/p>\n\n\n\n<p class=\"has-medium-font-size\">Dans la vie quotidienne apprendre \u00e0 rester<a href=\"https:\/\/mecahealth.com\/?page_id=297\" data-type=\"page\" data-id=\"297\"> assis correctement bien au fond<\/a> aussi bien chez soi qu&rsquo;<a href=\"https:\/\/mecahealth.com\/?page_id=295\" data-type=\"page\" data-id=\"295\">au bureau<\/a> permettra d&rsquo;\u00e9viter un affaissement trop rapide. Plut\u00f4t que de se vautrer apr\u00e8s un certain temps, il est pr\u00e9f\u00e9rable d&rsquo;opter de <a href=\"https:\/\/mecahealth.com\/?page_id=2449\" data-type=\"page\" data-id=\"2449\">temps en temps pour une sieste<\/a> allong\u00e9e.<\/p>\n\n\n\n<h2 class=\"has-large-font-size wp-block-heading\">Pathologies <\/h2>\n\n\n\n<h3 class=\"has-medium-font-size wp-block-heading\">Cyphose trop marqu\u00e9e <\/h3>\n\n\n\n<p class=\"has-medium-font-size\">Si l&rsquo;aspect cyphotique est trop marqu\u00e9e, elle s&rsquo;accompagne souvent d&rsquo;une lordose de redressement au niveau des <a href=\"https:\/\/mecahealth.com\/?page_id=3353\" data-type=\"page\" data-id=\"3353\">vert\u00e8bres cervicales<\/a>.<\/p>\n\n\n\n<p class=\"has-medium-font-size\">La tendance g\u00e9n\u00e9rale est de renforcer les muscles dorsaux. Cela se fera en tenant compte qu&rsquo;un renforcement intempestif risque d&rsquo;appuyer sur les vert\u00e8bres du <a href=\"https:\/\/mecahealth.com\/?page_id=971\" data-type=\"page\" data-id=\"971\">sommet de la courbure<\/a> et d&rsquo;ainsi rentrer une vert\u00e8bre lors du redressement. <\/p>\n\n\n\n<p class=\"has-medium-font-size\">La plupart de ces cyphoses sont li\u00e9es \u00e0 de mauvaises habitudes mais ce n&rsquo;est toujours le cas. Une fracture li\u00e9e \u00e0 l&rsquo;ost\u00e9oporose ou la maladie de Scheuermann entra\u00eenent parfois ces malpositions.<\/p>\n\n\n\n<h4 class=\"has-medium-font-size wp-block-heading\">R\u00e9sum\u00e9 de traitement<\/h4>\n\n\n\n<p class=\"has-medium-font-size\">Ce travail se fera d\u00e8s lors en \u00e9vitant de travailler trop fort les mouvement correspondant \u00e0 des tractions ant\u00e9ro-post\u00e9rieures comme ceux r\u00e9alis\u00e9s en salle ou avec un rameur (&#8230;). Ceux-ci peuvent \u00eatre effectu\u00e9s si la <a href=\"https:\/\/mecahealth.com\/?page_id=1923\" data-type=\"page\" data-id=\"1923\">position z\u00e9ro est respect\u00e9e<\/a> et en <a href=\"https:\/\/mecahealth.com\/?page_id=1119\" data-type=\"page\" data-id=\"1119\">auto-grandissement<\/a>. On pr\u00e9f\u00e9rera le travail des <em>muscles grands dorsaux<\/em>. Ces muscles sont ceux capables de nous soulever lorsque nous faisons par exemple des <a href=\"https:\/\/mecahealth.com\/?page_id=1055\" data-type=\"page\" data-id=\"1055\">mouvements \u00e9quivalents \u00e0 ceux de l&rsquo;entre deux meubles<\/a>. Il est sera de m\u00eame dans toutes les situations courantes ou les sports<\/p>\n\n\n\n<p class=\"has-medium-font-size\">Pour une posture cyphotique exag\u00e9r\u00e9e, les muscles de cette courbure travaillent de mani\u00e8re permanente pour \u00e9viter que la courbure ne s&rsquo;accroisse plus encore, ces muscles donc sont \u00e0  r\u00e9guli\u00e8rement notamment en <a href=\"https:\/\/mecahealth.com\/?page_id=803\" data-type=\"page\" data-id=\"803\">enroulant r\u00e9guli\u00e8rement la colonne<\/a> mais en privil\u00e9giant la version jambe tendue pour ne pas \u00e9tirer trop localement le sommet de la cyphose.<\/p>\n\n\n\n<h3 class=\"has-medium-font-size wp-block-heading\">Cyphose peu marqu\u00e9e<\/h3>\n\n\n\n<p class=\"has-medium-font-size\">Quels que soient les exercices, ils devraient se faire en essayant de courber l\u00e9g\u00e8rement la partie thoracique de la colonne. Seulement, la plupart du temps, dans ce cas l\u00e0, il s&rsquo;agit d&rsquo;une r\u00e9traction des muscles spinaux provenant d&rsquo;une tendance \u00e0 se redresser trop r\u00e9guli\u00e8rement, les <a href=\"https:\/\/mecahealth.com\/?page_id=1166\" data-type=\"page\" data-id=\"1166\">\u00e9tirements de la cha\u00eene post\u00e9rieure seront donc indispensables<\/a>. La danse classique comme il \u00e9tait souvent conseill\u00e9 \u00e0 l&rsquo;\u00e9poque sera \u00e9vit\u00e9e sauf si elle \u00e9tait enseign\u00e9e dans un esprit de danse contemporaine \u00e0 savoir, en d\u00e9roulement plus important qu&rsquo;en redressement.<\/p>\n\n\n\n<h2 class=\"has-medium-font-size wp-block-heading\">Revenir au chapitre <em><a href=\"https:\/\/mecahealth.com\/?page_id=626\" data-type=\"page\" data-id=\"626\">Dos &#8211; Tronc<\/a><\/em><\/h2>\n","protected":false},"excerpt":{"rendered":"<p>Attention \u00e0 lire les consignes avant de lire toute page d&rsquo;un site sant\u00e9 ! La cyphose est la partie de la colonne vert\u00e9brale, vue lat\u00e9ralement, qui est convexe (en principe situ\u00e9e \u00e0 hauteur des diff\u00e9rentes vert\u00e8bres thoraciques). Lorsque dos lat\u00e9ralement est concave, on parle de lordose. La scoliose, elle, est<a href=\"https:\/\/mecahealth.com\/?page_id=969\" class=\"read-more\">Read More&#8230;<\/a><\/p>\n","protected":false},"author":1,"featured_media":0,"parent":0,"menu_order":0,"comment_status":"closed","ping_status":"closed","template":"","meta":{"footnotes":""},"class_list":["post-969","page","type-page","status-publish","hentry"],"jetpack_sharing_enabled":true,"_links":{"self":[{"href":"https:\/\/mecahealth.com\/index.php?rest_route=\/wp\/v2\/pages\/969","targetHints":{"allow":["GET"]}}],"collection":[{"href":"https:\/\/mecahealth.com\/index.php?rest_route=\/wp\/v2\/pages"}],"about":[{"href":"https:\/\/mecahealth.com\/index.php?rest_route=\/wp\/v2\/types\/page"}],"author":[{"embeddable":true,"href":"https:\/\/mecahealth.com\/index.php?rest_route=\/wp\/v2\/users\/1"}],"replies":[{"embeddable":true,"href":"https:\/\/mecahealth.com\/index.php?rest_route=%2Fwp%2Fv2%2Fcomments&post=969"}],"version-history":[{"count":9,"href":"https:\/\/mecahealth.com\/index.php?rest_route=\/wp\/v2\/pages\/969\/revisions"}],"predecessor-version":[{"id":4148,"href":"https:\/\/mecahealth.com\/index.php?rest_route=\/wp\/v2\/pages\/969\/revisions\/4148"}],"wp:attachment":[{"href":"https:\/\/mecahealth.com\/index.php?rest_route=%2Fwp%2Fv2%2Fmedia&parent=969"}],"curies":[{"name":"wp","href":"https:\/\/api.w.org\/{rel}","templated":true}]}}