{"id":837,"date":"2023-01-10T14:25:47","date_gmt":"2023-01-10T13:25:47","guid":{"rendered":"https:\/\/mecahealth.com\/?page_id=837"},"modified":"2023-02-28T03:59:27","modified_gmt":"2023-02-28T02:59:27","slug":"sport-hockey","status":"publish","type":"page","link":"https:\/\/mecahealth.com\/?page_id=837","title":{"rendered":"Sport : hockey"},"content":{"rendered":"\n<p class=\"has-medium-font-size\"><a href=\"https:\/\/mecahealth.com\/?page_id=122\">Attention \u00e0 lire les consignes avant de lire toute page d&rsquo;un site sant\u00e9 !<\/a><\/p>\n\n\n\n<figure class=\"wp-block-image size-full is-style-rounded\"><img loading=\"lazy\" decoding=\"async\" width=\"330\" height=\"330\" src=\"https:\/\/mecahealth.com\/wp-content\/uploads\/2023\/01\/Hockey.jpg\" alt=\"\" class=\"wp-image-918\" srcset=\"https:\/\/mecahealth.com\/wp-content\/uploads\/2023\/01\/Hockey.jpg 330w, https:\/\/mecahealth.com\/wp-content\/uploads\/2023\/01\/Hockey-300x300.jpg 300w, https:\/\/mecahealth.com\/wp-content\/uploads\/2023\/01\/Hockey-150x150.jpg 150w\" sizes=\"auto, (max-width: 330px) 100vw, 330px\" \/><\/figure>\n\n\n\n<p class=\"has-medium-font-size\">Le hockey comme tout sport, se fait en respectant les <a href=\"https:\/\/mecahealth.com\/?page_id=259\" data-type=\"page\" data-id=\"259\">r\u00e8gles \u00e9l\u00e9mentaires<\/a> de tout exercice.<\/p>\n\n\n\n<h2 class=\"has-large-font-size wp-block-heading\">Avantages<\/h2>\n\n\n\n<p class=\"has-medium-font-size\">Le hockey pr\u00e9sente les avantages de tout sport d&rsquo;\u00e9quipe mais \u00e9galement de travailler notamment de <a href=\"https:\/\/mecahealth.com\/?page_id=503\" data-type=\"page\" data-id=\"503\">tr\u00e8s bons r\u00e9flexes<\/a>. Etant donn\u00e9 les r\u00e8gles du jeu, et sans doute l&rsquo;usage d&rsquo;un stick, l&rsquo;arbitrage est nettement plus scrupuleux que dans le <a href=\"https:\/\/mecahealth.com\/?page_id=832\" data-type=\"page\" data-id=\"832\">football<\/a>. On observe aussi bien chez les amateurs que chez les professionnels, un esprit plus sain que celui qui tol\u00e9r\u00e9 dans les stades dudit sport de ballon.<\/p>\n\n\n\n<h2 class=\"has-large-font-size wp-block-heading\">Inconv\u00e9nients<\/h2>\n\n\n\n<p class=\"has-medium-font-size\">Comme vu dans la news <a href=\"https:\/\/mecahealth.com\/?page_id=832\" data-type=\"page\" data-id=\"832\">Football<\/a>, hormis les chocs directs, les maux les plus courants dans ce sport sont les d\u00e9chirures des ligaments externes de la cheville ou des ligaments crois\u00e9s du genou. Concernant les chevilles, les d\u00e9chirures surviennent g\u00e9n\u00e9ralement parce que le pied se porte trop vers l&rsquo;int\u00e9rieur tandis que les d\u00e9chirures des ligaments crois\u00e9s surviennent quasi exclusivement parce que le genou a tendance \u00e0 se porter vers l&rsquo;int\u00e9rieur au moment du choc, qu&rsquo;il soit le fruit d&rsquo;un coup d&rsquo;un adversaire ou de la retomb\u00e9e d&rsquo;un saut.<\/p>\n\n\n\n<p class=\"has-medium-font-size\">A cela se rajoute, l&rsquo;arthrose et quelques claquages. Il serait d\u00e8s lors pr\u00e9f\u00e9rable de relire les pages <a href=\"https:\/\/mecahealth.com\/?page_id=832\" data-type=\"page\" data-id=\"832\">Football<\/a> avant tout.<\/p>\n\n\n\n<p class=\"has-medium-font-size\">A long terme, pour une pratique courante du hockey, l&rsquo;ossature ou en tout cas les muscles seront habitu\u00e9s \u00e0 se mettre en <a href=\"https:\/\/mecahealth.com\/?page_id=969\" data-type=\"page\" data-id=\"969\">cyphose<\/a> sans pour autant l&rsquo;accepter. Le joueur de hockey devra d\u00e8s lors absolument r\u00e9aliser des exercices d&rsquo;\u00e9tirement de cette musculature notamment par l&rsquo;<a href=\"https:\/\/mecahealth.com\/?page_id=803\" data-type=\"page\" data-id=\"803\">enroulement<\/a> avant et apr\u00e8s son sport. Il \u00e9vitera aussi ce type d&rsquo;attitude cyphotique au travail comme dans les t\u00e2ches de la vie quotidienne. <\/p>\n\n\n\n<p class=\"has-medium-font-size\">Pour le dos \u00e9galement, au moment d&rsquo;un shoot ou d&rsquo;un push, le dos se tourne en se combinant avec une flexion. Comme d\u00e9crit dans la news <a href=\"https:\/\/mecahealth.com\/?page_id=835\" data-type=\"page\" data-id=\"835\">Golf<\/a>, la base de l&rsquo;\u00e9chauffement de cette zone sera de r\u00e9aliser au pr\u00e9alable ces m\u00eames mouvements au ralenti et sans charge <a href=\"https:\/\/mecahealth.com\/?page_id=402\" data-type=\"page\" data-id=\"402\">d&rsquo;un c\u00f4t\u00e9 comme de l&rsquo;autre<\/a>.<\/p>\n\n\n\n<p class=\"has-medium-font-size\">Concernant les genoux comme dans la plupart des sports et des situations de la vie courante, leurs maux sont li\u00e9s de pr\u00e8s ou de loin \u00e0 un exc\u00e8s de <a href=\"https:\/\/mecahealth.com\/?page_id=892\" data-type=\"page\" data-id=\"892\">rotation interne<\/a>. Apprenons \u00e0 l&rsquo;\u00e9viter.<\/p>\n\n\n\n<h2 class=\"has-medium-font-size wp-block-heading\">Revenir au chapitre <em><a href=\"https:\/\/mecahealth.com\/?page_id=259\">Sports<\/a><\/em><\/h2>\n","protected":false},"excerpt":{"rendered":"<p>Attention \u00e0 lire les consignes avant de lire toute page d&rsquo;un site sant\u00e9 ! Le hockey comme tout sport, se fait en respectant les r\u00e8gles \u00e9l\u00e9mentaires de tout exercice. Avantages Le hockey pr\u00e9sente les avantages de tout sport d&rsquo;\u00e9quipe mais \u00e9galement de travailler notamment de tr\u00e8s bons r\u00e9flexes. Etant donn\u00e9<a href=\"https:\/\/mecahealth.com\/?page_id=837\" class=\"read-more\">Read More&#8230;<\/a><\/p>\n","protected":false},"author":1,"featured_media":0,"parent":0,"menu_order":0,"comment_status":"closed","ping_status":"closed","template":"","meta":{"footnotes":""},"class_list":["post-837","page","type-page","status-publish","hentry"],"jetpack_sharing_enabled":true,"_links":{"self":[{"href":"https:\/\/mecahealth.com\/index.php?rest_route=\/wp\/v2\/pages\/837","targetHints":{"allow":["GET"]}}],"collection":[{"href":"https:\/\/mecahealth.com\/index.php?rest_route=\/wp\/v2\/pages"}],"about":[{"href":"https:\/\/mecahealth.com\/index.php?rest_route=\/wp\/v2\/types\/page"}],"author":[{"embeddable":true,"href":"https:\/\/mecahealth.com\/index.php?rest_route=\/wp\/v2\/users\/1"}],"replies":[{"embeddable":true,"href":"https:\/\/mecahealth.com\/index.php?rest_route=%2Fwp%2Fv2%2Fcomments&post=837"}],"version-history":[{"count":5,"href":"https:\/\/mecahealth.com\/index.php?rest_route=\/wp\/v2\/pages\/837\/revisions"}],"predecessor-version":[{"id":4286,"href":"https:\/\/mecahealth.com\/index.php?rest_route=\/wp\/v2\/pages\/837\/revisions\/4286"}],"wp:attachment":[{"href":"https:\/\/mecahealth.com\/index.php?rest_route=%2Fwp%2Fv2%2Fmedia&parent=837"}],"curies":[{"name":"wp","href":"https:\/\/api.w.org\/{rel}","templated":true}]}}