{"id":8345,"date":"2025-10-25T18:38:39","date_gmt":"2025-10-25T17:38:39","guid":{"rendered":"https:\/\/mecahealth.com\/?page_id=8345"},"modified":"2025-10-26T18:21:09","modified_gmt":"2025-10-26T17:21:09","slug":"psycho-conspirationnisme","status":"publish","type":"page","link":"https:\/\/mecahealth.com\/?page_id=8345","title":{"rendered":"Psycho : complotisme et conspirationnisme"},"content":{"rendered":"\n<p class=\"has-small-font-size\"><a href=\"https:\/\/mecahealth.com\/?page_id=122\">Attention \u00e0 lire les consignes avant de lire toute page d&rsquo;un site sant\u00e9 !<\/a><\/p>\n\n\n\n<figure class=\"wp-block-image size-full is-resized is-style-rounded\"><img loading=\"lazy\" decoding=\"async\" width=\"1024\" height=\"1024\" src=\"https:\/\/mecahealth.com\/wp-content\/uploads\/2025\/10\/MecaHealth-psycho-conspirationniste.png\" alt=\"\" class=\"wp-image-8354\" style=\"width:330px\" srcset=\"https:\/\/mecahealth.com\/wp-content\/uploads\/2025\/10\/MecaHealth-psycho-conspirationniste.png 1024w, https:\/\/mecahealth.com\/wp-content\/uploads\/2025\/10\/MecaHealth-psycho-conspirationniste-300x300.png 300w, https:\/\/mecahealth.com\/wp-content\/uploads\/2025\/10\/MecaHealth-psycho-conspirationniste-150x150.png 150w, https:\/\/mecahealth.com\/wp-content\/uploads\/2025\/10\/MecaHealth-psycho-conspirationniste-768x768.png 768w\" sizes=\"auto, (max-width: 1024px) 100vw, 1024px\" \/><\/figure>\n\n\n\n<p class=\"has-large-font-size\"><\/p>\n\n\n\n<p class=\"has-medium-font-size\">Le complotisme fait r\u00e9f\u00e9rence \u00e0 la tendance \u00e0 interpr\u00e9ter les \u00e9v\u00e9nements majeurs (politiques, sociaux, \u00e9conomiques, etc.) actuels comme \u00e9tant le r\u00e9sultat d&rsquo;un complot, c&rsquo;est-\u00e0-dire d&rsquo;une action planifi\u00e9e et cach\u00e9e men\u00e9e par un petit groupe d&rsquo;individus, souvent malveillants et puissants, dans le but de nuire ou de manipuler les populations.<\/p>\n\n\n\n<p class=\"has-medium-font-size\">La manipulation n&rsquo;est pas totalement comparable \u00e0 celle des <a href=\"https:\/\/mecahealth.com\/?page_id=6134\">personnes dites toxiques<\/a> voire narcissiques. Il faut d&rsquo;ailleurs <strong>distinguer le conspirationniste manipulateur cr\u00e9ateur du mensonge de celui qui adh\u00e8re \u00e0 cette croyance <\/strong>tout comme dans le <a href=\"https:\/\/mecahealth.com\/?page_id=6019\" data-type=\"page\" data-id=\"6019\">n\u00e9gationnisme<\/a> voire dans les religions dont nous parlerons en partie dans la page li\u00e9e aux <a href=\"https:\/\/mecahealth.com\/?page_id=7964\" data-type=\"page\" data-id=\"7964\">titres professionnels et de noblesse<\/a>.<\/p>\n\n\n\n<h2 class=\"wp-block-heading has-medium-font-size\">Le conspirationniste se base sur plusieurs approches:&nbsp;<\/h2>\n\n\n\n<h3 class=\"wp-block-heading has-medium-font-size\">Rejet des explications officielles ou consensuelles :<\/h3>\n\n\n\n<p class=\"has-medium-font-size\">Les complotistes doutent fortement des versions des \u00e9v\u00e9nements donn\u00e9es par les institutions (gouvernements, m\u00e9dias traditionnels, scientifiques, etc.) pr\u00e9sentes et pass\u00e9es.<\/p>\n\n\n\n<h3 class=\"wp-block-heading has-medium-font-size\">Recherche d&rsquo;une intention cach\u00e9e :<\/h3>\n\n\n\n<p class=\"has-medium-font-size\">L&rsquo;id\u00e9e centrale est que <em>rien n&rsquo;arrive par accident<\/em> et que les \u00e9v\u00e9nements sont toujours le fruit de volont\u00e9s secr\u00e8tes voire machiav\u00e9liques.<\/p>\n\n\n\n<h3 class=\"wp-block-heading has-medium-font-size\">Vision d&rsquo;un monde contr\u00f4l\u00e9 : <\/h3>\n\n\n\n<p class=\"has-medium-font-size\">Souvent, le complotisme repose sur la conviction que la r\u00e9alit\u00e9 est manipul\u00e9e par des forces occultes (soci\u00e9t\u00e9s secr\u00e8tes, <em>\u00c9tat profond<\/em>, \u00e9lites, etc.).<\/p>\n\n\n\n<h2 class=\"wp-block-heading has-medium-font-size\">Logique de la preuve : <\/h2>\n\n\n\n<p class=\"has-medium-font-size\">Les tenants du complotisme ont tendance \u00e0 chercher des preuves pour confirmer leur croyance initiale &#8211;<a href=\"https:\/\/mecahealth.com\/?page_id=8131\" data-type=\"page\" data-id=\"8131\">biais de confirmation<\/a> pour les plus honn\u00eate- en privil\u00e9giant souvent des informations non v\u00e9rifi\u00e9es ou sorties de leur contexte, plut\u00f4t que de suivre la d\u00e9marche scientifique qui consiste \u00e0 tester une hypoth\u00e8se contre des faits. Les personnes qui le font d\u00e9lib\u00e9r\u00e9ment le font pour accro\u00eetre la <a href=\"https:\/\/mecahealth.com\/?page_id=7219\" data-type=\"page\" data-id=\"7219\">confusion entre corr\u00e9lation et causalit\u00e9<\/a>.<\/p>\n\n\n\n<p>(&#8230;)<\/p>\n\n\n\n<h2 class=\"wp-block-heading has-medium-font-size\">Rh\u00e9torique complotiste :<\/h2>\n\n\n\n<p class=\"has-medium-font-size\">Monsieur <a href=\"https:\/\/www.linkedin.com\/in\/antonin-atger-68254217?utm_source=share&amp;utm_campaign=share_via&amp;utm_content=profile&amp;utm_medium=android_app\">Antonin Atger (LinkedIn)<\/a>, sp\u00e9cialiste de la d\u00e9sinformation, divise la rh\u00e9torique complotiste en fonction des trois principes fondateurs de la rh\u00e9torique\u00a0: l&rsquo;<strong>\u00e9thos<\/strong>, le <strong>pathos <\/strong>et le <strong>logos<\/strong>.<\/p>\n\n\n\n<h2 class=\"wp-block-heading has-medium-font-size\">Ethos<\/h2>\n\n\n\n<p class=\"has-medium-font-size\"><em>L&rsquo;\u00e9thos correspond aux caract\u00e9ristiques de la personne \u00e9non\u00e7ant le propos, pour convaincre.<\/em><\/p>\n\n\n\n<p class=\"has-medium-font-size\"><em>Dans la rh\u00e9torique complotiste, l&rsquo;\u00e9thos va se baser sur une ambivalence. La personne qui parle est A la fois experte ET rejet\u00e9e du syst\u00e8me. C\u2019est un professeur reconnu, MAIS rejet\u00e9 par ses pairs.<\/em><\/p>\n\n\n\n<p class=\"has-medium-font-size\"><em>L&rsquo;\u00e9thos complotiste va donc jouer \u00e0 la fois sur les outils du syst\u00e8me et sur son opposition\u00a0: l\u00e9gitimit\u00e9 intellectuelle, rejet social.<\/em><\/p>\n\n\n\n<p class=\"has-medium-font-size\"><em>Nous retrouvons \u00e7a d&rsquo;ailleurs dans la politique. Donald Trump est \u00e0 la fois une personne qui a r\u00e9ussi au sens classique du terme &#8211; il est milliardaire, et en m\u00eame temps il se positionne comme antisyst\u00e8me.<\/em><\/p>\n\n\n\n<h3 class=\"wp-block-heading has-medium-font-size\" id=\"ember1217\">Pathos<\/h3>\n\n\n\n<p class=\"has-medium-font-size\" id=\"ember1218\"><em>Le pathos consiste \u00e0 faire <strong>appel aux \u00e9motions <\/strong>pour convaincre.<\/em><\/p>\n\n\n\n<p class=\"has-medium-font-size\" id=\"ember1219\"><em>La rh\u00e9torique complotiste se base beaucoup l\u00e0-dessus. Il y a souvent un sentiment d\u2019urgence de menace pour la soci\u00e9t\u00e9 (\u00ab\u00a0grand remplacement\u00a0\u00bb \/ \u00ab\u00a0contr\u00f4le par les vaccins\u00a0\u00bb). Les mots choisis sont tr\u00e8s souvent charg\u00e9s \u00e9motionnellement \u00ab\u00a0Great Reset\u00a0\u00bb, \u00ab\u00a0the Swamp\u00a0\u00bb, etc.<\/em><\/p>\n\n\n\n<p class=\"has-medium-font-size\" id=\"ember1220\"><em>Est \u00e9galement pr\u00e9sent ce que l\u2019on appelle la logique du <strong>black and white<\/strong>, le blanc ou noir, qui est \u00e0 la fois un argumentaire logique et \u00e9motionnel. Les personnes complotistes ont davantage tendance \u00e0 consid\u00e9rer le monde de mani\u00e8re binaire. Les bons, les m\u00e9chants. Le blanc, le noir. Beaucoup de politiciens usant de la rh\u00e9torique complotiste vont jouer sur cette dichotomie. \u00ab\u00a0Dans le monde des t\u00e9n\u00e8bres, j&rsquo;apporte la lumi\u00e8re.\u00a0\u00bb. Il y a l\u2019horreur de monde r\u00e9el et la r\u00e9demption via le sauveur providentiel &#8211; souvent on trouve un \u00e9cho religieux dans cette rh\u00e9torique.<\/em><\/p>\n\n\n\n<h3 class=\"wp-block-heading\" id=\"ember3065\">Logos<\/h3>\n\n\n\n<p class=\"has-medium-font-size\" id=\"ember3066\"><em>Le logos concerne la logique utilis\u00e9e au sein du discours pour convaincre.<\/em> <em>La logique complotiste utilise plusieurs strat\u00e9gies.<\/em><\/p>\n\n\n\n<p class=\"has-medium-font-size\" id=\"ember3068\"><em>La premi\u00e8re va \u00eatre <strong>l&rsquo;appel \u00e0 l&rsquo;ignorance<\/strong>. Comme on ne sait pas, ou qu\u2019on ne sait pas tout, le raisonnement complotiste a autant de valeurs qu&rsquo;une autre. On ne sait pas comment ont \u00e9t\u00e9 construites les pyramides. Donc, l&rsquo;id\u00e9e que des aliens les ont cr\u00e9\u00e9es et qu&rsquo;on nous le cache devient l\u00e9gitime par d\u00e9faut.<\/em><\/p>\n\n\n\n<p id=\"ember3069\"><em>La logique complotiste se base \u00e9galement sur le postulat qu\u2019il y a un complot qui va falloir d\u00e9montrer. Cela est contraire \u00e0 la d\u00e9marche d\u2019investigation classique (et id\u00e9ale)\u00a0: on assemble des preuves puis on arrive \u00e0 une conclusion. Cela diff\u00e8re \u00e9galement de la d\u00e9marche scientifique classique, qui va \u00e9laborer une hypoth\u00e8se, puis la tester, et la rejeter si les conditions ne sont pas bonnes, plut\u00f4t que de trouver une nouvelle explication pour maintenir l\u2019hypoth\u00e8se malgr\u00e9 l\u2019absence de preuves.<\/em><\/p>\n\n\n\n<p class=\"has-medium-font-size\" id=\"ember3070\"><em>Cela est facilit\u00e9 par la nature m\u00eame d\u2019un complot\u00a0: par d\u00e9finition cach\u00e9, et donc par d\u00e9finition sans preuve. D\u00e8s lors, l\u2019absence de preuve peut tout \u00e0 faire bien prouver qu\u2019il y a un complot.<\/em><\/p>\n\n\n\n<p class=\"has-medium-font-size\" id=\"ember3071\"><em>Les complotistes vont \u00e9galement faire eux un adage scientifique\u00a0: <strong>l\u2019absence de preuve n\u2019est pas la preuve de l\u2019absence<\/strong>. Ce qui est vrai, mais qui est utilis\u00e9 dans la logique complotiste comme une preuve potentielle de complot, et non pas comme une humilit\u00e9 \u00e9pist\u00e9mique.<\/em><\/p>\n\n\n\n<p class=\"has-medium-font-size\" id=\"ember3072\"><em>D&rsquo;une certaine mani\u00e8re, nous pouvons aussi parler de <strong>raisonnement circulaire<\/strong>, au sens o\u00f9 la preuve d&rsquo;un complot est simplement la r\u00e9affirmation de ce complot. Il y a un complot, et la preuve, c\u2019est que certains affirment qu\u2019il y a un complot. Nous voyons souvent, par exemple, dans les sources que citent certains articles complotistes, des liens amenant vers d&rsquo;autres articles complotistes, qui eux-m\u00eames citent le premier lien comme preuve. Le raisonnement circulaire appliqu\u00e9 aux sources.<\/em><\/p>\n\n\n\n<p class=\"has-medium-font-size\" id=\"ember3073\"><em>Nous pouvons \u00e9galement voir un <strong>raisonnement par comparaison<\/strong> : COMME il y a eu des scandales r\u00e9els dans le monde pharmaceutique, ALORS nous pouvons postuler d\u2019un complot pour les vaccins covid.<\/em><\/p>\n\n\n\n<p class=\"has-medium-font-size\" id=\"ember3074\"><em>Le raisonnement complotiste s&rsquo;appuie \u00e9galement g\u00e9n\u00e9ralement sur l&rsquo;<strong>explication monocausale ou de la cause unique<\/strong>. Un complot Illuminati g\u00e8re le monde et permet d\u2019expliquer tous les probl\u00e8mes que nous avons. C&rsquo;est simple. C&rsquo;est pr\u00e9cieux pour le cerveau puisque l\u2019explication est claire. \u00a0Mais bien s\u00fbr, le monde est plus complexe que cela. Cela se rapproche aussi de ce qu&rsquo;on nomme <strong>l&rsquo;appel au bon sens<\/strong>. Dans certains domaines, les recherches scientifiques ou les complexit\u00e9s techniques vont au-del\u00e0 de nos perceptions intuitives de b\u00e9otiens. D\u00e8s lors, une explication simple nous para\u00eet bien plus convaincante, et peut \u00eatre utilis\u00e9e pour appuyer la validit\u00e9 d\u2019une explication complotiste.<\/em><\/p>\n\n\n\n<p class=\"has-medium-font-size\" id=\"ember3075\"><em>Enfin, un dernier point de la logique complotiste repose sur la <strong>causalit\u00e9 fallacieuse <\/strong>\u00ab\u00a0non causa pro causa\u00a0\u00bb. Apr\u00e8s un <a href=\"https:\/\/mecahealth.com\/?page_id=8131\" data-type=\"page\" data-id=\"8131\">biais de s\u00e9lection<\/a> pour choisir uniquement les \u00e9v\u00e9nements pertinents, l\u2019invention d\u2019une causalit\u00e9 sera utilis\u00e9e pour conforter la logique complotiste.<\/em> (<a href=\"https:\/\/mecahealth.com\/?page_id=7219\" data-type=\"page\" data-id=\"7219\">Attention \u00e0 distinguer corr\u00e9lation et causalit\u00e9<\/a>)<\/p>\n\n\n\n<p class=\"has-medium-font-size\">Plus d&rsquo;infos sur ce sujet pr\u00e9cis dans le site de monsieur <a href=\"https:\/\/antoninatger.com\/\">Antonin Atger<\/a>.<\/p>\n\n\n\n<p class=\"has-medium-font-size\">(&#8230;)<\/p>\n\n\n\n<h2 class=\"wp-block-heading has-medium-font-size\">Revenir au chapitre <a href=\"https:\/\/mecahealth.com\/?page_id=127\" data-type=\"page\" data-id=\"127\"><em>Corps psychique<\/em><\/a> ou \u00e0 la page <a href=\"https:\/\/mecahealth.com\/?page_id=7964\"><em>Titres honorifiques<\/em><\/a><\/h2>\n","protected":false},"excerpt":{"rendered":"<p>Attention \u00e0 lire les consignes avant de lire toute page d&rsquo;un site sant\u00e9 ! Le complotisme fait r\u00e9f\u00e9rence \u00e0 la tendance \u00e0 interpr\u00e9ter les \u00e9v\u00e9nements majeurs (politiques, sociaux, \u00e9conomiques, etc.) actuels comme \u00e9tant le r\u00e9sultat d&rsquo;un complot, c&rsquo;est-\u00e0-dire d&rsquo;une action planifi\u00e9e et cach\u00e9e men\u00e9e par un petit groupe d&rsquo;individus, souvent<a href=\"https:\/\/mecahealth.com\/?page_id=8345\" class=\"read-more\">Read More&#8230;<\/a><\/p>\n","protected":false},"author":1,"featured_media":0,"parent":0,"menu_order":0,"comment_status":"closed","ping_status":"closed","template":"","meta":{"footnotes":""},"class_list":["post-8345","page","type-page","status-publish","hentry"],"jetpack_sharing_enabled":true,"_links":{"self":[{"href":"https:\/\/mecahealth.com\/index.php?rest_route=\/wp\/v2\/pages\/8345","targetHints":{"allow":["GET"]}}],"collection":[{"href":"https:\/\/mecahealth.com\/index.php?rest_route=\/wp\/v2\/pages"}],"about":[{"href":"https:\/\/mecahealth.com\/index.php?rest_route=\/wp\/v2\/types\/page"}],"author":[{"embeddable":true,"href":"https:\/\/mecahealth.com\/index.php?rest_route=\/wp\/v2\/users\/1"}],"replies":[{"embeddable":true,"href":"https:\/\/mecahealth.com\/index.php?rest_route=%2Fwp%2Fv2%2Fcomments&post=8345"}],"version-history":[{"count":20,"href":"https:\/\/mecahealth.com\/index.php?rest_route=\/wp\/v2\/pages\/8345\/revisions"}],"predecessor-version":[{"id":8375,"href":"https:\/\/mecahealth.com\/index.php?rest_route=\/wp\/v2\/pages\/8345\/revisions\/8375"}],"wp:attachment":[{"href":"https:\/\/mecahealth.com\/index.php?rest_route=%2Fwp%2Fv2%2Fmedia&parent=8345"}],"curies":[{"name":"wp","href":"https:\/\/api.w.org\/{rel}","templated":true}]}}