{"id":824,"date":"2023-01-10T14:01:51","date_gmt":"2023-01-10T13:01:51","guid":{"rendered":"https:\/\/mecahealth.com\/?page_id=824"},"modified":"2023-02-28T04:39:32","modified_gmt":"2023-02-28T03:39:32","slug":"sport-danse","status":"publish","type":"page","link":"https:\/\/mecahealth.com\/?page_id=824","title":{"rendered":"Sport : danse"},"content":{"rendered":"\n<p class=\"has-medium-font-size\"><a href=\"https:\/\/mecahealth.com\/?page_id=122\">Attention \u00e0 lire les consignes avant de lire toute page d&rsquo;un site sant\u00e9 !<\/a><\/p>\n\n\n\n<figure class=\"wp-block-image size-full is-style-rounded\"><img loading=\"lazy\" decoding=\"async\" width=\"330\" height=\"330\" src=\"https:\/\/mecahealth.com\/wp-content\/uploads\/2023\/01\/Danse.jpg\" alt=\"\" class=\"wp-image-940\" srcset=\"https:\/\/mecahealth.com\/wp-content\/uploads\/2023\/01\/Danse.jpg 330w, https:\/\/mecahealth.com\/wp-content\/uploads\/2023\/01\/Danse-300x300.jpg 300w, https:\/\/mecahealth.com\/wp-content\/uploads\/2023\/01\/Danse-150x150.jpg 150w\" sizes=\"auto, (max-width: 330px) 100vw, 330px\" \/><\/figure>\n\n\n\n<p class=\"has-medium-font-size\">La danse comme tout sport, se fait en respectant les <a href=\"http:\/\/sports\">r\u00e8gles \u00e9l\u00e9mentaires<\/a> de tout exercice.<\/p>\n\n\n\n<h2 class=\"has-large-font-size wp-block-heading\">Avantages<\/h2>\n\n\n\n<p class=\"has-medium-font-size\">La danse est un mouvement naturel qui sans conditionnement lib\u00e8re tensions physiques et psychiques. Pas mal de danses actuelles peuvent se danser ainsi mais bien d&rsquo;autres que nous ne consid\u00e9rons pas comme naturelles sont des danses que nous appellerons intellectuelles. Ces derni\u00e8res ne pr\u00e9sentent pas toujours les m\u00eames avantages, principalement la danse classique, la valse, le tango, etc.<\/p>\n\n\n\n<h2 class=\"has-large-font-size wp-block-heading\">Inconv\u00e9nients<\/h2>\n\n\n\n<p class=\"has-medium-font-size\">Toutes les danses ne sont pas \u00e9voqu\u00e9es aujourd&rsquo;hui. La conduite g\u00e9n\u00e9rale \u00e0 avoir dans la plupart de celles-ci est de bien comprendre que si il y a tendance \u00e0 accro\u00eetre la<strong> cambrure<\/strong>, avant et apr\u00e8s celle-ci, il faudrait proc\u00e9der r\u00e9guli\u00e8rement \u00e0 des <a href=\"https:\/\/mecahealth.com\/?page_id=1166\" data-type=\"page\" data-id=\"1166\">\u00e9tirements<\/a> que la danse classique comme seul sport ou danse doit \u00eatre limit\u00e9e \u00e9tant donn\u00e9 que celle-ci se fait souvent en consid\u00e9rant le dos comme n&rsquo;\u00e9tant qu&rsquo;un bloc devant \u00eatre gracieusement rigide et dont les jambes sont le prolongement souple de cette gr\u00e2ce. C&rsquo;est la raison pour laquelle il n&rsquo;est pas rare de voir des danseuses classiques \u00ab\u00a0pures\u00a0\u00bb \u00eatre tr\u00e8s raides au niveau du dos.<\/p>\n\n\n\n<p class=\"has-medium-font-size\">La danse contemporaine ou classique contemporaine, elle, ne rigidifie pas cette zone puisqu&rsquo;elle se fait plus r\u00e9guli\u00e8rement en <a href=\"https:\/\/mecahealth.com\/?page_id=803\" data-type=\"page\" data-id=\"803\">enroulement <\/a>complet du corps.<\/p>\n\n\n\n<p class=\"has-medium-font-size\">Les danses en couple telles que le rock se feront lors des diff\u00e9rentes passes en \u00e9vitant de tendre le bras \u00e0 l&rsquo;extr\u00eame mais bien en le fl\u00e9chissant tr\u00e8s l\u00e9g\u00e8rement et si possible sans que l&rsquo;\u00e9paule ne se rel\u00e8ve. Cette danse provoque ou r\u00e9veille r\u00e9guli\u00e8rement des<a href=\"https:\/\/mecahealth.com\/?page_id=632\" data-type=\"page\" data-id=\"632\"> douleurs dans l&rsquo;\u00e9paule<\/a> ou parfois dans le coude par r\u00e9p\u00e9tition d&rsquo;<a href=\"https:\/\/mecahealth.com\/?page_id=537\" data-type=\"page\" data-id=\"537\">hyper-extensions<\/a>. G\u00e9n\u00e9ralement le probl\u00e8me d&rsquo;extension ne survient pas chez le bon danseur qui garde toujours en fin de parcours le bras l\u00e9g\u00e8rement fl\u00e9chi pour assurer l&rsquo;effet ressort n\u00e9cessaire au passage vers la nouvelle passe.<\/p>\n\n\n\n<p class=\"has-medium-font-size\">Concernant les genoux comme dans la plupart des sports et des situations de la vie courante, leurs maux sont li\u00e9s de pr\u00e8s ou de loin \u00e0 un <a href=\"https:\/\/mecahealth.com\/?page_id=892\" data-type=\"page\" data-id=\"892\">exc\u00e8s de rotation interne<\/a>. Apprenons \u00e0 l&rsquo;\u00e9viter.<\/p>\n\n\n\n<h2 class=\"has-medium-font-size wp-block-heading\">Revenir au chapitre <em><a href=\"https:\/\/mecahealth.com\/?page_id=259\">Sports<\/a><\/em><\/h2>\n","protected":false},"excerpt":{"rendered":"<p>Attention \u00e0 lire les consignes avant de lire toute page d&rsquo;un site sant\u00e9 ! La danse comme tout sport, se fait en respectant les r\u00e8gles \u00e9l\u00e9mentaires de tout exercice. Avantages La danse est un mouvement naturel qui sans conditionnement lib\u00e8re tensions physiques et psychiques. Pas mal de danses actuelles peuvent<a href=\"https:\/\/mecahealth.com\/?page_id=824\" class=\"read-more\">Read More&#8230;<\/a><\/p>\n","protected":false},"author":1,"featured_media":0,"parent":0,"menu_order":0,"comment_status":"closed","ping_status":"closed","template":"","meta":{"footnotes":""},"class_list":["post-824","page","type-page","status-publish","hentry"],"jetpack_sharing_enabled":true,"_links":{"self":[{"href":"https:\/\/mecahealth.com\/index.php?rest_route=\/wp\/v2\/pages\/824","targetHints":{"allow":["GET"]}}],"collection":[{"href":"https:\/\/mecahealth.com\/index.php?rest_route=\/wp\/v2\/pages"}],"about":[{"href":"https:\/\/mecahealth.com\/index.php?rest_route=\/wp\/v2\/types\/page"}],"author":[{"embeddable":true,"href":"https:\/\/mecahealth.com\/index.php?rest_route=\/wp\/v2\/users\/1"}],"replies":[{"embeddable":true,"href":"https:\/\/mecahealth.com\/index.php?rest_route=%2Fwp%2Fv2%2Fcomments&post=824"}],"version-history":[{"count":8,"href":"https:\/\/mecahealth.com\/index.php?rest_route=\/wp\/v2\/pages\/824\/revisions"}],"predecessor-version":[{"id":4302,"href":"https:\/\/mecahealth.com\/index.php?rest_route=\/wp\/v2\/pages\/824\/revisions\/4302"}],"wp:attachment":[{"href":"https:\/\/mecahealth.com\/index.php?rest_route=%2Fwp%2Fv2%2Fmedia&parent=824"}],"curies":[{"name":"wp","href":"https:\/\/api.w.org\/{rel}","templated":true}]}}