{"id":820,"date":"2023-01-10T13:57:53","date_gmt":"2023-01-10T12:57:53","guid":{"rendered":"https:\/\/mecahealth.com\/?page_id=820"},"modified":"2025-11-06T08:02:52","modified_gmt":"2025-11-06T07:02:52","slug":"sport-course-a-pied","status":"publish","type":"page","link":"https:\/\/mecahealth.com\/?page_id=820","title":{"rendered":"Sport : course \u00e0 pied"},"content":{"rendered":"\n<p class=\"has-small-font-size\"><a href=\"https:\/\/mecahealth.com\/?page_id=122\">Attention \u00e0 lire les consignes avant de lire toute page d&rsquo;un site sant\u00e9 !<\/a><\/p>\n\n\n\n<figure class=\"wp-block-image size-full is-style-rounded\"><img loading=\"lazy\" decoding=\"async\" width=\"330\" height=\"330\" src=\"https:\/\/mecahealth.com\/wp-content\/uploads\/2023\/01\/Course-a-pied.jpg\" alt=\"\" class=\"wp-image-941\" srcset=\"https:\/\/mecahealth.com\/wp-content\/uploads\/2023\/01\/Course-a-pied.jpg 330w, https:\/\/mecahealth.com\/wp-content\/uploads\/2023\/01\/Course-a-pied-300x300.jpg 300w, https:\/\/mecahealth.com\/wp-content\/uploads\/2023\/01\/Course-a-pied-150x150.jpg 150w\" sizes=\"auto, (max-width: 330px) 100vw, 330px\" \/><\/figure>\n\n\n\n<h2 class=\"wp-block-heading has-large-font-size\">Normalit\u00e9<\/h2>\n\n\n\n<p class=\"has-medium-font-size\">Le jogging dans des conditions normales de corps <a href=\"https:\/\/mecahealth.com\/?page_id=503\" data-type=\"page\" data-id=\"503\">voire d&rsquo;esprit<\/a>, et avec des <a href=\"https:\/\/mecahealth.com\/?page_id=818\" data-type=\"page\" data-id=\"818\">chaussures ad\u00e9quates<\/a> (amortissantes), ne devrait poser que de rares probl\u00e8mes.<\/p>\n\n\n\n<p class=\"has-medium-font-size\">Seulement, la plupart du temps les gens pratiquent un sport sans avoir respect\u00e9 les <a href=\"https:\/\/mecahealth.com\/?page_id=259\" data-type=\"page\" data-id=\"259\">r\u00e8gles \u00e9l\u00e9mentaires du sport<\/a> et ne connaissent pas le bon mouvement de la course.<\/p>\n\n\n\n<p class=\"has-medium-font-size\">Ils ne pratiquent pas de grands mouvements mais des petits qui ne recrutent pas l&rsquo;ensemble des fibres musculaires intervenantes et n&rsquo;assurant donc pas un travail de protection correcte de toutes les articulations.<\/p>\n\n\n\n<p class=\"has-medium-font-size\">Ils pratiquent ce sport sur un sol souvent trop rigide (asphalte, chemin de terre sec, &#8230;) et partent \u00e9ventuellement avec un corps <a href=\"https:\/\/mecahealth.com\/?page_id=998\" data-type=\"page\" data-id=\"998\">dej\u00e0 fatigu\u00e9<\/a> par <a href=\"https:\/\/mecahealth.com\/?page_id=1773\" data-type=\"page\" data-id=\"1773\">une vie parfois trop intense<\/a>. De ce fait un bas du dos dont les disques et muscles n&rsquo;amortiront pas les chocs re\u00e7us durant cette course pourraient engendrer des douleurs. Fatigu\u00e9, le <a href=\"https:\/\/mecahealth.com\/?page_id=615\" data-type=\"page\" data-id=\"615\">ventre<\/a> risque de se rel\u00e2cher au fur et \u00e0 mesure de la course (accro\u00eet le creux du dos).<\/p>\n\n\n\n<p class=\"has-medium-font-size\">Apr\u00e8s avoir <a href=\"https:\/\/mecahealth.com\/?page_id=1542\" data-type=\"page\" data-id=\"1542\">\u00e9tir\u00e9 notamment les psoas<\/a> avant la course, nous pratiquerons donc le <em>jogging<\/em>\/<em>running <\/em>avec de <a href=\"https:\/\/mecahealth.com\/?page_id=818\" data-type=\"page\" data-id=\"818\">bonnes chaussures<\/a>, et avec de grands mouvements PROGRESSIVEMENT, sur un sol pas trop rigide et \u00e9ventuellement si telle n&rsquo;est pas notre habitude, en basculant l\u00e9g\u00e8rement le ventre.<\/p>\n\n\n\n<p class=\"has-medium-font-size\">Etant donn\u00e9 qu&rsquo;une part des probl\u00e8mes disquaux surviennent chez les personnes ne buvant pas assez, nous pr\u00eaterons d&rsquo;autant plus attention \u00e0 <a href=\"https:\/\/mecahealth.com\/?page_id=434\" data-type=\"page\" data-id=\"434\">boire en suffisance<\/a>.<\/p>\n\n\n\n<p class=\"has-medium-font-size\">Le jogging a pour avantage de se faire en principe dans des conditions rectilignes et sans risques de chocs. Il sera donc le sport id\u00e9al apr\u00e8s <a href=\"https:\/\/mecahealth.com\/?page_id=855\" data-type=\"page\" data-id=\"855\">le v\u00e9lo<\/a> pour la <a href=\"https:\/\/mecahealth.com\/?page_id=1354\" data-type=\"page\" data-id=\"1354\">r\u00e9\u00e9ducation des membres inf\u00e9rieurs<\/a> si les normes articulaires sont bien entendu respect\u00e9es pour chacune des articulations.<\/p>\n\n\n\n<p class=\"has-medium-font-size\">Concernant les genoux comme dans la plupart des sports et des <a href=\"https:\/\/mecahealth.com\/?page_id=186\" data-type=\"page\" data-id=\"186\">situations de la vie courante<\/a>, leurs maux sont li\u00e9s de pr\u00e8s ou de loin \u00e0 un exc\u00e8s de rotation interne. Apprenons \u00e0 l&rsquo;\u00e9viter.<\/p>\n\n\n\n<h2 class=\"wp-block-heading has-large-font-size\">Pathologies <\/h2>\n\n\n\n<p class=\"has-medium-font-size\">Les pathologies les plus fr\u00e9quentes sont :<\/p>\n\n\n\n<ul class=\"wp-block-list has-medium-font-size\">\n<li><a href=\"https:\/\/mecahealth.com\/?page_id=527\" data-type=\"page\" data-id=\"527\">entorse<\/a> de la cheville<\/li>\n\n\n\n<li><a href=\"https:\/\/mecahealth.com\/?page_id=564\" data-type=\"page\" data-id=\"564\">arthrose<\/a> du genou<\/li>\n\n\n\n<li><a href=\"https:\/\/mecahealth.com\/?page_id=491\" data-type=\"page\" data-id=\"491\">incontinence urinaire<\/a><\/li>\n\n\n\n<li>&#8230;<\/li>\n<\/ul>\n\n\n\n<h2 class=\"wp-block-heading has-large-font-size\">Sant\u00e9 mentale<\/h2>\n\n\n\n<p class=\"has-medium-font-size\">La sant\u00e9 mentale des coureurs ne peut \u00eatre consid\u00e9r\u00e9e comme identique pour tous. Seulement, il est loin d&rsquo;\u00eatre rare de voir des coureurs nous raconter les d\u00e9tails de leurs courses, de leurs achats vestimentaires ou d&rsquo;appareils connect\u00e9s. Le coureur doit comprendre qu&rsquo;il n&rsquo;int\u00e9resse bien souvent que lui et que la plupart des autres sportifs ne tombent pas dans cette d\u00e9pendance car en courant, contrairement aux <a href=\"https:\/\/mecahealth.com\/?page_id=503\" data-type=\"page\" data-id=\"503\">sports r\u00e9flexes<\/a>, il est possible de r\u00e9fl\u00e9chir et donc de ne pas se lib\u00e9rer autant l&rsquo;esprit que dans d&rsquo;autres pratiques&#8230; C&rsquo;est la raison pour laquelle, le coureur <a href=\"https:\/\/mecahealth.com\/?page_id=1773\" data-type=\"page\" data-id=\"1773\">toujours press\u00e9 au quotidien<\/a>, ne se contente g\u00e9n\u00e9ralement pas d&rsquo;une course par semaine mais progressivement de plus en plus pour atteindre le taux de dopamine suffisant.<\/p>\n\n\n\n<p class=\"has-small-font-size\"><strong>Guihome <\/strong>en parle mieux encore ci-dessous <a href=\"https:\/\/guihome.be\/news\/\" target=\"_blank\" rel=\"noreferrer noopener\">(Guihome News)<\/a> :<\/p>\n\n\n\n<figure class=\"wp-block-embed is-type-video is-provider-youtube wp-block-embed-youtube wp-embed-aspect-16-9 wp-has-aspect-ratio\"><div class=\"wp-block-embed__wrapper\">\n<iframe loading=\"lazy\" title=\"LES GENS QUI COURENT, FOUTEZ-NOUS LA PAIX \ud83d\ude02\ud83c\udfc3\u200d\u2640\ufe0f\ud83d\ude24 QUI CONNA\u00ceT DES FUTURS MARATHONIENS ? \ud83e\udd23\" width=\"506\" height=\"900\" src=\"https:\/\/www.youtube.com\/embed\/L1uKUBBxJcE?feature=oembed\" frameborder=\"0\" allow=\"accelerometer; autoplay; clipboard-write; encrypted-media; gyroscope; picture-in-picture; web-share\" referrerpolicy=\"strict-origin-when-cross-origin\" allowfullscreen><\/iframe>\n<\/div><\/figure>\n\n\n\n<h2 class=\"wp-block-heading has-medium-font-size\">Revenir au chapitre <em><a href=\"https:\/\/mecahealth.com\/?page_id=259\">Sports<\/a><\/em><\/h2>\n","protected":false},"excerpt":{"rendered":"<p>Attention \u00e0 lire les consignes avant de lire toute page d&rsquo;un site sant\u00e9 ! Normalit\u00e9 Le jogging dans des conditions normales de corps voire d&rsquo;esprit, et avec des chaussures ad\u00e9quates (amortissantes), ne devrait poser que de rares probl\u00e8mes. Seulement, la plupart du temps les gens pratiquent un sport sans avoir<a href=\"https:\/\/mecahealth.com\/?page_id=820\" class=\"read-more\">Read More&#8230;<\/a><\/p>\n","protected":false},"author":1,"featured_media":0,"parent":0,"menu_order":0,"comment_status":"closed","ping_status":"closed","template":"","meta":{"footnotes":""},"class_list":["post-820","page","type-page","status-publish","hentry"],"jetpack_sharing_enabled":true,"_links":{"self":[{"href":"https:\/\/mecahealth.com\/index.php?rest_route=\/wp\/v2\/pages\/820","targetHints":{"allow":["GET"]}}],"collection":[{"href":"https:\/\/mecahealth.com\/index.php?rest_route=\/wp\/v2\/pages"}],"about":[{"href":"https:\/\/mecahealth.com\/index.php?rest_route=\/wp\/v2\/types\/page"}],"author":[{"embeddable":true,"href":"https:\/\/mecahealth.com\/index.php?rest_route=\/wp\/v2\/users\/1"}],"replies":[{"embeddable":true,"href":"https:\/\/mecahealth.com\/index.php?rest_route=%2Fwp%2Fv2%2Fcomments&post=820"}],"version-history":[{"count":19,"href":"https:\/\/mecahealth.com\/index.php?rest_route=\/wp\/v2\/pages\/820\/revisions"}],"predecessor-version":[{"id":8396,"href":"https:\/\/mecahealth.com\/index.php?rest_route=\/wp\/v2\/pages\/820\/revisions\/8396"}],"wp:attachment":[{"href":"https:\/\/mecahealth.com\/index.php?rest_route=%2Fwp%2Fv2%2Fmedia&parent=820"}],"curies":[{"name":"wp","href":"https:\/\/api.w.org\/{rel}","templated":true}]}}