{"id":818,"date":"2023-01-10T13:56:39","date_gmt":"2023-01-10T12:56:39","guid":{"rendered":"https:\/\/mecahealth.com\/?page_id=818"},"modified":"2023-03-04T17:08:24","modified_gmt":"2023-03-04T16:08:24","slug":"materiel-chaussures-de-sport","status":"publish","type":"page","link":"https:\/\/mecahealth.com\/?page_id=818","title":{"rendered":"Mat\u00e9riel : chaussures de sport"},"content":{"rendered":"\n<p class=\"has-medium-font-size\"><a href=\"https:\/\/mecahealth.com\/?page_id=122\">Attention \u00e0 lire les consignes avant de lire toute page d&rsquo;un site sant\u00e9 !<\/a><\/p>\n\n\n\n<figure class=\"wp-block-image size-full is-style-rounded\"><img loading=\"lazy\" decoding=\"async\" width=\"300\" height=\"290\" src=\"https:\/\/mecahealth.com\/wp-content\/uploads\/2023\/01\/image.png\" alt=\"\" class=\"wp-image-238\"\/><\/figure>\n\n\n\n<p class=\"has-medium-font-size\">Les chaussures de sports peuvent \u00eatre consid\u00e9r\u00e9es parfois comme adapt\u00e9es \u00e0 la plupart des sports seulement en fonction de certains sports, il est \u00e9vident que les contraintes du sport en question impliquent de devoir se munir de chaussure sp\u00e9cifique. Il n&rsquo;est par exemple pas possible d&rsquo;envisager des chaussons d&rsquo;escalade pour la course \u00e0 pied ou invers\u00e9ment.<\/p>\n\n\n\n<p class=\"has-medium-font-size\">La chaussure disposera des contreforts adapt\u00e9s aux <a href=\"https:\/\/mecahealth.com\/?page_id=2034\" data-type=\"page\" data-id=\"2034\">changements de direction<\/a> ou inerties du sport pratiqu\u00e9. En ce qui concerne les coussins d&rsquo;amortissements, m\u00eame s&rsquo;ils sont un bienfait pour notre corps lors d&rsquo;une course \u00e0 pied notamment, ils le sont si et seulement si le poids est initialement bien r\u00e9parti ou si les changements de direction ne sont pas trop importants. Sinon en effet, surtout pour les coussins d&rsquo;air de premi\u00e8re g\u00e9n\u00e9ration, le poids \u00e9tant plus important d&rsquo;un c\u00f4t\u00e9 ou de l&rsquo;autre de la chaussure, le coussin s&rsquo;enfonce un peu plus de ce c\u00f4t\u00e9. En cons\u00e9quence, le pied \u00e9tant plus enfonc\u00e9, il entra\u00eene avec lui le corps du c\u00f4t\u00e9 vers lequel il avait d\u00e9j\u00e0 tendance \u00e0 se diriger. La <a href=\"https:\/\/mecahealth.com\/?page_id=1113\" data-type=\"page\" data-id=\"1113\">d\u00e9viation ou l&rsquo;asym\u00e9trie<\/a> augmente donc progressivement. C&rsquo;est la raison pour laquelle ces coussins d&rsquo;air doivent \u00eatre compos\u00e9s de plusieurs alv\u00e9oles diff\u00e9rentes et de consistance adapt\u00e9e au sport pratiqu\u00e9 &#8230;et sans doute pour cette raison que ceux-ci ne sont plus pour autant pr\u00e9sents dans toutes les chaussures professionnelles.<\/p>\n\n\n\n<h2 class=\"has-medium-font-size wp-block-heading\">Revenir au chapitre <em><a href=\"https:\/\/mecahealth.com\/?page_id=259\" data-type=\"page\" data-id=\"259\">Sports<\/a><\/em><\/h2>\n","protected":false},"excerpt":{"rendered":"<p>Attention \u00e0 lire les consignes avant de lire toute page d&rsquo;un site sant\u00e9 ! Les chaussures de sports peuvent \u00eatre consid\u00e9r\u00e9es parfois comme adapt\u00e9es \u00e0 la plupart des sports seulement en fonction de certains sports, il est \u00e9vident que les contraintes du sport en question impliquent de devoir se munir<a href=\"https:\/\/mecahealth.com\/?page_id=818\" class=\"read-more\">Read More&#8230;<\/a><\/p>\n","protected":false},"author":1,"featured_media":0,"parent":0,"menu_order":0,"comment_status":"open","ping_status":"closed","template":"","meta":{"footnotes":""},"class_list":["post-818","page","type-page","status-publish","hentry"],"jetpack_sharing_enabled":true,"_links":{"self":[{"href":"https:\/\/mecahealth.com\/index.php?rest_route=\/wp\/v2\/pages\/818","targetHints":{"allow":["GET"]}}],"collection":[{"href":"https:\/\/mecahealth.com\/index.php?rest_route=\/wp\/v2\/pages"}],"about":[{"href":"https:\/\/mecahealth.com\/index.php?rest_route=\/wp\/v2\/types\/page"}],"author":[{"embeddable":true,"href":"https:\/\/mecahealth.com\/index.php?rest_route=\/wp\/v2\/users\/1"}],"replies":[{"embeddable":true,"href":"https:\/\/mecahealth.com\/index.php?rest_route=%2Fwp%2Fv2%2Fcomments&post=818"}],"version-history":[{"count":5,"href":"https:\/\/mecahealth.com\/index.php?rest_route=\/wp\/v2\/pages\/818\/revisions"}],"predecessor-version":[{"id":4706,"href":"https:\/\/mecahealth.com\/index.php?rest_route=\/wp\/v2\/pages\/818\/revisions\/4706"}],"wp:attachment":[{"href":"https:\/\/mecahealth.com\/index.php?rest_route=%2Fwp%2Fv2%2Fmedia&parent=818"}],"curies":[{"name":"wp","href":"https:\/\/api.w.org\/{rel}","templated":true}]}}