{"id":7964,"date":"2025-05-31T08:11:39","date_gmt":"2025-05-31T07:11:39","guid":{"rendered":"https:\/\/mecahealth.com\/?page_id=7964"},"modified":"2025-11-06T08:14:31","modified_gmt":"2025-11-06T07:14:31","slug":"metacognition-titres-et-pouvoir-sur-les-peuples","status":"publish","type":"page","link":"https:\/\/mecahealth.com\/?page_id=7964","title":{"rendered":"M\u00e9tacognition : titres et pouvoir sur les peuples"},"content":{"rendered":"\n<p class=\"has-small-font-size\"><a href=\"https:\/\/mecahealth.com\/?page_id=122\">Attention \u00e0 lire les consignes avant de lire toute page d&rsquo;un site sant\u00e9 !<\/a><\/p>\n\n\n\n<figure data-wp-context=\"{&quot;imageId&quot;:&quot;69f99bbc61933&quot;}\" data-wp-interactive=\"core\/image\" data-wp-key=\"69f99bbc61933\" class=\"wp-block-image size-large is-resized is-style-rounded wp-lightbox-container\"><img loading=\"lazy\" decoding=\"async\" width=\"1024\" height=\"1024\" data-wp-class--hide=\"state.isContentHidden\" data-wp-class--show=\"state.isContentVisible\" data-wp-init=\"callbacks.setButtonStyles\" data-wp-on--click=\"actions.showLightbox\" data-wp-on--load=\"callbacks.setButtonStyles\" data-wp-on-window--resize=\"callbacks.setButtonStyles\" src=\"https:\/\/mecahealth.com\/wp-content\/uploads\/2025\/05\/Metacognition-titres-et-manipulation-1024x1024.jpeg\" alt=\"\" class=\"wp-image-7967\" style=\"width:330px\" srcset=\"https:\/\/mecahealth.com\/wp-content\/uploads\/2025\/05\/Metacognition-titres-et-manipulation-1024x1024.jpeg 1024w, https:\/\/mecahealth.com\/wp-content\/uploads\/2025\/05\/Metacognition-titres-et-manipulation-300x300.jpeg 300w, https:\/\/mecahealth.com\/wp-content\/uploads\/2025\/05\/Metacognition-titres-et-manipulation-150x150.jpeg 150w, https:\/\/mecahealth.com\/wp-content\/uploads\/2025\/05\/Metacognition-titres-et-manipulation-768x768.jpeg 768w, https:\/\/mecahealth.com\/wp-content\/uploads\/2025\/05\/Metacognition-titres-et-manipulation-1536x1536.jpeg 1536w, https:\/\/mecahealth.com\/wp-content\/uploads\/2025\/05\/Metacognition-titres-et-manipulation.jpeg 2048w\" sizes=\"auto, (max-width: 1024px) 100vw, 1024px\" \/><button\n\t\t\tclass=\"lightbox-trigger\"\n\t\t\ttype=\"button\"\n\t\t\taria-haspopup=\"dialog\"\n\t\t\taria-label=\"Enlarge\"\n\t\t\tdata-wp-init=\"callbacks.initTriggerButton\"\n\t\t\tdata-wp-on--click=\"actions.showLightbox\"\n\t\t\tdata-wp-style--right=\"state.imageButtonRight\"\n\t\t\tdata-wp-style--top=\"state.imageButtonTop\"\n\t\t>\n\t\t\t<svg xmlns=\"http:\/\/www.w3.org\/2000\/svg\" width=\"12\" height=\"12\" fill=\"none\" viewBox=\"0 0 12 12\">\n\t\t\t\t<path fill=\"#fff\" d=\"M2 0a2 2 0 0 0-2 2v2h1.5V2a.5.5 0 0 1 .5-.5h2V0H2Zm2 10.5H2a.5.5 0 0 1-.5-.5V8H0v2a2 2 0 0 0 2 2h2v-1.5ZM8 12v-1.5h2a.5.5 0 0 0 .5-.5V8H12v2a2 2 0 0 1-2 2H8Zm2-12a2 2 0 0 1 2 2v2h-1.5V2a.5.5 0 0 0-.5-.5H8V0h2Z\" \/>\n\t\t\t<\/svg>\n\t\t<\/button><\/figure>\n\n\n\n<p class=\"has-medium-font-size\">Vous avez remarqu\u00e9 sans doute tous que certaines professions entra\u00eenent l&rsquo;usage d&rsquo;un terme sp\u00e9cifique que nous pourrions dire honorifiques. M\u00eame s&rsquo;ils semblent difficile de dater l&rsquo;apparition de ces titres pour l&rsquo;instant, peut-\u00eatre n&rsquo;aurez-vous par remarqu\u00e9 que ce sont les m\u00eames titres que ceux dont disposaient certaines grandes familles qui ne pouvaient plus disposer d&rsquo;un titre aristocratique par prudence (r\u00e9volution fran\u00e7aise) mais qui devaient maintenir une position sociale d\u00e9finie. Ce que certains appellent la <em>diversification des carri\u00e8res familiales<\/em>.<\/p>\n\n\n\n<p class=\"has-medium-font-size\">Pourquoi appelait-on le professeur, professeur ou ma\u00eetre ? Pour apporter une notion de respect de l&rsquo;\u00e9l\u00e8ve envers le professeur ? Qu&rsquo;en est-il pour celui d&rsquo;un adulte titr\u00e9 face \u00e0 un autre qui n&rsquo;en dispose ? Pour quelles raisons ce terme de ma\u00eetre a-t-il \u00e9t\u00e9 maintenu \u00e9galement dans le droit ? Pour la m\u00e9decine, pourquoi devrions-nous honorer une personne de Docteur ou apr\u00e8s un doctorat ? Ne s&rsquo;agit-il pas une mani\u00e8re d\u00e9tourn\u00e9e tout \u00e0 l&rsquo;instar de l&rsquo;arm\u00e9e, de faire comprendre le grade et donc l&rsquo;hi\u00e9rarchie entre deux ou plusieurs personnes ? Que dire alors de Mon p\u00e8re pour les pr\u00eatres ou Monseigneur ? <\/p>\n\n\n\n<p class=\"has-medium-font-size\">Aujourd&rsquo;hui, beaucoup de ceux qui disposent d&rsquo;un titre ne le pr\u00e9cise ou n&rsquo;insiste pas sur cette d\u00e9nomination, il ne faut donc pas tomber aujourd&rsquo;hui dans un <a href=\"https:\/\/mecahealth.com\/?page_id=8345\">conspirationnisme facile<\/a>.<\/p>\n\n\n\n<p class=\"has-medium-font-size\">Il est amusant ou triste selon l&rsquo;axe de vision ou la situation, de constater le complexe ou le sentiment de sup\u00e9riorit\u00e9 de celui qui insiste sur son titre quand on ne le prononce. C&rsquo;est assez caract\u00e9ristique du mal-\u00eatre de l&rsquo;int\u00e9ress\u00e9 ou de son besoin d&rsquo;asservir tout comme les grandes familles d&rsquo;un autre temps qui choisissaient pour les enfants les carri\u00e8res \u00e0 embrasser. Il est d&rsquo;autant plus amusant de <a href=\"https:\/\/mecahealth.com\/?page_id=6719\" data-type=\"page\" data-id=\"6719\">comprendre ce m\u00e9canisme de d\u00e9fense lorsqu&rsquo;il s&rsquo;adjoint d&rsquo;un dialecte professionnel<\/a> ; dialecte marqu\u00e9 notamment chez nos <em>amis <\/em><a href=\"https:\/\/mecahealth.com\/?page_id=5989\" data-type=\"page\" data-id=\"5989\">psychanalystes<\/a>.<\/p>\n\n\n\n<p class=\"has-medium-font-size\">De nombreuses familles ont d\u00e9termin\u00e9 en son temps que le premier de leurs enfants devait reprendre l&rsquo;affaire (<a href=\"https:\/\/mecahealth.com\/?page_id=7188\" data-type=\"page\" data-id=\"7188\">cfr. <em>le fils et fille de<\/em><\/a>) ; un autre devait devenir notaire, m\u00e9decin, militaire, pr\u00eatre et professeur. De ce fait, une toile subtile d&rsquo;influences tiss\u00e9es \u00e0 chaque niveau de la Soci\u00e9t\u00e9 et comprenant l&rsquo;ensemble des titres permettait le maintien d&rsquo;un pouvoir par la prise des informations les plus intimes (m\u00e9decine et notaire) et par l&rsquo;orientation des peuples dans la direction souhait\u00e9e (\u00e9cole, \u00e9glise et arm\u00e9e). La carri\u00e8re politique est venue cloisonner le tout une fois que tous ont pu commencer \u00e0 voter (&#8230;).<\/p>\n\n\n\n<p class=\"has-medium-font-size\">La diversification des carri\u00e8res est une strat\u00e9gie d&rsquo;influence ancr\u00e9e dans l&rsquo;histoire qui datent sans doute d&rsquo;avant l&rsquo;\u00e9criture. La transmission orale se faisait d&rsquo;abord en version <em><a href=\"https:\/\/mecahealth.com\/?page_id=7188\" data-type=\"page\" data-id=\"7188\">Fils ou fille de<\/a><\/em> mais les r\u00f4les ont sans doute \u00e9t\u00e9 plus marqu\u00e9s au fur et \u00e0 mesure que la taille <a href=\"https:\/\/mecahealth.com\/?page_id=5892\" data-type=\"page\" data-id=\"5892\">des clans<\/a> grandissaient. Les faits les plus marquants sur lesquels nous nous arr\u00eaterons sont la naissance d&rsquo;un pouvoir purement bic\u00e9phale sous le r\u00e8gne de Constantin 1er, le seul homme a avoir vu deux dieux en une seule vie. Le r\u00e8gne de Constantin <strong>notamment <\/strong>par la signature du trait\u00e9 de Milan a permis de convertir par la suite les peuples \u00e0 ne plus suivre la politique romaine mais bien la religion romaine (d\u00e9tails historiques seront d\u00e9velopp\u00e9s ult\u00e9rieurement).<\/p>\n\n\n\n<blockquote class=\"wp-block-quote is-layout-flow wp-block-quote-is-layout-flow\">\n<p class=\"has-medium-font-size\">Si je te dis qu\u2019il y a 3 milliards d\u2019\u00e9toiles dans le ciel cr\u00e9\u00e9es par Dieu, tu le crois sur parole mais si je te dis que la peinture n\u2019est pas s\u00e8che, tu vas y mettre le doigt.&nbsp;<\/p>\n<cite>M. Audiard modifi\u00e9e par F. Li\u00e9geois<\/cite><\/blockquote>\n\n\n\n<p class=\"has-medium-font-size\">En ayant plus qu&rsquo;un repr\u00e9sentant pour un seul culte, il \u00e9tait plus facile de conduire les peuples dans la direction souhait\u00e9e notamment celle de la guerre. Rappelons que Clovis aurait commenc\u00e9 \u00e0 gagner des victoires apr\u00e8s sa conversion au christianisme tout comme Constantin. Il fallait donc se convertir non pas par amour du prochain mais pour vaincre et gagner des territoires. Cette conversion a permis de transmettre ce que monsieur Li\u00e9geois a appel\u00e9 la <em>Franchise chr\u00e9tienne<\/em> ; l&rsquo;Eglise devenant le franchiseur et les rois locaux, les franchis\u00e9s. Ce qui est plus \u00e9tonnant dans cette construction, c&rsquo;est qu&rsquo;il n&rsquo;existe aucun texte contemporain sur Clovis et que seul Gr\u00e9goire de Tours a apport\u00e9 sa pierre \u00e0 l&rsquo;existence de cette homme providentiel pour la naissance d&rsquo;une grande Eglise (&#8230;) ; Gr\u00e9goire de Tours qui comme par hasard avait \u00e9galement relay\u00e9 l&rsquo;importance de Constantin 1er dans la carri\u00e8re religieuse d\u00e9butante de Rome (&#8230;).<\/p>\n\n\n\n<p class=\"has-medium-font-size\">Passant de grad\u00e9s militaires \u00e0 grad\u00e9s religieux, il fallait bien garder des titres honorifiques et distinguer le pr\u00eatre de celui qui g\u00e8re les diff\u00e9rents groupes&#8230; Quelques si\u00e8cles plus tard, Monsieur Jos\u00e9maria Escriva de Balaguer, fondateur de l&rsquo;Opus d\u00e9i a r\u00e9ussi \u00e0 imposer \u00e0 quelques milliers de fid\u00e8les de nouveaux titres (surnum\u00e9raires, num\u00e9raires, agr\u00e9g\u00e9s, etc.) pour tenter de reconditionner voire hi\u00e9rarchiser l&rsquo;\u00eatre croyant ; hi\u00e9rarchisation qui servit vraisemblablement la cause de Franco et Pinochet (&#8230;) Heureusement, cette tentative fut contr\u00e9e par les gouvernements la\u00efcs des d\u00e9mocraties europ\u00e9ennes en parlant d&rsquo;un mouvement sectaire. Malgr\u00e9 cette forme de reconditionnement, lorsqu&rsquo;en  1992 Jean-Paul II ne sut r\u00e9fl\u00e9chir par lui-m\u00eame, la curie ne manqua pas de (faire) b\u00e9atifier de Balaguer (&#8230;).<\/p>\n\n\n\n<p class=\"has-medium-font-size\">Prenons l&rsquo;exemple du notaire aujourd&rsquo;hui. Sa position centrale dans les transactions immobili\u00e8res, les successions et les contrats lui conf\u00e8re une connaissance intime des patrimoines, des litiges potentiels et des relations entre les familles locales. Un membre de la famille notaire devient une source d&rsquo;informations pr\u00e9cieuses et un acteur incontournable des mouvements de capitaux et de terres. C&rsquo;est la raison pour laquelle, inconsciemment sans doute, en Belgique en tout cas, la reprise d&rsquo;une \u00e9tude notariale ne peut plus \u00eatre transmise \u00e0 un membre de la famille comme pr\u00e9c\u00e9demment &#8230;depuis seulement la r\u00e9forme de 2019.<\/p>\n\n\n\n<p class=\"has-medium-font-size\">M\u00eame si la plupart des familles ne sont plus dans ce n\u00e9potisme, il est reste important d&rsquo;en \u00eatre conscient pour que ne puisse plus s&rsquo;installer de telles toiles et reconna\u00eetre que chacune de ces toiles n&rsquo;aura pas toujours \u00e9t\u00e9 tendues de mani\u00e8re v\u00e9ritablement malsaine mais opportuniste.<br>En cas de revers dans un secteur, la pr\u00e9sence des membres de la famille dans d&rsquo;autres domaines peut offrir une base de repli, une protection contre les al\u00e9as \u00e9conomiques ou politiques.<br><\/p>\n\n\n\n<p class=\"has-medium-font-size\">C&rsquo;est qui \u00e9tait en fin de compte une forme de lobbying familial, souvent invisible a \u00e9t\u00e9 remplac\u00e9 par d&rsquo;autres formes de manipulations d&rsquo;opinion (m\u00e9dias, politiques, lobbies commerciaux, etc.). Le monde change mais les objectifs restent souvent encore les m\u00eames avoir un pouvoir sur l&rsquo;autre &#8230;pour combler ses frustrations (&#8230;) et non pas par <a href=\"https:\/\/mecahealth.com\/wp-content\/uploads\/2025\/10\/MecaHealth-psycho-conspirationniste.png\" data-type=\"attachment\" data-id=\"8354\">conspirationnisme<\/a>.<\/p>\n\n\n\n<p class=\"has-medium-font-size\">Quelles sont ces frustrations et d&rsquo;o\u00f9 viennent-elles ? Si elles ne sont pas sexuelles, elles sont int\u00e9ressantes et seront d\u00e9velopp\u00e9es dans d&rsquo;autres pages dont celle de la taille de nos tyrans (&#8230;).<\/p>\n\n\n\n<h2 class=\"wp-block-heading has-medium-font-size\">Revenir au chapitre&nbsp;<em><a href=\"https:\/\/mecahealth.com\/?page_id=127\">Corps psychique<\/a><\/em>&nbsp;ou \u00e0 la page&nbsp;<em><a href=\"https:\/\/mecahealth.com\/?page_id=6654\">m\u00e9tacognition soci\u00e9tale<\/a><\/em><\/h2>\n","protected":false},"excerpt":{"rendered":"<p>Attention \u00e0 lire les consignes avant de lire toute page d&rsquo;un site sant\u00e9 ! Vous avez remarqu\u00e9 sans doute tous que certaines professions entra\u00eenent l&rsquo;usage d&rsquo;un terme sp\u00e9cifique que nous pourrions dire honorifiques. M\u00eame s&rsquo;ils semblent difficile de dater l&rsquo;apparition de ces titres pour l&rsquo;instant, peut-\u00eatre n&rsquo;aurez-vous par remarqu\u00e9 que<a href=\"https:\/\/mecahealth.com\/?page_id=7964\" class=\"read-more\">Read More&#8230;<\/a><\/p>\n","protected":false},"author":1,"featured_media":0,"parent":0,"menu_order":0,"comment_status":"closed","ping_status":"closed","template":"","meta":{"footnotes":""},"class_list":["post-7964","page","type-page","status-publish","hentry"],"jetpack_sharing_enabled":true,"_links":{"self":[{"href":"https:\/\/mecahealth.com\/index.php?rest_route=\/wp\/v2\/pages\/7964","targetHints":{"allow":["GET"]}}],"collection":[{"href":"https:\/\/mecahealth.com\/index.php?rest_route=\/wp\/v2\/pages"}],"about":[{"href":"https:\/\/mecahealth.com\/index.php?rest_route=\/wp\/v2\/types\/page"}],"author":[{"embeddable":true,"href":"https:\/\/mecahealth.com\/index.php?rest_route=\/wp\/v2\/users\/1"}],"replies":[{"embeddable":true,"href":"https:\/\/mecahealth.com\/index.php?rest_route=%2Fwp%2Fv2%2Fcomments&post=7964"}],"version-history":[{"count":23,"href":"https:\/\/mecahealth.com\/index.php?rest_route=\/wp\/v2\/pages\/7964\/revisions"}],"predecessor-version":[{"id":8400,"href":"https:\/\/mecahealth.com\/index.php?rest_route=\/wp\/v2\/pages\/7964\/revisions\/8400"}],"wp:attachment":[{"href":"https:\/\/mecahealth.com\/index.php?rest_route=%2Fwp%2Fv2%2Fmedia&parent=7964"}],"curies":[{"name":"wp","href":"https:\/\/api.w.org\/{rel}","templated":true}]}}