{"id":7497,"date":"2025-01-07T16:13:11","date_gmt":"2025-01-07T15:13:11","guid":{"rendered":"https:\/\/mecahealth.com\/?page_id=7497"},"modified":"2025-01-28T10:21:35","modified_gmt":"2025-01-28T09:21:35","slug":"traitement-dialyse","status":"publish","type":"page","link":"https:\/\/mecahealth.com\/?page_id=7497","title":{"rendered":"Traitement : dialyse"},"content":{"rendered":"\n<p class=\"has-medium-font-size\"><a href=\"https:\/\/mecahealth.com\/?page_id=122\">Attention \u00e0 lire les consignes avant de lire toute page d&rsquo;un site sant\u00e9 !<\/a><\/p>\n\n\n\n<figure data-wp-context=\"{&quot;imageId&quot;:&quot;69dbbc4ee890a&quot;}\" data-wp-interactive=\"core\/image\" data-wp-key=\"69dbbc4ee890a\" class=\"wp-block-image size-full is-resized is-style-rounded wp-lightbox-container\"><img loading=\"lazy\" decoding=\"async\" width=\"1024\" height=\"1024\" data-wp-class--hide=\"state.isContentHidden\" data-wp-class--show=\"state.isContentVisible\" data-wp-init=\"callbacks.setButtonStyles\" data-wp-on--click=\"actions.showLightbox\" data-wp-on--load=\"callbacks.setButtonStyles\" data-wp-on-window--resize=\"callbacks.setButtonStyles\" src=\"https:\/\/mecahealth.com\/wp-content\/uploads\/2025\/01\/MecaHealth-dialyse.jpg\" alt=\"\" class=\"wp-image-7500\" style=\"width:330px\" srcset=\"https:\/\/mecahealth.com\/wp-content\/uploads\/2025\/01\/MecaHealth-dialyse.jpg 1024w, https:\/\/mecahealth.com\/wp-content\/uploads\/2025\/01\/MecaHealth-dialyse-300x300.jpg 300w, https:\/\/mecahealth.com\/wp-content\/uploads\/2025\/01\/MecaHealth-dialyse-150x150.jpg 150w, https:\/\/mecahealth.com\/wp-content\/uploads\/2025\/01\/MecaHealth-dialyse-768x768.jpg 768w\" sizes=\"auto, (max-width: 1024px) 100vw, 1024px\" \/><button\n\t\t\tclass=\"lightbox-trigger\"\n\t\t\ttype=\"button\"\n\t\t\taria-haspopup=\"dialog\"\n\t\t\taria-label=\"Enlarge\"\n\t\t\tdata-wp-init=\"callbacks.initTriggerButton\"\n\t\t\tdata-wp-on--click=\"actions.showLightbox\"\n\t\t\tdata-wp-style--right=\"state.imageButtonRight\"\n\t\t\tdata-wp-style--top=\"state.imageButtonTop\"\n\t\t>\n\t\t\t<svg xmlns=\"http:\/\/www.w3.org\/2000\/svg\" width=\"12\" height=\"12\" fill=\"none\" viewBox=\"0 0 12 12\">\n\t\t\t\t<path fill=\"#fff\" d=\"M2 0a2 2 0 0 0-2 2v2h1.5V2a.5.5 0 0 1 .5-.5h2V0H2Zm2 10.5H2a.5.5 0 0 1-.5-.5V8H0v2a2 2 0 0 0 2 2h2v-1.5ZM8 12v-1.5h2a.5.5 0 0 0 .5-.5V8H12v2a2 2 0 0 1-2 2H8Zm2-12a2 2 0 0 1 2 2v2h-1.5V2a.5.5 0 0 0-.5-.5H8V0h2Z\" \/>\n\t\t\t<\/svg>\n\t\t<\/button><\/figure>\n\n\n\n<p class=\"has-medium-font-size\">La dialyse est un traitement m\u00e9dical utilis\u00e9 lorsque les reins d\u2019un patient ne fonctionnent plus correctement, une condition appel\u00e9e insuffisance r\u00e9nale chronique. Cette condition entra\u00eene une accumulation de d\u00e9chets et d\u2019exc\u00e8s de liquide dans le corps, car les reins ne peuvent plus filtrer le sang efficacement.\u00a0<a href=\"https:\/\/complevie.fr\/dialyse-de-nuit-et-qualite-de-vie-le-temoignage-revelateur-de-fabrice-hure-dialyse-depuis-plus-de-24-ans\/\" target=\"_blank\" rel=\"noreferrer noopener\">Les causes courantes de l\u2019insuffisance r\u00e9nale incluent le diab\u00e8te, l\u2019hypertension art\u00e9rielle, et certaines maladies g\u00e9n\u00e9tiques comme le syndrome d\u2019Alport<\/a>.<\/p>\n\n\n\n<p class=\"has-medium-font-size\">La dialyse remplace la fonction des reins en filtrant le sang pour \u00e9liminer les d\u00e9chets et l\u2019exc\u00e8s de liquide. Il existe deux principaux types de dialyse : l\u2019h\u00e9modialyse et la dialyse p\u00e9riton\u00e9ale.\u00a0<a href=\"https:\/\/complevie.fr\/dialyse-de-nuit-et-qualite-de-vie-le-temoignage-revelateur-de-fabrice-hure-dialyse-depuis-plus-de-24-ans\/\" target=\"_blank\" rel=\"noreferrer noopener\">L\u2019h\u00e9modialyse utilise une machine pour filtrer le sang \u00e0 travers une membrane artificielle, tandis que la dialyse p\u00e9riton\u00e9ale utilise la membrane p\u00e9riton\u00e9ale du patient pour filtrer le sang \u00e0 l\u2019int\u00e9rieur du corps<\/a>.<\/p>\n\n\n\n<p class=\"has-medium-font-size\">La plupart du temps, le traitement est effectu\u00e9 en journ\u00e9e \u00e0 raison de 2 \u00e0 3x\/sem et durant 4 \u00e0 5heures. Pour la dialyse p\u00e9riton\u00e9ale, le traitement est souvent plus fr\u00e9quent, pouvant aller jusqu\u2019\u00e0\u00a0<strong>4 \u00e0 8 s\u00e9ances par jour<\/strong>, mais chaque s\u00e9ance est plus courte et peut \u00eatre effectu\u00e9e \u00e0 domicile.<\/p>\n\n\n\n<p class=\"has-medium-font-size\">R\u00e9cemment, un traitement de dialyse nocturne a \u00e9t\u00e9 d\u00e9velopp\u00e9, permettant aux patients de recevoir leur traitement pendant qu\u2019ils dorment. Cela offre une plus grande flexibilit\u00e9 et am\u00e9liore la qualit\u00e9 de vie des patients.\u00a0<a href=\"https:\/\/complevie.fr\/dialyse-de-nuit-et-qualite-de-vie-le-temoignage-revelateur-de-fabrice-hure-dialyse-depuis-plus-de-24-ans\/\" target=\"_blank\" rel=\"noreferrer noopener\">Par exemple, Fabrice Hur\u00e9, dialys\u00e9 depuis plus de 24 ans, a pu maintenir une vie professionnelle et sportive gr\u00e2ce \u00e0 cette dialyse nocturne<\/a>.<\/p>\n\n\n\n<p class=\"has-medium-font-size\">Pouvoir \u00eatre trait\u00e9 de nuit pour avoir une qualit\u00e9 de vie quasiment normale n&rsquo;est malheureusement pas fr\u00e9quent pour des raisons budg\u00e9taires et de manque de personnel surtout. Comme le rel\u00e8ve le texte de la <em><a href=\"https:\/\/mecahealth.com\/?page_id=7243\" data-type=\"page\" data-id=\"7243\">Mise au lit (in)hospitali\u00e8re<\/a><\/em>, sans doute faudrait-il d\u00e9j\u00e0 pour \u00e9viter des surco\u00fbts, que les gouvernements fassent la diff\u00e9rence entre les m\u00e9tiers de soins et la plupart des autres pour diminuer les charges des prestations nocturnes&#8230;<\/p>\n\n\n\n<p>(&#8230;)<\/p>\n\n\n\n<h2 class=\"wp-block-heading has-medium-font-size\">Revenir \u00e0 la page <em><a href=\"https:\/\/mecahealth.com\/?page_id=597\" data-type=\"page\" data-id=\"597\">Cystite<\/a> <\/em>ou au chapitre <a href=\"https:\/\/mecahealth.com\/?page_id=606\" data-type=\"page\" data-id=\"606\"><em>Syst\u00e8me urinaire<\/em><\/a><\/h2>\n","protected":false},"excerpt":{"rendered":"<p>Attention \u00e0 lire les consignes avant de lire toute page d&rsquo;un site sant\u00e9 ! La dialyse est un traitement m\u00e9dical utilis\u00e9 lorsque les reins d\u2019un patient ne fonctionnent plus correctement, une condition appel\u00e9e insuffisance r\u00e9nale chronique. Cette condition entra\u00eene une accumulation de d\u00e9chets et d\u2019exc\u00e8s de liquide dans le corps,<a href=\"https:\/\/mecahealth.com\/?page_id=7497\" class=\"read-more\">Read More&#8230;<\/a><\/p>\n","protected":false},"author":1,"featured_media":0,"parent":0,"menu_order":0,"comment_status":"closed","ping_status":"closed","template":"","meta":{"footnotes":""},"class_list":["post-7497","page","type-page","status-publish","hentry"],"jetpack_sharing_enabled":true,"_links":{"self":[{"href":"https:\/\/mecahealth.com\/index.php?rest_route=\/wp\/v2\/pages\/7497","targetHints":{"allow":["GET"]}}],"collection":[{"href":"https:\/\/mecahealth.com\/index.php?rest_route=\/wp\/v2\/pages"}],"about":[{"href":"https:\/\/mecahealth.com\/index.php?rest_route=\/wp\/v2\/types\/page"}],"author":[{"embeddable":true,"href":"https:\/\/mecahealth.com\/index.php?rest_route=\/wp\/v2\/users\/1"}],"replies":[{"embeddable":true,"href":"https:\/\/mecahealth.com\/index.php?rest_route=%2Fwp%2Fv2%2Fcomments&post=7497"}],"version-history":[{"count":3,"href":"https:\/\/mecahealth.com\/index.php?rest_route=\/wp\/v2\/pages\/7497\/revisions"}],"predecessor-version":[{"id":7501,"href":"https:\/\/mecahealth.com\/index.php?rest_route=\/wp\/v2\/pages\/7497\/revisions\/7501"}],"wp:attachment":[{"href":"https:\/\/mecahealth.com\/index.php?rest_route=%2Fwp%2Fv2%2Fmedia&parent=7497"}],"curies":[{"name":"wp","href":"https:\/\/api.w.org\/{rel}","templated":true}]}}