{"id":6548,"date":"2023-11-26T16:32:12","date_gmt":"2023-11-26T15:32:12","guid":{"rendered":"https:\/\/mecahealth.com\/?page_id=6548"},"modified":"2023-12-01T01:22:05","modified_gmt":"2023-12-01T00:22:05","slug":"psycho-anorexie","status":"publish","type":"page","link":"https:\/\/mecahealth.com\/?page_id=6548","title":{"rendered":"Psycho : anorexie"},"content":{"rendered":"\n<p class=\"has-medium-font-size\"><a href=\"https:\/\/mecahealth.com\/?page_id=122\"><\/a><a style=\"font-size: revert;\" href=\"https:\/\/mecahealth.com\/?page_id=122\">Attention \u00e0 lire les consignes avant de lire toute page d&rsquo;un site sant\u00e9 !<\/a> <\/p>\n\n\n\n<figure class=\"wp-block-image size-full is-style-rounded\"><img loading=\"lazy\" decoding=\"async\" width=\"330\" height=\"330\" src=\"https:\/\/mecahealth.com\/wp-content\/uploads\/2023\/11\/MecaHealth-anorexie-1.jpg\" alt=\"\" class=\"wp-image-6574\" srcset=\"https:\/\/mecahealth.com\/wp-content\/uploads\/2023\/11\/MecaHealth-anorexie-1.jpg 330w, https:\/\/mecahealth.com\/wp-content\/uploads\/2023\/11\/MecaHealth-anorexie-1-300x300.jpg 300w, https:\/\/mecahealth.com\/wp-content\/uploads\/2023\/11\/MecaHealth-anorexie-1-150x150.jpg 150w\" sizes=\"auto, (max-width: 330px) 100vw, 330px\" \/><\/figure>\n\n\n\n<p class=\"has-medium-font-size\"><strong>Caract\u00e9ristiques de l&rsquo;anorexie :<\/strong> L&rsquo;anorexie mentale est un trouble de l&rsquo;alimentation caract\u00e9ris\u00e9 par une restriction alimentaire s\u00e9v\u00e8re, <a href=\"https:\/\/mecahealth.com\/?page_id=5885\" data-type=\"page\" data-id=\"5885\">une peur intense<\/a> de prendre du poids, une perception alt\u00e9r\u00e9e de l&rsquo;image corporelle et d&rsquo;autres comportements li\u00e9s \u00e0 la <a href=\"https:\/\/mecahealth.com\/?page_id=395\" data-type=\"page\" data-id=\"395\">gestion du poids<\/a>.<\/p>\n\n\n\n<p class=\"has-medium-font-size\">M\u00eame si le r\u00e9flexe naturel de l&rsquo;entourage d&rsquo;une personne touch\u00e9e par l&rsquo;anorexie (pr\u00e9c\u00e9dent ou non des p\u00e9riodes de boulimie), est de s&rsquo;inqui\u00e9ter autour de la notion de <a data-type=\"page\" data-id=\"395\" href=\"https:\/\/mecahealth.com\/?page_id=395\">poids<\/a>, c&rsquo;est l\u00e0 une bien belle erreur m\u00eame s&rsquo;il est ind\u00e9niable que la structuration mentale de la personne touch\u00e9e passe par ce sch\u00e9ma ; sch\u00e9ma entretenu par la <a data-type=\"page\" data-id=\"6134\" href=\"https:\/\/mecahealth.com\/?page_id=6134\">manipulation inconsciente<\/a> de <a data-type=\"page\" data-id=\"2205\" href=\"https:\/\/mecahealth.com\/?page_id=2205\">personnes comme Karl Lagerfeld<\/a> ayant tenu des propos n\u00e9fastes voire pr\u00e9judiciables.<\/p>\n\n\n\n<p class=\"has-medium-font-size\"><strong>Complexit\u00e9 des causes :<\/strong> nous ne reviendrons pas sur les propos psychanalytiques tout aussi n\u00e9fastes que ceux de la personne pr\u00e9cit\u00e9e puisque nous consid\u00e9rons que tout ce qui <a data-type=\"page\" data-id=\"5989\" href=\"https:\/\/mecahealth.com\/?page_id=5989\">d\u00e9coule d&rsquo;un mensonge totalement d\u00e9lib\u00e9r\u00e9<\/a> doit \u00eatre retir\u00e9 de la litt\u00e9rature scientifique. Les causes de l&rsquo;anorexie ne font pas consensus et seraient multiples et comprendraient des facteurs biologiques, psychologiques, sociaux et environnementaux. Il pourrait s&rsquo;agir d&rsquo;une combinaison de pr\u00e9dispositions g\u00e9n\u00e9tiques, de facteurs environnementaux et de pressions socioculturelles.<\/p>\n\n\n\n<p class=\"has-medium-font-size\"><strong>Empathie :<\/strong> <\/p>\n\n\n\n<p class=\"has-medium-font-size\">Il n&rsquo;y a pas de consensus dans la litt\u00e9rature scientifique indiquant que les personnes anorexiques ou ayant \u00e9t\u00e9 touch\u00e9es par un trouble alimentaire ont <a href=\"https:\/\/mecahealth.com\/?page_id=4337\" data-type=\"page\" data-id=\"4337\">une empathie inn\u00e9e<\/a> plus grande que la moyenne seulement c&rsquo;est pourtant bien le cas le cas de l&rsquo;ensemble des personnes interrog\u00e9es dans notre \u00e9chantillon de r\u00e9f\u00e9rence pour l&rsquo;instant. M\u00eame si les troubles de l&rsquo;alimentation peuvent \u00eatre associ\u00e9s \u00e0 des d\u00e9fis \u00e9motionnels, <a href=\"https:\/\/mecahealth.com\/?page_id=149\" data-type=\"page\" data-id=\"149\">\u00e0 ce stade de notre analyse<\/a>, une Soci\u00e9t\u00e9 ne faisant pas de m\u00e9tacognition sur le refus de travailler l&rsquo;<a href=\"https:\/\/mecahealth.com\/?page_id=2004\" data-type=\"page\" data-id=\"2004\">inn\u00e9 de nos facult\u00e9s en ce y compris les intelligences et l&#8217;empathie<\/a>, selon les t\u00e9moignages crois\u00e9s, semble bien augmenter le principe de saturation c\u00e9r\u00e9brale dont l&rsquo;anorexie ne serait qu&rsquo;un des sympt\u00f4mes. Nous reviendrons ult\u00e9rieurement en d\u00e9tails sur ce sujet. En attendant, chaque t\u00e9moignage est le bienvenu (&#8230;).<\/p>\n\n\n\n<p class=\"has-medium-font-size\"><strong>Approche multidisciplinaire :<\/strong><\/p>\n\n\n\n<p class=\"has-medium-font-size\">Le traitement de l&rsquo;anorexie mentale implique d\u00e8s lors une approche multidisciplinaire qui peut inclure une th\u00e9rapie nutritionnelle, une th\u00e9rapie individuelle, des th\u00e9rapies familiales, et parfois des m\u00e9dicaments. Le soutien psychologique est souvent crucial pour comprendre et traiter les causes profondes du trouble mais ne devra s&rsquo;\u00e9taler sur la notion du poids (&#8230;).<\/p>\n\n\n\n<h2 class=\"wp-block-heading has-medium-font-size\"><a data-type=\"page\" data-id=\"95\" href=\"https:\/\/mecahealth.com\/?page_id=95\">Contactez-nous<\/a> si vous nous permettez de discuter de ce sujet si vous \u00eates ou avez \u00e9t\u00e9 directement concern\u00e9(e)s&#8230;<\/h2>\n\n\n\n<p class=\"has-large-font-size\">\u00e0 suivre tr\u00e8s prochainement<\/p>\n\n\n\n<p class=\"has-medium-font-size\">(&#8230;)<\/p>\n\n\n\n<h2 class=\"wp-block-heading has-medium-font-size\">Revenir au chapitre <a data-type=\"page\" data-id=\"127\" href=\"https:\/\/mecahealth.com\/?page_id=127\">Corps psychique<\/a> ou <em><a data-type=\"page\" data-id=\"548\" href=\"https:\/\/mecahealth.com\/?page_id=548\">Pathologies<\/a><\/em><\/h2>\n\n\n\n<p><\/p>\n\n\n\n<p><\/p>\n","protected":false},"excerpt":{"rendered":"<p>Attention \u00e0 lire les consignes avant de lire toute page d&rsquo;un site sant\u00e9 ! Caract\u00e9ristiques de l&rsquo;anorexie : L&rsquo;anorexie mentale est un trouble de l&rsquo;alimentation caract\u00e9ris\u00e9 par une restriction alimentaire s\u00e9v\u00e8re, une peur intense de prendre du poids, une perception alt\u00e9r\u00e9e de l&rsquo;image corporelle et d&rsquo;autres comportements li\u00e9s \u00e0 la<a href=\"https:\/\/mecahealth.com\/?page_id=6548\" class=\"read-more\">Read More&#8230;<\/a><\/p>\n","protected":false},"author":1,"featured_media":0,"parent":0,"menu_order":0,"comment_status":"closed","ping_status":"closed","template":"","meta":{"footnotes":""},"class_list":["post-6548","page","type-page","status-publish","hentry"],"jetpack_sharing_enabled":true,"_links":{"self":[{"href":"https:\/\/mecahealth.com\/index.php?rest_route=\/wp\/v2\/pages\/6548","targetHints":{"allow":["GET"]}}],"collection":[{"href":"https:\/\/mecahealth.com\/index.php?rest_route=\/wp\/v2\/pages"}],"about":[{"href":"https:\/\/mecahealth.com\/index.php?rest_route=\/wp\/v2\/types\/page"}],"author":[{"embeddable":true,"href":"https:\/\/mecahealth.com\/index.php?rest_route=\/wp\/v2\/users\/1"}],"replies":[{"embeddable":true,"href":"https:\/\/mecahealth.com\/index.php?rest_route=%2Fwp%2Fv2%2Fcomments&post=6548"}],"version-history":[{"count":18,"href":"https:\/\/mecahealth.com\/index.php?rest_route=\/wp\/v2\/pages\/6548\/revisions"}],"predecessor-version":[{"id":6691,"href":"https:\/\/mecahealth.com\/index.php?rest_route=\/wp\/v2\/pages\/6548\/revisions\/6691"}],"wp:attachment":[{"href":"https:\/\/mecahealth.com\/index.php?rest_route=%2Fwp%2Fv2%2Fmedia&parent=6548"}],"curies":[{"name":"wp","href":"https:\/\/api.w.org\/{rel}","templated":true}]}}