{"id":6504,"date":"2023-11-26T11:51:57","date_gmt":"2023-11-26T10:51:57","guid":{"rendered":"https:\/\/mecahealth.com\/?page_id=6504"},"modified":"2023-11-26T12:29:18","modified_gmt":"2023-11-26T11:29:18","slug":"traitement-pointillisme-acupressure","status":"publish","type":"page","link":"https:\/\/mecahealth.com\/?page_id=6504","title":{"rendered":"Traitement : pointillisme &#8211; acupressure"},"content":{"rendered":"\n<p class=\"has-medium-font-size\"><a href=\"https:\/\/mecahealth.com\/?page_id=122\">Attention \u00e0 lire les consignes avant de lire toute page d&rsquo;un site sant\u00e9 !<\/a><\/p>\n\n\n\n<figure class=\"wp-block-image size-large is-resized is-style-rounded\"><img loading=\"lazy\" decoding=\"async\" src=\"https:\/\/mecahealth.com\/wp-content\/uploads\/2023\/11\/MecaHealth-acupressure-pointillisme-1024x1024.jpg\" alt=\"\" class=\"wp-image-6484\" width=\"330\" height=\"330\" srcset=\"https:\/\/mecahealth.com\/wp-content\/uploads\/2023\/11\/MecaHealth-acupressure-pointillisme-1024x1024.jpg 1024w, https:\/\/mecahealth.com\/wp-content\/uploads\/2023\/11\/MecaHealth-acupressure-pointillisme-300x300.jpg 300w, https:\/\/mecahealth.com\/wp-content\/uploads\/2023\/11\/MecaHealth-acupressure-pointillisme-150x150.jpg 150w, https:\/\/mecahealth.com\/wp-content\/uploads\/2023\/11\/MecaHealth-acupressure-pointillisme-768x768.jpg 768w, https:\/\/mecahealth.com\/wp-content\/uploads\/2023\/11\/MecaHealth-acupressure-pointillisme-1536x1536.jpg 1536w, https:\/\/mecahealth.com\/wp-content\/uploads\/2023\/11\/MecaHealth-acupressure-pointillisme-2048x2048.jpg 2048w\" sizes=\"auto, (max-width: 330px) 100vw, 330px\" \/><\/figure>\n\n\n\n<p class=\"has-medium-font-size\">Le pointillisme, que nous avons appel\u00e9 ainsi en r\u00e9f\u00e9rence \u00e0 la technique d&rsquo;un tableau impressionniste, correspond \u00e0 placer le pouce ou l&rsquo;index pour sentir les diff\u00e9rents points de tension et s&rsquo;arr\u00eater sur le point le plus douloureux d\u00e9nomm\u00e9 initialement point exquis (non par sadisme ou masochisme mais par \u00e9tymologie). <\/p>\n\n\n\n<p class=\"has-medium-font-size\">Il est plus facile d&rsquo;utiliser le pouce pour le faire sur soi mais il s&rsquo;av\u00e8re nettement plus pr\u00e9cis d&rsquo;utiliser l&rsquo;index. Ce dernier est g\u00e9n\u00e9ralement plus entra\u00een\u00e9 au touch\u00e9 et donc permet plus facilement de percevoir les <em>points <\/em>chez l&rsquo;Autre.<\/p>\n\n\n\n<p class=\"has-medium-font-size\">En restant sur ledit point exquis sans bouger voire en faisant une l\u00e9g\u00e8re rotation de quelques millim\u00e8tres, les d\u00e9chets sont oblig\u00e9s de se d\u00e9placer. Apr\u00e8s environ trente secondes \u00e0 deux minutes, en rel\u00e2chant la pression, le sang revient sans d\u00e9chet et donc permet au muscle de se rel\u00e2cher (<a href=\"https:\/\/mecahealth.com\/?page_id=541\" data-type=\"page\" data-id=\"541\">voir contracture<\/a> ou norme de <a href=\"https:\/\/mecahealth.com\/?page_id=441\" data-type=\"page\" data-id=\"441\">contraction-rel\u00e2chement<\/a>).<\/p>\n\n\n\n<p class=\"has-medium-font-size\">L\u00e0 o\u00f9 certains verront des points \u00e9sot\u00e9riques ou un trouble min\u00e9ral \u00e0 compenser par une m\u00e9dication, nous ne voyons principalement qu&rsquo;une accumulation de d\u00e9chet sur un terrain fragilis\u00e9 par un \u00e9ventuel manque de magn\u00e9sium (&#8230;). Comme nous l&rsquo;avons vu, pour les <a href=\"https:\/\/mecahealth.com\/?page_id=1845\" data-type=\"page\" data-id=\"1845\">crampes du mollet<\/a>, boire en suffisance et travailler les antagonistes est g\u00e9n\u00e9ralement plus efficace qu&rsquo;une prise de magn\u00e9sium.<\/p>\n\n\n\n<p class=\"has-medium-font-size\">Ce travail de pointillisme peut se faire sur des <a href=\"https:\/\/mecahealth.com\/?page_id=1233\" data-type=\"page\" data-id=\"1233\">troubles visc\u00e9raux<\/a> mais ne doit pas \u00eatre effectu\u00e9 sur la sortie ou le trajets de nerfs. Pour les <a href=\"https:\/\/mecahealth.com\/?page_id=567\" data-type=\"page\" data-id=\"567\">migraines<\/a>, cela peut avoir un effet positif en travaillant sur les points cr\u00e2niens mais pas en \u00e9vitant des pressions sur la base de l&rsquo;occiput surtout dans le creux appel\u00e9 fosse occipitale.<\/p>\n\n\n\n<p class=\"has-medium-font-size\">Le pointillisme s&rsquo;applique de la m\u00eame mani\u00e8re sur certains points tel que le point situ\u00e9 au deux-tiers inf\u00e9rieur du sternum qui calme certaines limites respiratoires mais dont l&rsquo;origine s&rsquo;explique en acupuncture mais que nous avouons, ne pas pouvoir expliquer scientifiquement pour l&rsquo;instant (&#8230;).<\/p>\n\n\n\n<p class=\"has-medium-font-size\">(&#8230;)<\/p>\n\n\n\n<h2 class=\"wp-block-heading has-medium-font-size\">Revenir au chapitre <em><a href=\"https:\/\/mecahealth.com\/?page_id=600\">Syst\u00e8me pulmonaire<\/a><\/em>, <a data-type=\"page\" data-id=\"75\" href=\"https:\/\/mecahealth.com\/?page_id=75\"><em>Corps psychique<\/em><\/a><em> <\/em><\/h2>\n","protected":false},"excerpt":{"rendered":"<p>Attention \u00e0 lire les consignes avant de lire toute page d&rsquo;un site sant\u00e9 ! Le pointillisme, que nous avons appel\u00e9 ainsi en r\u00e9f\u00e9rence \u00e0 la technique d&rsquo;un tableau impressionniste, correspond \u00e0 placer le pouce ou l&rsquo;index pour sentir les diff\u00e9rents points de tension et s&rsquo;arr\u00eater sur le point le plus<a href=\"https:\/\/mecahealth.com\/?page_id=6504\" class=\"read-more\">Read More&#8230;<\/a><\/p>\n","protected":false},"author":1,"featured_media":0,"parent":0,"menu_order":0,"comment_status":"closed","ping_status":"closed","template":"","meta":{"footnotes":""},"class_list":["post-6504","page","type-page","status-publish","hentry"],"jetpack_sharing_enabled":true,"_links":{"self":[{"href":"https:\/\/mecahealth.com\/index.php?rest_route=\/wp\/v2\/pages\/6504","targetHints":{"allow":["GET"]}}],"collection":[{"href":"https:\/\/mecahealth.com\/index.php?rest_route=\/wp\/v2\/pages"}],"about":[{"href":"https:\/\/mecahealth.com\/index.php?rest_route=\/wp\/v2\/types\/page"}],"author":[{"embeddable":true,"href":"https:\/\/mecahealth.com\/index.php?rest_route=\/wp\/v2\/users\/1"}],"replies":[{"embeddable":true,"href":"https:\/\/mecahealth.com\/index.php?rest_route=%2Fwp%2Fv2%2Fcomments&post=6504"}],"version-history":[{"count":5,"href":"https:\/\/mecahealth.com\/index.php?rest_route=\/wp\/v2\/pages\/6504\/revisions"}],"predecessor-version":[{"id":6518,"href":"https:\/\/mecahealth.com\/index.php?rest_route=\/wp\/v2\/pages\/6504\/revisions\/6518"}],"wp:attachment":[{"href":"https:\/\/mecahealth.com\/index.php?rest_route=%2Fwp%2Fv2%2Fmedia&parent=6504"}],"curies":[{"name":"wp","href":"https:\/\/api.w.org\/{rel}","templated":true}]}}