{"id":6325,"date":"2023-11-14T15:02:30","date_gmt":"2023-11-14T14:02:30","guid":{"rendered":"https:\/\/mecahealth.com\/?page_id=6325"},"modified":"2025-10-13T21:11:32","modified_gmt":"2025-10-13T19:11:32","slug":"professions","status":"publish","type":"page","link":"https:\/\/mecahealth.com\/?page_id=6325","title":{"rendered":"Professions : points communs et distincts"},"content":{"rendered":"\n<p class=\"has-small-font-size\"><a href=\"https:\/\/mecahealth.com\/?page_id=122\">Attention \u00e0 lire les consignes avant de lire toute page d\u2019un site sant\u00e9 !<\/a><\/p>\n\n\n\n<figure class=\"wp-block-image size-full is-style-rounded\"><img loading=\"lazy\" decoding=\"async\" width=\"330\" height=\"330\" src=\"https:\/\/mecahealth.com\/wp-content\/uploads\/2023\/11\/MecaHealth-professions.jpg\" alt=\"\" class=\"wp-image-6462\" srcset=\"https:\/\/mecahealth.com\/wp-content\/uploads\/2023\/11\/MecaHealth-professions.jpg 330w, https:\/\/mecahealth.com\/wp-content\/uploads\/2023\/11\/MecaHealth-professions-300x300.jpg 300w, https:\/\/mecahealth.com\/wp-content\/uploads\/2023\/11\/MecaHealth-professions-150x150.jpg 150w\" sizes=\"auto, (max-width: 330px) 100vw, 330px\" \/><\/figure>\n\n\n\n<p class=\"has-medium-font-size\">M\u00eame si nous aimerions aider chaque visiteur de mani\u00e8re individuelle, nous ne pouvons ici d\u00e9velopper que quelques professions courantes. Les professions sp\u00e9cifiques tout comme chaque professionnel souhaitant une analyse plus d\u00e9taill\u00e9es des contraintes physiques voire psychiques de leur environnement peuvent par contre b\u00e9n\u00e9ficier de <a href=\"https:\/\/mecahealth.com\/?page_id=146\" data-type=\"page\" data-id=\"146\">formations sur mesure<\/a>.<\/p>\n\n\n\n<p class=\"has-medium-font-size\">Nous aidons \u00e9galement les professionnels \u00e0 travailler avec ou pour une personne en situation de handicap avec notre <em>association s\u0153ur <\/em><a rel=\"noreferrer noopener\" href=\"http:\/\/www.almagic.org\" data-type=\"URL\" data-id=\"www.almagic.org\" target=\"_blank\">Almagic<\/a>.<\/p>\n\n\n\n<p class=\"has-medium-font-size\">Ne sachant pas o\u00f9 nous arr\u00eaterons-nous dans la quantit\u00e9 d&rsquo;informations, vous pouvez toujours <a href=\"https:\/\/mecahealth.com\/?page_id=95\" data-type=\"page\" data-id=\"95\">nous contacter<\/a> pour que nous fassions \u00e9voluer nos \u00e9crits dans votre direction (&#8230;). Dans les pages de m\u00e9tiers suivants, certaines pages traiteront principalement l&rsquo;ergonomie de la profession mais parfois plus particuli\u00e8rement la <a href=\"https:\/\/mecahealth.com\/?page_id=127\" data-type=\"page\" data-id=\"127\">partie psychique<\/a> ou sociale&#8230;<\/p>\n\n\n\n<p class=\"has-medium-font-size\">Concernant les kin\u00e9s et les ost\u00e9os, nous ne leur ferons, bien entendu, pas l&rsquo;affront de leur expliquer les postures \u00e0 r\u00e9aliser pour \u00e9viter leurs maux physiques.<\/p>\n\n\n\n<div class=\"wp-block-columns is-layout-flex wp-container-core-columns-is-layout-9d6595d7 wp-block-columns-is-layout-flex\">\n<div class=\"wp-block-column is-layout-flow wp-block-column-is-layout-flow\" style=\"flex-basis:100%\">\n<ul class=\"wp-block-list has-medium-font-size\">\n<li><a href=\"https:\/\/mecahealth.com\/?page_id=6404\" data-type=\"page\" data-id=\"6404\">Artiste<\/a><\/li>\n\n\n\n<li><a href=\"https:\/\/mecahealth.com\/?page_id=4115\" data-type=\"page\" data-id=\"4115\">Barmaid\/barman<\/a><\/li>\n\n\n\n<li>Coiffeur<\/li>\n\n\n\n<li><a href=\"https:\/\/mecahealth.com\/?page_id=4115\" data-type=\"page\" data-id=\"4115\">Commer\u00e7ant<\/a><\/li>\n\n\n\n<li><a href=\"https:\/\/mecahealth.com\/?page_id=3616\" data-type=\"page\" data-id=\"3616\">Enseignant<\/a><\/li>\n\n\n\n<li>Jardinier<\/li>\n\n\n\n<li>Kin\u00e9 \/ <a href=\"https:\/\/mecahealth.com\/?page_id=8243\" data-type=\"page\" data-id=\"8243\">Ost\u00e9o<\/a><\/li>\n<\/ul>\n<\/div>\n\n\n\n<div class=\"wp-block-column has-medium-font-size is-layout-flow wp-block-column-is-layout-flow\" style=\"flex-basis:100%\">\n<ul class=\"wp-block-list\">\n<li class=\"has-medium-font-size\"><a href=\"https:\/\/mecahealth.com\/?page_id=7233\" data-type=\"page\" data-id=\"7233\">M\u00e9decin<\/a> <\/li>\n\n\n\n<li class=\"has-medium-font-size\"><a rel=\"noreferrer noopener\" href=\"https:\/\/mecahealth.com\/?page_id=6347\" data-type=\"page\" data-id=\"6347\" target=\"_blank\">Ouvriers<\/a><\/li>\n\n\n\n<li class=\"has-medium-font-size\"><a href=\"https:\/\/mecahealth.com\/?page_id=6660\" data-type=\"page\" data-id=\"6660\">Nettoyage (personnel de&#8230;)<\/a><\/li>\n\n\n\n<li class=\"has-medium-font-size\"><a href=\"https:\/\/mecahealth.com\/?page_id=7048\" data-type=\"page\" data-id=\"7048\">Parents<\/a><\/li>\n\n\n\n<li class=\"has-medium-font-size\"><a href=\"https:\/\/mecahealth.com\/?page_id=6329\" data-type=\"page\" data-id=\"6329\">P\u00e9dicure<\/a><\/li>\n\n\n\n<li><a href=\"https:\/\/mecahealth.com\/?page_id=812\" data-type=\"page\" data-id=\"812\">Pilote<\/a><\/li>\n\n\n\n<li><a href=\"https:\/\/mecahealth.com\/?page_id=6711\" data-type=\"page\" data-id=\"6711\">Psychoth\u00e9rapeutes<\/a><\/li>\n<\/ul>\n<\/div>\n<\/div>\n\n\n\n<p>(&#8230;)<\/p>\n\n\n\n<h2 class=\"wp-block-heading has-medium-font-size\"><span style=\"font-size: var(--wp--preset--font-size--medium) ; color: initial;\"><span style=\"font-size: var(--wp--preset--font-size--medium) ; color: initial;\">Abonnez-vous \u00e0 nos diff\u00e9rentes pages pour \u00eatre averti(s) des nouvelles mises en ligne&#8230;<\/span><\/span><\/h2>\n\n\n\n<p class=\"has-small-font-size\"><a rel=\"noreferrer noopener\" href=\"https:\/\/www.facebook.com\/MecaHealthAsbl\" target=\"_blank\">Facebook MecaHealthAsbl<\/a> &#8211; <a rel=\"noreferrer noopener\" href=\"https:\/\/www.linkedin.com\/company\/mecahealth\/\" target=\"_blank\">Linkedin MecaHealth<\/a> &#8211; <a rel=\"noreferrer noopener\" href=\"https:\/\/www.youtube.com\/channel\/UCJb5g--IGlU6FgQLQKaJljg\" target=\"_blank\">Youtube cha\u00eene MecaHealth<\/a> &#8211; Instagram (pas encore)<\/p>\n\n\n\n<p class=\"has-medium-font-size\"><strong>Vous avez aim\u00e9 l&rsquo;information que MecaHealth apporte, vous pouvez nous contacter pour l&rsquo;une ou l&rsquo;autre <a href=\"https:\/\/mecahealth.com\/?page_id=146\">formation<\/a>, nous appuyer en transmettant l&rsquo;adresse de notre site, mais \u00e9galement par <a href=\"https:\/\/mecahealth.com\/?page_id=172\">d&rsquo;autres appuis<\/a>.<\/strong><\/p>\n\n\n\n<h2 class=\"wp-block-heading has-medium-font-size\">Revenir au chapitre <a href=\"https:\/\/mecahealth.com\/?page_id=186\" data-type=\"page\" data-id=\"186\"><em>Situations courantes<\/em><\/a> ou \u00e0 la page <a href=\"https:\/\/mecahealth.com\/?page_id=4346\" data-type=\"page\" data-id=\"4346\"><em>Travailler<\/em><\/a><\/h2>\n","protected":false},"excerpt":{"rendered":"<p>Attention \u00e0 lire les consignes avant de lire toute page d\u2019un site sant\u00e9 ! M\u00eame si nous aimerions aider chaque visiteur de mani\u00e8re individuelle, nous ne pouvons ici d\u00e9velopper que quelques professions courantes. Les professions sp\u00e9cifiques tout comme chaque professionnel souhaitant une analyse plus d\u00e9taill\u00e9es des contraintes physiques voire psychiques<a href=\"https:\/\/mecahealth.com\/?page_id=6325\" class=\"read-more\">Read More&#8230;<\/a><\/p>\n","protected":false},"author":1,"featured_media":0,"parent":0,"menu_order":0,"comment_status":"closed","ping_status":"closed","template":"","meta":{"footnotes":""},"class_list":["post-6325","page","type-page","status-publish","hentry"],"jetpack_sharing_enabled":true,"_links":{"self":[{"href":"https:\/\/mecahealth.com\/index.php?rest_route=\/wp\/v2\/pages\/6325","targetHints":{"allow":["GET"]}}],"collection":[{"href":"https:\/\/mecahealth.com\/index.php?rest_route=\/wp\/v2\/pages"}],"about":[{"href":"https:\/\/mecahealth.com\/index.php?rest_route=\/wp\/v2\/types\/page"}],"author":[{"embeddable":true,"href":"https:\/\/mecahealth.com\/index.php?rest_route=\/wp\/v2\/users\/1"}],"replies":[{"embeddable":true,"href":"https:\/\/mecahealth.com\/index.php?rest_route=%2Fwp%2Fv2%2Fcomments&post=6325"}],"version-history":[{"count":30,"href":"https:\/\/mecahealth.com\/index.php?rest_route=\/wp\/v2\/pages\/6325\/revisions"}],"predecessor-version":[{"id":8276,"href":"https:\/\/mecahealth.com\/index.php?rest_route=\/wp\/v2\/pages\/6325\/revisions\/8276"}],"wp:attachment":[{"href":"https:\/\/mecahealth.com\/index.php?rest_route=%2Fwp%2Fv2%2Fmedia&parent=6325"}],"curies":[{"name":"wp","href":"https:\/\/api.w.org\/{rel}","templated":true}]}}