{"id":5186,"date":"2023-03-18T19:17:22","date_gmt":"2023-03-18T18:17:22","guid":{"rendered":"https:\/\/mecahealth.com\/?page_id=5186"},"modified":"2023-03-27T01:15:06","modified_gmt":"2023-03-26T23:15:06","slug":"exemple-mal-etre-de-la-promotion-professionnelle","status":"publish","type":"page","link":"https:\/\/mecahealth.com\/?page_id=5186","title":{"rendered":"Exemple : mal-\u00eatre de la promotion professionnelle"},"content":{"rendered":"\n<p class=\"has-medium-font-size\"><a href=\"https:\/\/mecahealth.com\/?page_id=122\"><\/a><a style=\"font-size: revert;\" href=\"https:\/\/mecahealth.com\/?page_id=122\">Attention \u00e0 lire les consignes avant de lire toute page d&rsquo;un site sant\u00e9 !<\/a> <\/p>\n\n\n\n<figure class=\"wp-block-image size-full is-style-rounded\"><img loading=\"lazy\" decoding=\"async\" width=\"330\" height=\"330\" src=\"https:\/\/mecahealth.com\/wp-content\/uploads\/2023\/01\/MecaHealth-entorse.jpg\" alt=\"\" class=\"wp-image-1967\" srcset=\"https:\/\/mecahealth.com\/wp-content\/uploads\/2023\/01\/MecaHealth-entorse.jpg 330w, https:\/\/mecahealth.com\/wp-content\/uploads\/2023\/01\/MecaHealth-entorse-300x300.jpg 300w, https:\/\/mecahealth.com\/wp-content\/uploads\/2023\/01\/MecaHealth-entorse-150x150.jpg 150w\" sizes=\"auto, (max-width: 330px) 100vw, 330px\" \/><\/figure>\n\n\n\n<p class=\"has-medium-font-size\">Madame X, chute un matin dans les escaliers de son immeuble en partant au travail. Elle se casse la mall\u00e9ole externe d&rsquo;une <a href=\"https:\/\/mecahealth.com\/?page_id=618\">cheville<\/a>. Apr\u00e8s 4 ou 6 semaines comme la plupart des <a href=\"https:\/\/mecahealth.com\/?page_id=4162\">fractures<\/a>, son pl\u00e2tre est retir\u00e9. Le traitement kin\u00e9 avait commenc\u00e9 deux semaines auparavant.\u00a0Durant la conversation avec le th\u00e9rapeute, elle<br>lui expliquait qu&rsquo;elle n&rsquo;avait pas encore trouv\u00e9 le temps de faire des rencontres en dehors du travail et qu&rsquo;\u00e9tant donn\u00e9 son poste, les relations professionnelles n&rsquo;\u00e9taient pas forc\u00e9ment favorables.<\/p>\n\n\n\n<p class=\"has-medium-font-size\">Cette dame allemande travaillait depuis plusieurs mois en Belgique suite \u00e0 un changement de poste dans une entreprise internationale. Elle travaillait jusqu&rsquo;alors en Italie. Ce changement<br>d&rsquo;affectation lui avait permis d&rsquo;accro\u00eetre son salaire, d&rsquo;avoir plus de responsabilit\u00e9s, etc. mais \u00e9galement d&rsquo;augmenter la charge de travail au quotidien.<\/p>\n\n\n\n<p class=\"has-medium-font-size\">La patiente \u00e9tait c\u00e9libataire et sans enfant. Dans le cadre traditionnel, elle n&rsquo;envisageait d&rsquo;ailleurs plus d&rsquo;en avoir. D\u00e8s lors, lors d&rsquo;une des nombreuses discussions, le th\u00e9rapeute releva avec un peu de m\u00e9nagement que finalement, elle n&rsquo;\u00e9tait en fin de compte pas heureuse. Elle gagnait plus d&rsquo;argent d&rsquo;accord mais elle n&rsquo;avait plus les amis et les activit\u00e9s qu&rsquo;elle appr\u00e9ciait. Elle n&rsquo;avait plus de temps \u00e0 consacrer qu&rsquo;\u00e0 son travail. Elle n&rsquo;avait sans doute m\u00eame plus le temps de d\u00e9penser mais \u00e0 quoi bon amasser s&rsquo;il n&rsquo;y a personne \u00e0 qui transmettre son patrimoine.<\/p>\n\n\n\n<p class=\"has-medium-font-size\">Apr\u00e8s ce petit \u00e9lectrochoc, il fallut \u00e0 la patiente trois semaines non pas de r\u00e9flexion mais trois semaines pour repartir dans son pays d&rsquo;adoption v\u00e9rifier si l&rsquo;amiti\u00e9 qui lui servait de famille lui<br>ouvrait encore les bras. Quelques semaines plus tard apr\u00e8s s&rsquo;\u00eatre arrang\u00e9e avec<br>la direction de l\u2019entreprise qui ne voyait perdre ce bon \u00e9l\u00e9ment, elle d\u00e9m\u00e9nagea pour de bon et plus que vraisemblablement pour le restant de ses jours\u2026<\/p>\n\n\n\n<p class=\"has-medium-font-size\">(&#8230;)<\/p>\n\n\n\n<h2 class=\"wp-block-heading has-medium-font-size\">Revenir \u00e0 la page <em><a data-type=\"page\" data-id=\"618\" href=\"https:\/\/mecahealth.com\/?page_id=618\">Cheville<\/a><\/em><em> <\/em>ou au chapitre<em> <\/em><em><a data-type=\"page\" data-id=\"548\" href=\"https:\/\/mecahealth.com\/?page_id=548\">Pathologies<\/a><\/em><\/h2>\n\n\n\n<p><\/p>\n","protected":false},"excerpt":{"rendered":"<p>Attention \u00e0 lire les consignes avant de lire toute page d&rsquo;un site sant\u00e9 ! Madame X, chute un matin dans les escaliers de son immeuble en partant au travail. Elle se casse la mall\u00e9ole externe d&rsquo;une cheville. Apr\u00e8s 4 ou 6 semaines comme la plupart des fractures, son pl\u00e2tre est<a href=\"https:\/\/mecahealth.com\/?page_id=5186\" class=\"read-more\">Read More&#8230;<\/a><\/p>\n","protected":false},"author":1,"featured_media":0,"parent":0,"menu_order":0,"comment_status":"closed","ping_status":"closed","template":"","meta":{"footnotes":""},"class_list":["post-5186","page","type-page","status-publish","hentry"],"jetpack_sharing_enabled":true,"_links":{"self":[{"href":"https:\/\/mecahealth.com\/index.php?rest_route=\/wp\/v2\/pages\/5186","targetHints":{"allow":["GET"]}}],"collection":[{"href":"https:\/\/mecahealth.com\/index.php?rest_route=\/wp\/v2\/pages"}],"about":[{"href":"https:\/\/mecahealth.com\/index.php?rest_route=\/wp\/v2\/types\/page"}],"author":[{"embeddable":true,"href":"https:\/\/mecahealth.com\/index.php?rest_route=\/wp\/v2\/users\/1"}],"replies":[{"embeddable":true,"href":"https:\/\/mecahealth.com\/index.php?rest_route=%2Fwp%2Fv2%2Fcomments&post=5186"}],"version-history":[{"count":8,"href":"https:\/\/mecahealth.com\/index.php?rest_route=\/wp\/v2\/pages\/5186\/revisions"}],"predecessor-version":[{"id":5267,"href":"https:\/\/mecahealth.com\/index.php?rest_route=\/wp\/v2\/pages\/5186\/revisions\/5267"}],"wp:attachment":[{"href":"https:\/\/mecahealth.com\/index.php?rest_route=%2Fwp%2Fv2%2Fmedia&parent=5186"}],"curies":[{"name":"wp","href":"https:\/\/api.w.org\/{rel}","templated":true}]}}