{"id":4898,"date":"2023-03-05T23:35:35","date_gmt":"2023-03-05T22:35:35","guid":{"rendered":"https:\/\/mecahealth.com\/?page_id=4898"},"modified":"2023-03-25T22:46:43","modified_gmt":"2023-03-25T21:46:43","slug":"pathologie-carie","status":"publish","type":"page","link":"https:\/\/mecahealth.com\/?page_id=4898","title":{"rendered":"Pathologie : carie"},"content":{"rendered":"\n<p><a href=\"https:\/\/mecahealth.com\/?page_id=122\"><\/a><a style=\"font-size: revert;\" href=\"https:\/\/mecahealth.com\/?page_id=122\">Attention \u00e0 lire les consignes avant de lire toute page d&rsquo;un site sant\u00e9 !<\/a> <\/p>\n\n\n\n<figure class=\"wp-block-image size-full is-style-rounded\"><img loading=\"lazy\" decoding=\"async\" width=\"330\" height=\"330\" src=\"https:\/\/mecahealth.com\/wp-content\/uploads\/2023\/03\/MecaHealth-carie.jpg\" alt=\"\" class=\"wp-image-4903\" srcset=\"https:\/\/mecahealth.com\/wp-content\/uploads\/2023\/03\/MecaHealth-carie.jpg 330w, https:\/\/mecahealth.com\/wp-content\/uploads\/2023\/03\/MecaHealth-carie-300x300.jpg 300w, https:\/\/mecahealth.com\/wp-content\/uploads\/2023\/03\/MecaHealth-carie-150x150.jpg 150w\" sizes=\"auto, (max-width: 330px) 100vw, 330px\" \/><\/figure>\n\n\n\n<p class=\"has-medium-font-size\">Les caries ne font pas partie de ce qui concernent directement la pr\u00e9vention physique que notre association avait pr\u00e9vue. Seulement, le corps est un tout. Nous avons donc d\u00e9cid\u00e9 de parler de tout ce qui influent notre sant\u00e9.<\/p>\n\n\n\n<p class=\"has-medium-font-size\">Les caries sont principalement caus\u00e9es par une mauvaise hygi\u00e8ne bucco-dentaire mais certaines personnes naissent avec une qualit\u00e9 de l&rsquo;\u00e9mail ou de la dentine moins bonne que la moyenne.<\/p>\n\n\n\n<p class=\"has-medium-font-size\">Les facteurs qui augmentent le risque de carie incluent la <a href=\"https:\/\/mecahealth.com\/?page_id=3620\" data-type=\"page\" data-id=\"3620\">consommation excessive de sucres<\/a> et d&rsquo;aliments acides, le manque d&rsquo;hygi\u00e8ne bucco-dentaire et une mauvaise alimentation. Les personnes ayant une alimentation riche en sucres et en aliments acides, une mauvaise hygi\u00e8ne bucco-dentaire et une mauvaise alimentation sont plus susceptibles de d\u00e9velopper des caries que les personnes ayant une alimentation saine et une bonne hygi\u00e8ne bucco-dentaire. La consommation d&rsquo;alcool et le tabagisme peuvent \u00e9galement augmenter le risque de carie.<\/p>\n\n\n\n<h2 class=\"has-medium-font-size wp-block-heading\">Revenir \u00e0 la page <em><a href=\"https:\/\/mecahealth.com\/?page_id=2171\" data-type=\"page\" data-id=\"2171\">M\u00e2choire<\/a><\/em><\/h2>\n","protected":false},"excerpt":{"rendered":"<p>Attention \u00e0 lire les consignes avant de lire toute page d&rsquo;un site sant\u00e9 ! Les caries ne font pas partie de ce qui concernent directement la pr\u00e9vention physique que notre association avait pr\u00e9vue. Seulement, le corps est un tout. Nous avons donc d\u00e9cid\u00e9 de parler de tout ce qui influent<a href=\"https:\/\/mecahealth.com\/?page_id=4898\" class=\"read-more\">Read More&#8230;<\/a><\/p>\n","protected":false},"author":1,"featured_media":0,"parent":0,"menu_order":0,"comment_status":"closed","ping_status":"closed","template":"","meta":{"footnotes":""},"class_list":["post-4898","page","type-page","status-publish","hentry"],"jetpack_sharing_enabled":true,"_links":{"self":[{"href":"https:\/\/mecahealth.com\/index.php?rest_route=\/wp\/v2\/pages\/4898","targetHints":{"allow":["GET"]}}],"collection":[{"href":"https:\/\/mecahealth.com\/index.php?rest_route=\/wp\/v2\/pages"}],"about":[{"href":"https:\/\/mecahealth.com\/index.php?rest_route=\/wp\/v2\/types\/page"}],"author":[{"embeddable":true,"href":"https:\/\/mecahealth.com\/index.php?rest_route=\/wp\/v2\/users\/1"}],"replies":[{"embeddable":true,"href":"https:\/\/mecahealth.com\/index.php?rest_route=%2Fwp%2Fv2%2Fcomments&post=4898"}],"version-history":[{"count":3,"href":"https:\/\/mecahealth.com\/index.php?rest_route=\/wp\/v2\/pages\/4898\/revisions"}],"predecessor-version":[{"id":4904,"href":"https:\/\/mecahealth.com\/index.php?rest_route=\/wp\/v2\/pages\/4898\/revisions\/4904"}],"wp:attachment":[{"href":"https:\/\/mecahealth.com\/index.php?rest_route=%2Fwp%2Fv2%2Fmedia&parent=4898"}],"curies":[{"name":"wp","href":"https:\/\/api.w.org\/{rel}","templated":true}]}}