{"id":2995,"date":"2023-02-12T00:22:57","date_gmt":"2023-02-11T23:22:57","guid":{"rendered":"https:\/\/mecahealth.com\/?page_id=2995"},"modified":"2023-02-24T03:09:47","modified_gmt":"2023-02-24T02:09:47","slug":"exemple-respiration-et-liberte","status":"publish","type":"page","link":"https:\/\/mecahealth.com\/?page_id=2995","title":{"rendered":"Exemple : respiration et libert\u00e9"},"content":{"rendered":"\n<p class=\"has-medium-font-size\"><a href=\"https:\/\/mecahealth.com\/?page_id=122\">Attention \u00e0 lire les consignes avant de lire toute page d&rsquo;un site sant\u00e9 !<\/a><\/p>\n\n\n\n<figure class=\"wp-block-image size-full is-style-rounded\"><img loading=\"lazy\" decoding=\"async\" width=\"330\" height=\"330\" src=\"https:\/\/mecahealth.com\/wp-content\/uploads\/2023\/02\/MecaHealth-respirer-emphyseme.jpg\" alt=\"\" class=\"wp-image-3084\" srcset=\"https:\/\/mecahealth.com\/wp-content\/uploads\/2023\/02\/MecaHealth-respirer-emphyseme.jpg 330w, https:\/\/mecahealth.com\/wp-content\/uploads\/2023\/02\/MecaHealth-respirer-emphyseme-300x300.jpg 300w, https:\/\/mecahealth.com\/wp-content\/uploads\/2023\/02\/MecaHealth-respirer-emphyseme-150x150.jpg 150w\" sizes=\"auto, (max-width: 330px) 100vw, 330px\" \/><\/figure>\n\n\n\n<p class=\"has-medium-font-size\">Madame X, d\u00e9passant de quelques ann\u00e9es septante ans, \u00e9tait atteinte d&rsquo;un emphys\u00e8me (pathologie d\u00e9crite dans la page \u00a0\u00bb<a href=\"https:\/\/mecahealth.com\/?page_id=772\">Poumons<\/a>\u00a0\u00bb) tr\u00e8s important r\u00e9duisant son autonomie consid\u00e9rablement. Elle vivait encore chez elle mais avec une bouteille \u00e0 oxyg\u00e8ne qu&rsquo;elle devait utiliser plusieurs fois par jour. <\/p>\n\n\n\n<p class=\"has-medium-font-size\">Elle ne sortait que si elle \u00e9tait accompagn\u00e9e car son essoufflement, et en parall\u00e8le son c\u0153ur, ne lui permettait de ne faire qu&rsquo;une cinquantaine de m\u00e8tres quand tout allait bien. L&rsquo;aidant devait placer la voiture devant l&rsquo;immeuble et partir se rapprocher au mieux de l&rsquo;endroit o\u00f9 se rendre.<\/p>\n\n\n\n<p class=\"has-medium-font-size\">Cette dame \u00e9tait tr\u00e8s alerte et avait encore la capacit\u00e9 de conduire. Seulement, son v\u00e9hicule se trouvait dans une pente de garage. Elle n&rsquo;avait jamais fait les d\u00e9marches de reconnaissance de handicap pour obtenir un stationnement devant chez elle. <\/p>\n\n\n\n<p class=\"has-medium-font-size\">Elle \u00e9tait prise depuis plus d&rsquo;une dizaine d&rsquo;ann\u00e9es par un kin\u00e9sith\u00e9rapeute travaillant principalement<strong> <\/strong>sur ses s\u00e9cr\u00e9tions et travaillant le tapotement et le travail d&rsquo;inspiration. <\/p>\n\n\n\n<p class=\"has-medium-font-size\">Apprenant que le fils d&rsquo;une connaissance avait termin\u00e9 ses \u00e9tudes, elle changea de th\u00e9rapeute. Celui-ci constatant que les s\u00e9cr\u00e9tions \u00e9taient assez limit\u00e9es et surtout qu&rsquo;il compris que cette personne (et bien d&rsquo;autres par la suite) \u00e9tait une <a href=\"https:\/\/mecahealth.com\/?page_id=487\"><em>blocante<\/em><\/a>, il changea de priorit\u00e9s.<\/p>\n\n\n\n<p class=\"has-medium-font-size\">Il travailla avec elle la conscientisation de ce blocage dans toute <a href=\"https:\/\/mecahealth.com\/?page_id=186\">situation courante<\/a> qu&rsquo;elle \u00e9tait encore capable de r\u00e9aliser notamment s&rsquo;habiller, se laver, etc. Pour arriver \u00e0 respirer tout en vacant \u00e0 ses occupations, il alla \u00e0 contre-courant de son enseignement. Il envisagea de <a href=\"https:\/\/mecahealth.com\/?page_id=1127\"><em>d\u00e9coordonner<\/em><\/a><a href=\"https:\/\/mecahealth.com\/?page_id=1127\"> tout acte physique du rythme respiratoire en pratiquant diff\u00e9rents exercices cibl\u00e9s<\/a>. Comme l&#8217;emphys\u00e8me est une atteinte qui maintient le dioxyde de carbone (CO\u00b2), le d\u00e9chet d&rsquo;oxyg\u00e8ne, il travailla l&rsquo;expiration<strong> consciente \u00e9galement qui n&rsquo;avait pas \u00e9t\u00e9 travaill\u00e9e pr\u00e9c\u00e9demment.<\/strong><\/p>\n\n\n\n<p class=\"has-medium-font-size\">Cette derni\u00e8re ne revient pas \u00e0 expirer \u00e0 fond de temps en temps seulement mais \u00e0 expirer un peu plus que ce que l&rsquo;on per\u00e7oit&nbsp;devoir faire naturellement (10% \u00e0 20% de plus que ce qui est naturel). Pourquoi cette expiration n&rsquo;est-elle pas naturelle vous dites-vous peut-\u00eatre ? Car, lorsque nous manquons d&rsquo;oxyg\u00e8ne mais aussi lorsque nous avons trop de CO\u00b2 dans le sang, le corps n&rsquo;\u00e9tant pas pr\u00e9vu pour \u00eatre pathologique, le seul r\u00e9flexe que nous avons est de prendre plus d&rsquo;oxyg\u00e8ne puisque la seule information que nous recevons et que nous sentons est un manque d&rsquo;air. Plus on est en surplus de CO\u00b2 plus on sera tent\u00e9 de prendre de l&rsquo;oxyg\u00e8ne&#8230; Il faut donc en cas de crise pour l&#8217;emphys\u00e8me, progressivement calmer sa respiration en expirant \u00e0 chaque expiration un peu plus d&rsquo;air pour \u00e9vacuer apr\u00e8s quelques minutes le gaz carbonique qui est dans le sang&#8230;<\/p>\n\n\n\n<p class=\"has-medium-font-size\">Gr\u00e2ce \u00e0 ces diff\u00e9rentes m\u00e9thodes, la patiente doubla en 3 mois ses capacit\u00e9s motrices. \u00c9tant donn\u00e9 ses difficult\u00e9s initiales, le kin\u00e9 chercha encore et trouva l&rsquo;indispensabilit\u00e9 de la <a href=\"https:\/\/mecahealth.com\/?page_id=1191\">lois des paliers<\/a> et de <a data-type=\"page\" data-id=\"1224\" href=\"https:\/\/mecahealth.com\/?page_id=1224\">l&rsquo;\u00e9charpe hivernale<\/a>.<\/p>\n\n\n\n<p class=\"has-medium-font-size\">Elle put d\u00e8s lors \u00e0 nouveau reprendre sa voiture progressivement. Elle se sentait \u00e0 nouveau libre&#8230;<\/p>\n\n\n\n<p class=\"has-medium-font-size\">Moins d&rsquo;un an plus tard, elle eut un anniversaire puis un autre qu&rsquo;elle souhaitait f\u00eater chez elle. Le kin\u00e9 lui demanda humblement de laisser un battement d&rsquo;une semaine entre les deux festivit\u00e9s, connaissant l&rsquo;\u00e9tat de son c\u0153ur. Prise dans l&rsquo;enthousiasme de cette nouvelle vie, pr\u00e9textant le fait que les meubles allaient \u00eatre d\u00e9plac\u00e9s pour l&rsquo;une et l&rsquo;autre f\u00eate et de l&rsquo;encombrement durant ladite semaine de repos possible, elle n&rsquo;en fit rien. Quelques semaines apr\u00e8s, son c\u0153ur d\u00e9compensa&#8230;<\/p>\n\n\n\n<p class=\"has-medium-font-size\">C&rsquo;est ainsi que la vocation d&rsquo;enseigner aux patients prit encore plus d&rsquo;importance dans la vie de l&rsquo;initiateur de ce site.<\/p>\n\n\n\n<h2 class=\"wp-block-heading has-medium-font-size\">Revenir \u00e0 la page \u00ab\u00a0<a href=\"https:\/\/mecahealth.com\/?page_id=772\">Poumons<\/a>\u00a0\u00bb ou au chapitre \u00ab\u00a0<a href=\"https:\/\/mecahealth.com\/?page_id=600\">Syst\u00e8me respiratoire<\/a>\u00ab\u00a0<\/h2>\n","protected":false},"excerpt":{"rendered":"<p>Attention \u00e0 lire les consignes avant de lire toute page d&rsquo;un site sant\u00e9 ! Madame X, d\u00e9passant de quelques ann\u00e9es septante ans, \u00e9tait atteinte d&rsquo;un emphys\u00e8me (pathologie d\u00e9crite dans la page \u00a0\u00bbPoumons\u00a0\u00bb) tr\u00e8s important r\u00e9duisant son autonomie consid\u00e9rablement. Elle vivait encore chez elle mais avec une bouteille \u00e0 oxyg\u00e8ne qu&rsquo;elle<a href=\"https:\/\/mecahealth.com\/?page_id=2995\" class=\"read-more\">Read More&#8230;<\/a><\/p>\n","protected":false},"author":1,"featured_media":0,"parent":0,"menu_order":0,"comment_status":"closed","ping_status":"closed","template":"","meta":{"footnotes":""},"class_list":["post-2995","page","type-page","status-publish","hentry"],"jetpack_sharing_enabled":true,"_links":{"self":[{"href":"https:\/\/mecahealth.com\/index.php?rest_route=\/wp\/v2\/pages\/2995","targetHints":{"allow":["GET"]}}],"collection":[{"href":"https:\/\/mecahealth.com\/index.php?rest_route=\/wp\/v2\/pages"}],"about":[{"href":"https:\/\/mecahealth.com\/index.php?rest_route=\/wp\/v2\/types\/page"}],"author":[{"embeddable":true,"href":"https:\/\/mecahealth.com\/index.php?rest_route=\/wp\/v2\/users\/1"}],"replies":[{"embeddable":true,"href":"https:\/\/mecahealth.com\/index.php?rest_route=%2Fwp%2Fv2%2Fcomments&post=2995"}],"version-history":[{"count":7,"href":"https:\/\/mecahealth.com\/index.php?rest_route=\/wp\/v2\/pages\/2995\/revisions"}],"predecessor-version":[{"id":3888,"href":"https:\/\/mecahealth.com\/index.php?rest_route=\/wp\/v2\/pages\/2995\/revisions\/3888"}],"wp:attachment":[{"href":"https:\/\/mecahealth.com\/index.php?rest_route=%2Fwp%2Fv2%2Fmedia&parent=2995"}],"curies":[{"name":"wp","href":"https:\/\/api.w.org\/{rel}","templated":true}]}}