{"id":2877,"date":"2023-02-13T03:40:15","date_gmt":"2023-02-13T02:40:15","guid":{"rendered":"https:\/\/mecahealth.com\/?page_id=2877"},"modified":"2023-02-14T08:59:57","modified_gmt":"2023-02-14T07:59:57","slug":"corps-plomberie-visceral-verification","status":"publish","type":"page","link":"https:\/\/mecahealth.com\/?page_id=2877","title":{"rendered":"Corps : cuisse et quadriceps"},"content":{"rendered":"\n<p><a style=\"font-size: revert;\" href=\"https:\/\/mecahealth.com\/?page_id=122\">Attention \u00e0 lire les consignes avant de lire toute page d&rsquo;un site sant\u00e9 !<\/a><\/p>\n\n\n\n<figure class=\"wp-block-image size-full is-style-rounded\"><img loading=\"lazy\" decoding=\"async\" width=\"330\" height=\"330\" src=\"https:\/\/mecahealth.com\/wp-content\/uploads\/2023\/01\/10-2.jpg\" alt=\"\" class=\"wp-image-572\" srcset=\"https:\/\/mecahealth.com\/wp-content\/uploads\/2023\/01\/10-2.jpg 330w, https:\/\/mecahealth.com\/wp-content\/uploads\/2023\/01\/10-2-300x300.jpg 300w, https:\/\/mecahealth.com\/wp-content\/uploads\/2023\/01\/10-2-150x150.jpg 150w\" sizes=\"auto, (max-width: 330px) 100vw, 330px\" \/><\/figure>\n\n\n\n<h2 class=\"wp-block-heading has-large-font-size\">Pages en cours de correction<\/h2>\n\n\n\n<p class=\"has-medium-font-size\">antagonistes <a href=\"https:\/\/mecahealth.com\/?page_id=2505\" data-type=\"page\" data-id=\"2505\">ischio-jambiers<\/a><\/p>\n\n\n\n<p class=\"has-medium-font-size\">\u00e9tirement par l&rsquo;<a href=\"https:\/\/mecahealth.com\/?page_id=1057\" data-type=\"page\" data-id=\"1057\">exercice fausse ruade<\/a><\/p>\n\n\n\n<p class=\"has-medium-font-size\"><a href=\"https:\/\/mecahealth.com\/?page_id=620\" data-type=\"page\" data-id=\"620\">genou<\/a> <a href=\"https:\/\/mecahealth.com\/?page_id=624\" data-type=\"page\" data-id=\"624\">hanche<\/a><\/p>\n\n\n\n<h2 class=\"wp-block-heading has-medium-font-size\">Revenir au chapitre \u00ab\u00a0<a href=\"https:\/\/mecahealth.com\/?page_id=75\" data-type=\"page\" data-id=\"75\">Corps m\u00e9canique<\/a>\u00ab\u00a0<\/h2>\n","protected":false},"excerpt":{"rendered":"<p>Attention \u00e0 lire les consignes avant de lire toute page d&rsquo;un site sant\u00e9 ! Pages en cours de correction antagonistes ischio-jambiers \u00e9tirement par l&rsquo;exercice fausse ruade genou hanche Revenir au chapitre \u00ab\u00a0Corps m\u00e9canique\u00ab\u00a0<\/p>\n","protected":false},"author":1,"featured_media":0,"parent":0,"menu_order":0,"comment_status":"closed","ping_status":"closed","template":"","meta":{"footnotes":""},"class_list":["post-2877","page","type-page","status-publish","hentry"],"jetpack_sharing_enabled":true,"_links":{"self":[{"href":"https:\/\/mecahealth.com\/index.php?rest_route=\/wp\/v2\/pages\/2877","targetHints":{"allow":["GET"]}}],"collection":[{"href":"https:\/\/mecahealth.com\/index.php?rest_route=\/wp\/v2\/pages"}],"about":[{"href":"https:\/\/mecahealth.com\/index.php?rest_route=\/wp\/v2\/types\/page"}],"author":[{"embeddable":true,"href":"https:\/\/mecahealth.com\/index.php?rest_route=\/wp\/v2\/users\/1"}],"replies":[{"embeddable":true,"href":"https:\/\/mecahealth.com\/index.php?rest_route=%2Fwp%2Fv2%2Fcomments&post=2877"}],"version-history":[{"count":12,"href":"https:\/\/mecahealth.com\/index.php?rest_route=\/wp\/v2\/pages\/2877\/revisions"}],"predecessor-version":[{"id":3341,"href":"https:\/\/mecahealth.com\/index.php?rest_route=\/wp\/v2\/pages\/2877\/revisions\/3341"}],"wp:attachment":[{"href":"https:\/\/mecahealth.com\/index.php?rest_route=%2Fwp%2Fv2%2Fmedia&parent=2877"}],"curies":[{"name":"wp","href":"https:\/\/api.w.org\/{rel}","templated":true}]}}