{"id":264,"date":"2023-01-06T00:57:20","date_gmt":"2023-01-05T23:57:20","guid":{"rendered":"https:\/\/mecahealth.com\/?page_id=264"},"modified":"2023-01-19T18:54:06","modified_gmt":"2023-01-19T17:54:06","slug":"situation-brosser-se-les-dents","status":"publish","type":"page","link":"https:\/\/mecahealth.com\/?page_id=264","title":{"rendered":"Situation : brosser (se) les dents"},"content":{"rendered":"\n<p><a href=\"https:\/\/mecahealth.com\/?page_id=122\">Attention \u00e0 lire les consignes avant de lire toute page d&rsquo;un site sant\u00e9 !<\/a><\/p>\n\n\n\n<figure class=\"wp-block-image size-full is-resized is-style-rounded\"><img loading=\"lazy\" decoding=\"async\" src=\"https:\/\/mecahealth.com\/wp-content\/uploads\/2023\/01\/6.jpg\" alt=\"\" class=\"wp-image-322\" width=\"330\" height=\"330\" srcset=\"https:\/\/mecahealth.com\/wp-content\/uploads\/2023\/01\/6.jpg 360w, https:\/\/mecahealth.com\/wp-content\/uploads\/2023\/01\/6-300x300.jpg 300w, https:\/\/mecahealth.com\/wp-content\/uploads\/2023\/01\/6-150x150.jpg 150w\" sizes=\"auto, (max-width: 330px) 100vw, 330px\" \/><\/figure>\n\n\n\n<p>L<span style=\"font-size: revert; color: initial;\">a situation \u00e9voqu\u00e9e dans cette page respectera au maximum les r\u00e8gles \u00ab\u00a0humaines\u00a0\u00bb suivantes :<\/span>   <span style=\"font-size: revert; color: initial;\"> <\/span><ul><li><a href=\"https:\/\/mecahealth.com\/?page_id=446\" data-type=\"page\" data-id=\"446\">Rapprochement maximum<\/a>  <\/li><li><a href=\"https:\/\/mecahealth.com\/?page_id=448\" data-type=\"page\" data-id=\"448\">Points d\u2019appui<\/a><\/li><li><a href=\"https:\/\/mecahealth.com\/?page_id=450\" data-type=\"page\" data-id=\"450\">Tirer-Pousser<\/a><\/li><\/ul><span style=\"font-size: revert; color: initial;\">Elle suivra pr\u00e9alablement les r\u00e8gles \u00ab\u00a0animales\u00a0\u00bb d\u00e9crites dans le chapitre <\/span><a style=\"font-size: revert;\" href=\"https:\/\/mecahealth.com\/?page_id=180\" data-type=\"page\" data-id=\"180\">normalit\u00e9<\/a>   <ul><li><a href=\"https:\/\/mecahealth.com\/?page_id=441\" data-type=\"page\" data-id=\"441\">Alternance contraction-rel\u00e2chement<\/a>  <\/li><li><a href=\"https:\/\/mecahealth.com\/?page_id=402\" data-type=\"URL\" data-id=\"https:\/\/mecahealth.com\/?page_id=402\">Sym\u00e9trie<\/a><\/li><li><a href=\"https:\/\/mecahealth.com\/?page_id=443\" data-type=\"page\" data-id=\"443\">Protection naturelle<\/a><\/li><\/ul><\/p>\n\n\n\n<p>Suite prochainement<\/p>\n\n\n\n<figure class=\"wp-block-image size-large\"><img loading=\"lazy\" decoding=\"async\" width=\"250\" height=\"200\" src=\"https:\/\/mecahealth.com\/wp-content\/uploads\/2023\/01\/MecaHealth-dents-brosser.gif\" alt=\"\" class=\"wp-image-1789\"\/><\/figure>\n\n\n\n<figure class=\"wp-block-image size-large\"><img loading=\"lazy\" decoding=\"async\" width=\"250\" height=\"200\" src=\"https:\/\/mecahealth.com\/wp-content\/uploads\/2023\/01\/MecaHealth-dents-se-brosser-APPUI.gif\" alt=\"\" class=\"wp-image-1790\"\/><\/figure>\n","protected":false},"excerpt":{"rendered":"<p>Attention \u00e0 lire les consignes avant de lire toute page d&rsquo;un site sant\u00e9 ! La situation \u00e9voqu\u00e9e dans cette page respectera au maximum les r\u00e8gles \u00ab\u00a0humaines\u00a0\u00bb suivantes : Rapprochement maximum Points d\u2019appui Tirer-Pousser Elle suivra pr\u00e9alablement les r\u00e8gles \u00ab\u00a0animales\u00a0\u00bb d\u00e9crites dans le chapitre normalit\u00e9 Alternance contraction-rel\u00e2chement Sym\u00e9trie Protection naturelle Suite<a href=\"https:\/\/mecahealth.com\/?page_id=264\" class=\"read-more\">Read More&#8230;<\/a><\/p>\n","protected":false},"author":1,"featured_media":0,"parent":0,"menu_order":0,"comment_status":"open","ping_status":"closed","template":"","meta":{"footnotes":""},"class_list":["post-264","page","type-page","status-publish","hentry"],"jetpack_sharing_enabled":true,"_links":{"self":[{"href":"https:\/\/mecahealth.com\/index.php?rest_route=\/wp\/v2\/pages\/264","targetHints":{"allow":["GET"]}}],"collection":[{"href":"https:\/\/mecahealth.com\/index.php?rest_route=\/wp\/v2\/pages"}],"about":[{"href":"https:\/\/mecahealth.com\/index.php?rest_route=\/wp\/v2\/types\/page"}],"author":[{"embeddable":true,"href":"https:\/\/mecahealth.com\/index.php?rest_route=\/wp\/v2\/users\/1"}],"replies":[{"embeddable":true,"href":"https:\/\/mecahealth.com\/index.php?rest_route=%2Fwp%2Fv2%2Fcomments&post=264"}],"version-history":[{"count":5,"href":"https:\/\/mecahealth.com\/index.php?rest_route=\/wp\/v2\/pages\/264\/revisions"}],"predecessor-version":[{"id":1814,"href":"https:\/\/mecahealth.com\/index.php?rest_route=\/wp\/v2\/pages\/264\/revisions\/1814"}],"wp:attachment":[{"href":"https:\/\/mecahealth.com\/index.php?rest_route=%2Fwp%2Fv2%2Fmedia&parent=264"}],"curies":[{"name":"wp","href":"https:\/\/api.w.org\/{rel}","templated":true}]}}