{"id":2203,"date":"2023-01-29T01:05:20","date_gmt":"2023-01-29T00:05:20","guid":{"rendered":"https:\/\/mecahealth.com\/?page_id=2203"},"modified":"2023-10-29T17:13:03","modified_gmt":"2023-10-29T16:13:03","slug":"exemple-yogiste-dilate","status":"publish","type":"page","link":"https:\/\/mecahealth.com\/?page_id=2203","title":{"rendered":"Exemple : yogiste dilat\u00e9"},"content":{"rendered":"\n<p><a href=\"https:\/\/mecahealth.com\/?page_id=122\">Attention \u00e0 lire les consignes avant de lire toute page d&rsquo;un site sant\u00e9 !<\/a><\/p>\n\n\n\n<figure class=\"wp-block-image size-full is-style-rounded\"><img loading=\"lazy\" decoding=\"async\" width=\"330\" height=\"330\" src=\"https:\/\/mecahealth.com\/wp-content\/uploads\/2023\/01\/MecaHealth-ventre-dilate.jpg\" alt=\"\" class=\"wp-image-2224\" srcset=\"https:\/\/mecahealth.com\/wp-content\/uploads\/2023\/01\/MecaHealth-ventre-dilate.jpg 330w, https:\/\/mecahealth.com\/wp-content\/uploads\/2023\/01\/MecaHealth-ventre-dilate-300x300.jpg 300w, https:\/\/mecahealth.com\/wp-content\/uploads\/2023\/01\/MecaHealth-ventre-dilate-150x150.jpg 150w\" sizes=\"auto, (max-width: 330px) 100vw, 330px\" \/><\/figure>\n\n\n\n<p><a href=\"https:\/\/mecahealth.com\/?page_id=474\" data-type=\"page\" data-id=\"474\">Toute ressemblance avec des personnes ayant exist\u00e9 n&rsquo;est pas fortuite mais ne doit pas \u00eatre interpr\u00e9t\u00e9e, \u00e0 l&rsquo;instar d&rsquo;une chanson qu&rsquo;on a envie d&rsquo;imaginer \u00e9crite pour soi<\/a>.<\/p>\n\n\n\n<p class=\"has-medium-font-size\">Monsieur X, professeur professionnel de Yoga consultant pour une bronchite chronique, s&rsquo;\u00e9tonnait d&rsquo;avoir des probl\u00e8mes respiratoires majeurs depuis des ann\u00e9es. Au moment de la rencontre, il devait avoir environ 65 ans.  Ses difficult\u00e9s respiratoires augmentaient au fur et \u00e0 mesure des ann\u00e9es.<\/p>\n\n\n\n<p class=\"has-medium-font-size\">Son incompr\u00e9hension provenait principalement du fait de travailler sa respiration quotidiennement durant son yoga personnel et durant les cours qu&rsquo;il donnait presque tous les jours.  Sa pratique \u00e9tait bas\u00e9e comme beaucoup sur une respiration abdominale. De ce fait, \u00e0 la longue, son abdomen s&rsquo;est fortement dilat\u00e9. Lors de la discussion, nous pouvions comprendre que la respiration thoracique lui semblait superflue.<\/p>\n\n\n\n<p class=\"has-medium-font-size\">Il lui \u00e9tait devenu impossible de rentrer son ventre volontairement m\u00eame couch\u00e9 sur le dos.<\/p>\n\n\n\n<p class=\"has-medium-font-size\">Durant l&rsquo;auscultation, l&rsquo;\u00e9vidence m\u00e9canique nous sauta aux oreilles : les r\u00e2les bronchiteux se trouvaient exclusivement dans la partie haute des poumons ; la partie dans laquelle il n&rsquo;arrivait plus \u00e0 ventiler correctement par un travail abusif de l&rsquo;abdomen en place d&rsquo;une respiration thoracique d&rsquo;efforts. Il lui fallu r\u00e9apprendre \u00e0 travailler sa respiration thoracique et revenir en arri\u00e8re sur les id\u00e9es fausses qui lui avait \u00e9t\u00e9 transmises par des soit disant connaisseurs ou par une mauvaise explication de ces derniers. Il ne faut pas confondre bien-\u00eatre et <em>d\u00e9naturisation<\/em>. Il ne faut pas confondre relaxation et d\u00e9tente. Nous y reviendrons sans doute dans le chapitre <a href=\"https:\/\/mecahealth.com\/?page_id=127\" data-type=\"page\" data-id=\"127\"><em>Corps psychique<\/em><\/a> ult\u00e9rieurement.<\/p>\n\n\n\n<p class=\"has-medium-font-size\">Non, vous l&rsquo;aurez compris. La respiration abdominale n&rsquo;est pas la panac\u00e9e mais un \u00e9l\u00e9ment important \u00e0 r\u00e9aliser <a href=\"https:\/\/mecahealth.com\/?page_id=1565\" data-type=\"page\" data-id=\"1565\">en dehors des moments d&rsquo;efforts<\/a>. Elle est m\u00eame n\u00e9faste s&rsquo;il est consid\u00e9r\u00e9e comme la norme aussi bien pour la respiration que pour les <a href=\"https:\/\/mecahealth.com\/?page_id=212\" data-type=\"page\" data-id=\"212\">lombaires<\/a>.<\/p>\n\n\n\n<p class=\"has-medium-font-size\">Le <a href=\"https:\/\/mecahealth.com\/?page_id=5837\" data-type=\"page\" data-id=\"5837\">yoga<\/a>, comme la plupart des ateliers et sports de bien-\u00eatre peuvent apporter des solutions psychiques et physiques s&rsquo;ils ne sont pas r\u00e9alis\u00e9s par des <a href=\"https:\/\/mecahealth.com\/?page_id=2304\" data-type=\"page\" data-id=\"2304\">extr\u00e9mistes<\/a> ou des manipulateurs.<\/p>\n\n\n\n<p>(&#8230;)<\/p>\n\n\n\n<h2 class=\"wp-block-heading has-medium-font-size\">Revenir au chapitre <em><a href=\"https:\/\/mecahealth.com\/?page_id=600\" data-type=\"page\" data-id=\"600\">Syst\u00e8me respiratoire<\/a><\/em>, <em><a href=\"https:\/\/mecahealth.com\/?page_id=474\" data-type=\"page\" data-id=\"474\">Exemples<\/a><\/em> ou \u00e0 la page <a href=\"https:\/\/mecahealth.com\/?page_id=2201\" data-type=\"page\" data-id=\"2201\"><em>Ventre<\/em><\/a><\/h2>\n","protected":false},"excerpt":{"rendered":"<p>Attention \u00e0 lire les consignes avant de lire toute page d&rsquo;un site sant\u00e9 ! Toute ressemblance avec des personnes ayant exist\u00e9 n&rsquo;est pas fortuite mais ne doit pas \u00eatre interpr\u00e9t\u00e9e, \u00e0 l&rsquo;instar d&rsquo;une chanson qu&rsquo;on a envie d&rsquo;imaginer \u00e9crite pour soi. Monsieur X, professeur professionnel de Yoga consultant pour une<a href=\"https:\/\/mecahealth.com\/?page_id=2203\" class=\"read-more\">Read More&#8230;<\/a><\/p>\n","protected":false},"author":1,"featured_media":0,"parent":0,"menu_order":0,"comment_status":"closed","ping_status":"closed","template":"","meta":{"footnotes":""},"class_list":["post-2203","page","type-page","status-publish","hentry"],"jetpack_sharing_enabled":true,"_links":{"self":[{"href":"https:\/\/mecahealth.com\/index.php?rest_route=\/wp\/v2\/pages\/2203","targetHints":{"allow":["GET"]}}],"collection":[{"href":"https:\/\/mecahealth.com\/index.php?rest_route=\/wp\/v2\/pages"}],"about":[{"href":"https:\/\/mecahealth.com\/index.php?rest_route=\/wp\/v2\/types\/page"}],"author":[{"embeddable":true,"href":"https:\/\/mecahealth.com\/index.php?rest_route=\/wp\/v2\/users\/1"}],"replies":[{"embeddable":true,"href":"https:\/\/mecahealth.com\/index.php?rest_route=%2Fwp%2Fv2%2Fcomments&post=2203"}],"version-history":[{"count":12,"href":"https:\/\/mecahealth.com\/index.php?rest_route=\/wp\/v2\/pages\/2203\/revisions"}],"predecessor-version":[{"id":5839,"href":"https:\/\/mecahealth.com\/index.php?rest_route=\/wp\/v2\/pages\/2203\/revisions\/5839"}],"wp:attachment":[{"href":"https:\/\/mecahealth.com\/index.php?rest_route=%2Fwp%2Fv2%2Fmedia&parent=2203"}],"curies":[{"name":"wp","href":"https:\/\/api.w.org\/{rel}","templated":true}]}}