{"id":186,"date":"2022-12-26T19:17:07","date_gmt":"2022-12-26T18:17:07","guid":{"rendered":"http:\/\/mecahealth.com\/?page_id=186"},"modified":"2026-04-05T15:13:33","modified_gmt":"2026-04-05T13:13:33","slug":"situations-courantes","status":"publish","type":"page","link":"https:\/\/mecahealth.com\/?page_id=186","title":{"rendered":"Situations courantes"},"content":{"rendered":"\n<p class=\"has-small-font-size\"><a style=\"font-size: revert;\" href=\"https:\/\/mecahealth.com\/?page_id=122\">Attention \u00e0 lire les consignes avant de lire toute page d&rsquo;un site sant\u00e9 !<\/a><\/p>\n\n\n\n<figure class=\"wp-block-image size-full is-style-rounded\"><img loading=\"lazy\" decoding=\"async\" width=\"300\" height=\"290\" src=\"https:\/\/mecahealth.com\/wp-content\/uploads\/2023\/01\/image.png\" alt=\"\" class=\"wp-image-238\"\/><\/figure>\n\n\n\n<p class=\"has-medium-font-size\">Bien qu&rsquo;il soit difficilement possible d&rsquo;envisager toutes les situations courantes de chacun, nous \u00e9voquerons progressivement le plus grand nombre possible de situations. Si vous souhaitez des informations cibl\u00e9es ou une correction personnalis\u00e9e, nous vous invitons \u00e0 nous contacter pour que nous r\u00e9alisions une analyse sp\u00e9cifique et vous proposions la <a data-type=\"page\" data-id=\"146\" href=\"https:\/\/mecahealth.com\/?page_id=146\">formation la plus adapt\u00e9e \u00e0 vos besoins<\/a>. <\/p>\n\n\n<div class=\"wp-block-image\">\n<figure class=\"alignleft size-full is-resized\"><img loading=\"lazy\" decoding=\"async\" width=\"330\" height=\"330\" src=\"https:\/\/mecahealth.com\/wp-content\/uploads\/2023\/02\/MecaHealth-laver-vaisselle-2.jpg\" alt=\"\" class=\"wp-image-2635\" style=\"width:150px;height:150px\" srcset=\"https:\/\/mecahealth.com\/wp-content\/uploads\/2023\/02\/MecaHealth-laver-vaisselle-2.jpg 330w, https:\/\/mecahealth.com\/wp-content\/uploads\/2023\/02\/MecaHealth-laver-vaisselle-2-300x300.jpg 300w, https:\/\/mecahealth.com\/wp-content\/uploads\/2023\/02\/MecaHealth-laver-vaisselle-2-150x150.jpg 150w\" sizes=\"auto, (max-width: 330px) 100vw, 330px\" \/><\/figure>\n<\/div>\n\n\n<p class=\"has-medium-font-size\">En dehors de ce que nous <a href=\"https:\/\/mecahealth.com\/?page_id=1259\">d\u00e9taillons comme des positions (assis, debout, etc.)<\/a>, nous avons d\u00e9j\u00e0 d\u00e9taill\u00e9 quelques situations parmi les suivantes que nous d\u00e9veloppons \u00e9galement dans le cadre de <a href=\"https:\/\/mecahealth.com\/?page_id=6325\" data-type=\"page\" data-id=\"6325\">diff\u00e9rentes professions<\/a> : <\/p>\n\n\n\n<p><\/p>\n\n\n\n<p><\/p>\n\n\n\n<div class=\"wp-block-columns has-medium-font-size is-layout-flex wp-container-core-columns-is-layout-9d6595d7 wp-block-columns-is-layout-flex\">\n<div class=\"wp-block-column is-layout-flow wp-block-column-is-layout-flow\" style=\"flex-basis:100%\">\n<ul class=\"wp-block-list\">\n<li class=\"has-medium-font-size\"><a href=\"https:\/\/mecahealth.com\/?page_id=242\" data-type=\"page\" data-id=\"242\" target=\"_blank\" rel=\"noreferrer noopener\">Arts m\u00e9nagers<\/a><\/li>\n\n\n\n<li><a href=\"https:\/\/mecahealth.com\/?page_id=434\" data-type=\"page\" data-id=\"434\">Boire<\/a> ou <a href=\"https:\/\/mecahealth.com\/?page_id=3662\" data-type=\"page\" data-id=\"3662\">mouvement de boire<\/a><\/li>\n\n\n\n<li><a rel=\"noreferrer noopener\" href=\"https:\/\/mecahealth.com\/?page_id=184\" data-type=\"page\" data-id=\"184\" target=\"_blank\">Bouger (mouvements)<\/a><\/li>\n\n\n\n<li><a href=\"https:\/\/mecahealth.com\/?page_id=2599\" data-type=\"page\" data-id=\"2599\">Caresser au sol <\/a><\/li>\n\n\n\n<li><a href=\"https:\/\/mecahealth.com\/?page_id=3051\" data-type=\"page\" data-id=\"3051\">Chanter<\/a><\/li>\n\n\n\n<li><a rel=\"noreferrer noopener\" href=\"https:\/\/mecahealth.com\/?page_id=259\" data-type=\"page\" data-id=\"259\" target=\"_blank\">Bouger (sports)<\/a><\/li>\n\n\n\n<li><a href=\"https:\/\/mecahealth.com\/?page_id=262\" data-type=\"page\" data-id=\"262\" target=\"_blank\" rel=\"noreferrer noopener\">Bricoler<\/a><\/li>\n\n\n\n<li><a href=\"https:\/\/mecahealth.com\/?page_id=264\" data-type=\"page\" data-id=\"264\" target=\"_blank\" rel=\"noreferrer noopener\">Brosser (se) les dents<\/a><\/li>\n\n\n\n<li><a href=\"https:\/\/mecahealth.com\/?page_id=2234\" data-type=\"page\" data-id=\"2234\" target=\"_blank\" rel=\"noreferrer noopener\">Chuter ou tomber<\/a><\/li>\n\n\n\n<li><a href=\"https:\/\/mecahealth.com\/?page_id=266\" data-type=\"page\" data-id=\"266\" target=\"_blank\" rel=\"noreferrer noopener\">Cuisiner<\/a><\/li>\n\n\n\n<li><a href=\"https:\/\/mecahealth.com\/?page_id=268\" data-type=\"page\" data-id=\"268\" target=\"_blank\" rel=\"noreferrer noopener\">D\u00e9f\u00e9quer<\/a><\/li>\n\n\n\n<li><a href=\"https:\/\/mecahealth.com\/?page_id=278\" data-type=\"page\" data-id=\"278\" target=\"_blank\" rel=\"noreferrer noopener\">D\u00e9m\u00e9nager<\/a><\/li>\n\n\n\n<li><a rel=\"noreferrer noopener\" href=\"https:\/\/mecahealth.com\/?page_id=270\" data-type=\"page\" data-id=\"270\" target=\"_blank\">Dormir<\/a><\/li>\n\n\n\n<li><strong><a href=\"https:\/\/mecahealth.com\/?page_id=2612\">\u00catre parent<\/a><\/strong><\/li>\n<\/ul>\n<\/div>\n\n\n\n<div class=\"wp-block-column is-layout-flow wp-block-column-is-layout-flow\" style=\"flex-basis:100%\">\n<ul class=\"wp-block-list\">\n<li class=\"has-medium-font-size\"><a href=\"https:\/\/mecahealth.com\/?page_id=5275\" data-type=\"page\" data-id=\"5275\">\u00catre enceinte<\/a> (grossesse)<\/li>\n\n\n\n<li><a href=\"https:\/\/mecahealth.com\/?page_id=2596\" data-type=\"page\" data-id=\"2596\" target=\"_blank\" rel=\"noreferrer noopener\">Jardiner<\/a><\/li>\n\n\n\n<li><a href=\"https:\/\/mecahealth.com\/?page_id=201\" data-type=\"page\" data-id=\"201\" target=\"_blank\" rel=\"noreferrer noopener\">Lire<\/a><\/li>\n\n\n\n<li><a href=\"https:\/\/mecahealth.com\/?page_id=272\" data-type=\"page\" data-id=\"272\" target=\"_blank\" rel=\"noreferrer noopener\">Manger<\/a><\/li>\n\n\n\n<li><a href=\"https:\/\/mecahealth.com\/?page_id=1530\" data-type=\"page\" data-id=\"1530\" target=\"_blank\" rel=\"noreferrer noopener\">Porter valises<\/a><\/li>\n\n\n\n<li><a href=\"https:\/\/mecahealth.com\/?page_id=274\" data-type=\"page\" data-id=\"274\" target=\"_blank\" rel=\"noreferrer noopener\">Porter caisses<\/a><\/li>\n\n\n\n<li><a rel=\"noreferrer noopener\" href=\"https:\/\/mecahealth.com\/?page_id=276\" data-type=\"page\" data-id=\"276\" target=\"_blank\">Ranger<\/a><\/li>\n\n\n\n<li><a href=\"https:\/\/mecahealth.com\/?page_id=2599\" data-type=\"page\" data-id=\"2599\">Ramasser<\/a><\/li>\n\n\n\n<li><a href=\"https:\/\/mecahealth.com\/?page_id=280\" data-type=\"page\" data-id=\"280\" target=\"_blank\" rel=\"noreferrer noopener\">Respirer<\/a><\/li>\n\n\n\n<li><a href=\"https:\/\/mecahealth.com\/?page_id=259\" data-type=\"page\" data-id=\"259\">Sport<\/a> (pratiquer un &#8230;)<\/li>\n\n\n\n<li><a href=\"https:\/\/mecahealth.com\/?page_id=1099\" data-type=\"page\" data-id=\"1099\" target=\"_blank\" rel=\"noreferrer noopener\">T\u00e9l\u00e9phoner<\/a><\/li>\n\n\n\n<li><strong><a href=\"https:\/\/mecahealth.com\/?page_id=4346\">TRAVAILLER<\/a><\/strong><\/li>\n\n\n\n<li><a href=\"https:\/\/mecahealth.com\/?page_id=282\" data-type=\"page\" data-id=\"282\" target=\"_blank\" rel=\"noreferrer noopener\">Uriner<\/a><\/li>\n\n\n\n<li><a href=\"https:\/\/mecahealth.com\/?page_id=361\" data-type=\"URL\" data-id=\"https:\/\/mecahealth.com\/?page_id=361\" target=\"_blank\" rel=\"noreferrer noopener\">Vieillir<\/a><\/li>\n\n\n\n<li>&#8230;<\/li>\n<\/ul>\n<\/div>\n<\/div>\n\n\n\n<h2 class=\"wp-block-heading\"><span style=\"font-size: var(--wp--preset--font-size--medium) ; color: initial;\">Abonnez-vous sur nos diff\u00e9rentes pages pour \u00eatre averti(s) des nouvelles mises en ligne&#8230;<\/span><\/h2>\n\n\n<div class=\"wp-block-image\">\n<figure class=\"alignleft size-full is-resized\"><img loading=\"lazy\" decoding=\"async\" width=\"330\" height=\"330\" src=\"https:\/\/mecahealth.com\/wp-content\/uploads\/2023\/02\/MecaHealth-defequer-attention.jpg\" alt=\"\" class=\"wp-image-2782\" style=\"width:250px;height:245px\" srcset=\"https:\/\/mecahealth.com\/wp-content\/uploads\/2023\/02\/MecaHealth-defequer-attention.jpg 330w, https:\/\/mecahealth.com\/wp-content\/uploads\/2023\/02\/MecaHealth-defequer-attention-300x300.jpg 300w, https:\/\/mecahealth.com\/wp-content\/uploads\/2023\/02\/MecaHealth-defequer-attention-150x150.jpg 150w\" sizes=\"auto, (max-width: 330px) 100vw, 330px\" \/><\/figure>\n<\/div>\n\n\n<p class=\"has-small-font-size\"><a rel=\"noreferrer noopener\" href=\"https:\/\/www.facebook.com\/MecaHealthAsbl\" target=\"_blank\">Facebook MecaHealthAsbl<\/a> &#8211; <a rel=\"noreferrer noopener\" href=\"https:\/\/www.linkedin.com\/company\/mecahealth\/\" target=\"_blank\">Linkedin MecaHealth<\/a> &#8211; <a rel=\"noreferrer noopener\" href=\"https:\/\/www.youtube.com\/channel\/UCJb5g--IGlU6FgQLQKaJljg\" target=\"_blank\">Youtube cha\u00eene MecaHealth<\/a> &#8211; Instagram (pas encore)<\/p>\n\n\n\n<h2 class=\"wp-block-heading has-medium-font-size\">Vous avez aim\u00e9 l&rsquo;information que MecaHealth apporte, vous pouvez nous contacter pour l&rsquo;une ou l&rsquo;autre <a data-type=\"page\" data-id=\"146\" href=\"https:\/\/mecahealth.com\/?page_id=146\">formation<\/a>, nous appuyer en transmettant l&rsquo;adresse de notre site mais \u00e9galement par <a data-type=\"page\" data-id=\"172\" href=\"https:\/\/mecahealth.com\/?page_id=172\">d&rsquo;autres appuis<\/a>.<\/h2>\n","protected":false},"excerpt":{"rendered":"<p>Attention \u00e0 lire les consignes avant de lire toute page d&rsquo;un site sant\u00e9 ! Bien qu&rsquo;il soit difficilement possible d&rsquo;envisager toutes les situations courantes de chacun, nous \u00e9voquerons progressivement le plus grand nombre possible de situations. Si vous souhaitez des informations cibl\u00e9es ou une correction personnalis\u00e9e, nous vous invitons \u00e0<a href=\"https:\/\/mecahealth.com\/?page_id=186\" class=\"read-more\">Read More&#8230;<\/a><\/p>\n","protected":false},"author":1,"featured_media":0,"parent":0,"menu_order":0,"comment_status":"closed","ping_status":"closed","template":"","meta":{"footnotes":""},"class_list":["post-186","page","type-page","status-publish","hentry"],"jetpack_sharing_enabled":true,"_links":{"self":[{"href":"https:\/\/mecahealth.com\/index.php?rest_route=\/wp\/v2\/pages\/186","targetHints":{"allow":["GET"]}}],"collection":[{"href":"https:\/\/mecahealth.com\/index.php?rest_route=\/wp\/v2\/pages"}],"about":[{"href":"https:\/\/mecahealth.com\/index.php?rest_route=\/wp\/v2\/types\/page"}],"author":[{"embeddable":true,"href":"https:\/\/mecahealth.com\/index.php?rest_route=\/wp\/v2\/users\/1"}],"replies":[{"embeddable":true,"href":"https:\/\/mecahealth.com\/index.php?rest_route=%2Fwp%2Fv2%2Fcomments&post=186"}],"version-history":[{"count":44,"href":"https:\/\/mecahealth.com\/index.php?rest_route=\/wp\/v2\/pages\/186\/revisions"}],"predecessor-version":[{"id":8813,"href":"https:\/\/mecahealth.com\/index.php?rest_route=\/wp\/v2\/pages\/186\/revisions\/8813"}],"wp:attachment":[{"href":"https:\/\/mecahealth.com\/index.php?rest_route=%2Fwp%2Fv2%2Fmedia&parent=186"}],"curies":[{"name":"wp","href":"https:\/\/api.w.org\/{rel}","templated":true}]}}