{"id":1565,"date":"2023-01-17T11:51:00","date_gmt":"2023-01-17T10:51:00","guid":{"rendered":"https:\/\/mecahealth.com\/?page_id=1565"},"modified":"2025-11-29T05:07:22","modified_gmt":"2025-11-29T04:07:22","slug":"normalite-ventre-rentre-a-leffort","status":"publish","type":"page","link":"https:\/\/mecahealth.com\/?page_id=1565","title":{"rendered":"Normalit\u00e9 : ventre rentr\u00e9 \u00e0 l&rsquo;effort"},"content":{"rendered":"\n<p class=\"has-small-font-size\"><a href=\"https:\/\/mecahealth.com\/?page_id=122\">Attention \u00e0 lire les consignes avant de lire toute page d&rsquo;un site sant\u00e9 !<\/a><\/p>\n\n\n\n<figure class=\"wp-block-image size-full is-style-rounded\"><img loading=\"lazy\" decoding=\"async\" width=\"330\" height=\"330\" src=\"https:\/\/mecahealth.com\/wp-content\/uploads\/2023\/01\/Gymnastique-sol-pilate-1.jpg\" alt=\"\" class=\"wp-image-935\" srcset=\"https:\/\/mecahealth.com\/wp-content\/uploads\/2023\/01\/Gymnastique-sol-pilate-1.jpg 330w, https:\/\/mecahealth.com\/wp-content\/uploads\/2023\/01\/Gymnastique-sol-pilate-1-300x300.jpg 300w, https:\/\/mecahealth.com\/wp-content\/uploads\/2023\/01\/Gymnastique-sol-pilate-1-150x150.jpg 150w\" sizes=\"auto, (max-width: 330px) 100vw, 330px\" \/><\/figure>\n\n\n\n<p class=\"has-medium-font-size\">Observez bien un coureur de fond qui dans son maillot actuel laisse appara\u00eetre facilement son ventre. Le voyez-vous en train de r\u00e9aliser une <a href=\"https:\/\/mecahealth.com\/?page_id=600\" data-type=\"page\" data-id=\"600\">respiration abdominale<\/a> ? Le voyez-vous rel\u00e2cher le ventre v\u00e9ritablement ?<\/p>\n\n\n\n<figure class=\"wp-block-image size-full\"><img loading=\"lazy\" decoding=\"async\" width=\"248\" height=\"248\" src=\"https:\/\/mecahealth.com\/wp-content\/uploads\/2023\/10\/MecaHealth-courir.jpg\" alt=\"\" class=\"wp-image-5813\" srcset=\"https:\/\/mecahealth.com\/wp-content\/uploads\/2023\/10\/MecaHealth-courir.jpg 248w, https:\/\/mecahealth.com\/wp-content\/uploads\/2023\/10\/MecaHealth-courir-150x150.jpg 150w\" sizes=\"auto, (max-width: 248px) 100vw, 248px\" \/><\/figure>\n\n\n\n<p class=\"has-medium-font-size\">Le ventre doit rentrer pour tout effort et m\u00eame toute <a href=\"https:\/\/mecahealth.com\/?page_id=3499\" data-type=\"page\" data-id=\"3499\">rotation<\/a>. Le ventre sera d\u00e8s lors rentr\u00e9 pas seulement durant <a href=\"https:\/\/mecahealth.com\/?page_id=259\" data-type=\"page\" data-id=\"259\">n&rsquo;importe quel sport<\/a> mais \u00e9galement en <a href=\"https:\/\/mecahealth.com\/?page_id=428\" data-type=\"page\" data-id=\"428\">marchant<\/a>, en toussant, se retournant, en \u00e9ternuant, en pleurant, en rigolant, en se <a href=\"https:\/\/mecahealth.com\/?page_id=489\" data-type=\"page\" data-id=\"489\">mouchant<\/a>, en <a href=\"https:\/\/mecahealth.com\/?page_id=257\" data-type=\"page\" data-id=\"257\">se levant<\/a>, etc. et ce, m\u00eame durant la <a href=\"https:\/\/mecahealth.com\/?page_id=5275\" data-type=\"page\" data-id=\"5275\">grossesse<\/a> mais dans d&rsquo;autres proportions tout de m\u00eame notamment pour \u00e9viter, \u00e0 court et moyen terme, <a href=\"https:\/\/mecahealth.com\/?page_id=491\" data-type=\"page\" data-id=\"491\">les pertes urinaires<\/a>. Ce qui permet de rentrer le ventre est principalement le travail des <a href=\"https:\/\/mecahealth.com\/?page_id=615\" data-type=\"page\" data-id=\"615\">transverses (l&rsquo;un des abdominaux<\/a>)<\/p>\n\n\n\n<p class=\"has-medium-font-size\">Si le ventre sort, c&rsquo;est donc bien par mauvaises habitudes \u00e9galement en plus bien entendu des <a href=\"https:\/\/mecahealth.com\/?page_id=395\" data-type=\"page\" data-id=\"395\">probl\u00e8mes de poids<\/a>. Par exemple, qu&rsquo;est-ce qui explique qu&rsquo;une m\u00eame personne apr\u00e8s deux ou trois ann\u00e9es de travail, commence \u00e0 voir son ventre se dilater puis s&rsquo;engraisser alors que celui-ci pratique encore et toujours un sport r\u00e9guli\u00e8rement ?<\/p>\n\n\n\n<p class=\"has-medium-font-size\">L&rsquo;\u00e9tudiant est le plus souvent \u00e0 pied qu&rsquo;en auto. S&rsquo;il dispose d&rsquo;une voiture malgr\u00e9 tout, pour aller faire ses petites courses afin d&rsquo;\u00e9viter de devoir payer trop d&rsquo;essence, il <a href=\"https:\/\/mecahealth.com\/?page_id=428\" data-type=\"page\" data-id=\"428\">marche<\/a> pour quelques centaines de m\u00e8tres alors que le travailleur ne se souciant pas toujours de cette forme de d\u00e9pense et d&rsquo;autant plus s&rsquo;il a une voiture de soci\u00e9t\u00e9, est pr\u00eat \u00e0 prendre sa voiture pour deux cent m\u00e8tres pour gagner quelques minutes notamment.<\/p>\n\n\n\n<p class=\"has-medium-font-size\">L&rsquo;\u00e9tudiant marche d&rsquo;un auditoire \u00e0 l&rsquo;autre situ\u00e9 parfois bien loin l&rsquo;un de l&rsquo;autre. L&rsquo;\u00e9tudiant court apr\u00e8s le m\u00e9tro, ou apr\u00e8s les filles (ou les hommes), va danser plus r\u00e9guli\u00e8rement, va <a href=\"https:\/\/mecahealth.com\/?page_id=259\" data-type=\"page\" data-id=\"259\">faire du sport<\/a> dans la suite de cette dynamique alors que le travailleur marche le plus souvent d&rsquo;un bureau \u00e0 un autre sur de petites distances, la dynamique du ventre est d\u00e8s lors moins importante. Le travailleur en costume et en chaussures de ville h\u00e9site plus facilement \u00e0 courir. Apr\u00e8s le travail, il n&rsquo;a plus le courage ou \u00e0 <a href=\"https:\/\/mecahealth.com\/?page_id=998\" data-type=\"page\" data-id=\"998\">peur d&rsquo;\u00eatre fatigu\u00e9 le lendemain et h\u00e9site \u00e0 sortir (alors que parfois c&rsquo;est l&rsquo;inverse qui se passe)<\/a>.<\/p>\n\n\n\n<p class=\"has-medium-font-size\">S&rsquo;il va <a href=\"https:\/\/mecahealth.com\/?page_id=259\" data-type=\"page\" data-id=\"259\">faire du sport<\/a>, il y va souvent plus fatigu\u00e9, stress\u00e9 et donc avec le ventre d\u00e9j\u00e0 rel\u00e2ch\u00e9 qui ne se  positionnera pas convenablement \u00e0 l&rsquo;effort.<\/p>\n\n\n\n<p class=\"has-medium-font-size\"><a href=\"https:\/\/mecahealth.com\/?page_id=297\" data-type=\"page\" data-id=\"297\">S&rsquo;il est assis<\/a>, l&rsquo;\u00e9tudiant est plus souvent vautr\u00e9 en arri\u00e8re. Le ventre sort moins que <a href=\"https:\/\/mecahealth.com\/?page_id=295\" data-type=\"page\" data-id=\"295\">le travailleur qui se porte trop en avant<\/a> sur ses dossiers ou sur son clavier au lieu d&rsquo;\u00eatre bien mis au fond de son fauteuil. Plac\u00e9 en avant, les muscles lombaires se fatiguent et le ventre sort \u00e0 nouveau.<\/p>\n\n\n\n<p class=\"has-medium-font-size\">Au fur et \u00e0 mesure de la vie, le corps \u00e9tant mis trop dans des situations en avant, le ventre se fatigue et au lieu de rentrer l\u00e9g\u00e8rement pour soutenir le dos, il se rel\u00e2che.<\/p>\n\n\n\n<p class=\"has-medium-font-size\">Il consomme ainsi de moins en moins de graisse localement. Il est donc naturel de voir cette zone progressivement accro\u00eetre son tissus adipeux (tissus graisseux).<\/p>\n\n\n\n<p class=\"has-medium-font-size\">Rentrons donc l\u00e9g\u00e8rement le ventre lorsque nous nous mettons en avant comme il devrait le faire spontan\u00e9ment. Le dos ne s&rsquo;en portera que mieux et notre ligne aussi &#8230;<\/p>\n\n\n\n<p class=\"has-medium-font-size\">Sachant que le mouvement de se fl\u00e9chir en avant se fait des centaines de fois par jour, il serait bon d&rsquo;apprendre \u00e0 prendre des <a href=\"https:\/\/mecahealth.com\/?page_id=448\" data-type=\"page\" data-id=\"448\">points d&rsquo;appui<\/a> mais surtout de comprendre qu&rsquo;il est difficile voire impossible d&rsquo;arriver \u00e0 y penser \u00e0 chaque fois. Seulement, chaque fois que le ventre travaille, le corps s&rsquo;\u00e9loigne du seuil de douleur ou retarde la <a href=\"https:\/\/mecahealth.com\/?page_id=1762\" data-type=\"page\" data-id=\"1762\">dilatation excessive<\/a>. Ne nous d\u00e9courageons pas. La r\u00e9flexion deviendra de plus en plus spontan\u00e9e.<\/p>\n\n\n\n<p>(&#8230;)<\/p>\n\n\n\n<p class=\"has-large-font-size\">Une chanson \u00e0 \u00e9couter en boucle pour prendre de bonnes habitudes (<a href=\"https:\/\/youtube.com\/shorts\/2RC9ro1ZTjo\" target=\"_blank\" rel=\"noreferrer noopener\">version Rock<\/a>) ou <a href=\"https:\/\/youtube.com\/shorts\/vQa1i-iskt4\" target=\"_blank\" rel=\"noreferrer noopener\">version Slow<\/a> :<\/p>\n\n\n\n<figure class=\"wp-block-embed is-type-video is-provider-youtube wp-block-embed-youtube wp-embed-aspect-4-3 wp-has-aspect-ratio\"><div class=\"wp-block-embed__wrapper\">\n<iframe loading=\"lazy\" title=\"MecaHealth by  Lelitch : rentre ton VENTRE (Rock version)\" width=\"506\" height=\"900\" src=\"https:\/\/www.youtube.com\/embed\/2RC9ro1ZTjo?feature=oembed\" frameborder=\"0\" allow=\"accelerometer; autoplay; clipboard-write; encrypted-media; gyroscope; picture-in-picture; web-share\" referrerpolicy=\"strict-origin-when-cross-origin\" allowfullscreen><\/iframe>\n<\/div><\/figure>\n\n\n\n<h2 class=\"wp-block-heading has-medium-font-size\">Revenir \u00e0 la page <em><a href=\"http:\/\/esth\u00e9tique\" data-type=\"URL\" data-id=\"esth\u00e9tique\">Esth\u00e9tique<\/a> <\/em>ou<em> <a href=\"https:\/\/mecahealth.com\/?page_id=1107\" data-type=\"page\" data-id=\"1107\">Ventre &#8211; Abdominaux<\/a><\/em><\/h2>\n","protected":false},"excerpt":{"rendered":"<p>Attention \u00e0 lire les consignes avant de lire toute page d&rsquo;un site sant\u00e9 ! Observez bien un coureur de fond qui dans son maillot actuel laisse appara\u00eetre facilement son ventre. Le voyez-vous en train de r\u00e9aliser une respiration abdominale ? Le voyez-vous rel\u00e2cher le ventre v\u00e9ritablement ? Le ventre doit<a href=\"https:\/\/mecahealth.com\/?page_id=1565\" class=\"read-more\">Read More&#8230;<\/a><\/p>\n","protected":false},"author":1,"featured_media":0,"parent":0,"menu_order":0,"comment_status":"closed","ping_status":"closed","template":"","meta":{"footnotes":""},"class_list":["post-1565","page","type-page","status-publish","hentry"],"jetpack_sharing_enabled":true,"_links":{"self":[{"href":"https:\/\/mecahealth.com\/index.php?rest_route=\/wp\/v2\/pages\/1565","targetHints":{"allow":["GET"]}}],"collection":[{"href":"https:\/\/mecahealth.com\/index.php?rest_route=\/wp\/v2\/pages"}],"about":[{"href":"https:\/\/mecahealth.com\/index.php?rest_route=\/wp\/v2\/types\/page"}],"author":[{"embeddable":true,"href":"https:\/\/mecahealth.com\/index.php?rest_route=\/wp\/v2\/users\/1"}],"replies":[{"embeddable":true,"href":"https:\/\/mecahealth.com\/index.php?rest_route=%2Fwp%2Fv2%2Fcomments&post=1565"}],"version-history":[{"count":18,"href":"https:\/\/mecahealth.com\/index.php?rest_route=\/wp\/v2\/pages\/1565\/revisions"}],"predecessor-version":[{"id":8549,"href":"https:\/\/mecahealth.com\/index.php?rest_route=\/wp\/v2\/pages\/1565\/revisions\/8549"}],"wp:attachment":[{"href":"https:\/\/mecahealth.com\/index.php?rest_route=%2Fwp%2Fv2%2Fmedia&parent=1565"}],"curies":[{"name":"wp","href":"https:\/\/api.w.org\/{rel}","templated":true}]}}