{"id":1125,"date":"2023-01-14T10:24:04","date_gmt":"2023-01-14T09:24:04","guid":{"rendered":"https:\/\/mecahealth.com\/?page_id=1125"},"modified":"2023-02-13T02:59:14","modified_gmt":"2023-02-13T01:59:14","slug":"pathologie-constipation","status":"publish","type":"page","link":"https:\/\/mecahealth.com\/?page_id=1125","title":{"rendered":"Pathologie : constipation (chez l&rsquo;enfant)"},"content":{"rendered":"\n<p class=\"has-medium-font-size\"><a href=\"https:\/\/mecahealth.com\/?page_id=122\">Attention \u00e0 lire les consignes avant de lire toute page d&rsquo;un site sant\u00e9 !<\/a><\/p>\n\n\n\n<figure class=\"wp-block-image size-full is-style-rounded\"><img loading=\"lazy\" decoding=\"async\" width=\"330\" height=\"330\" src=\"https:\/\/mecahealth.com\/wp-content\/uploads\/2023\/02\/MecaHealth-constipation-enfant.jpg\" alt=\"\" class=\"wp-image-3176\" srcset=\"https:\/\/mecahealth.com\/wp-content\/uploads\/2023\/02\/MecaHealth-constipation-enfant.jpg 330w, https:\/\/mecahealth.com\/wp-content\/uploads\/2023\/02\/MecaHealth-constipation-enfant-300x300.jpg 300w, https:\/\/mecahealth.com\/wp-content\/uploads\/2023\/02\/MecaHealth-constipation-enfant-150x150.jpg 150w\" sizes=\"auto, (max-width: 330px) 100vw, 330px\" \/><\/figure>\n\n\n\n<p class=\"has-medium-font-size\">La constipation chez l&rsquo;enfant et non chez le nourrisson peut en fonction des situations \u00eatre dans la plupart des cas, morphologiques et\/ou psychologiques.<\/p>\n\n\n\n<p class=\"has-medium-font-size\">L&rsquo;enfant par ses activit\u00e9s et la position accroupie qu&rsquo;il a fr\u00e9quemment pour jouer devrait permettre une \u00e9vacuation sans (grande) difficult\u00e9. <\/p>\n\n\n\n<p class=\"has-medium-font-size\">S&rsquo;il n&rsquo;est pas encore en \u00e2ge d&rsquo;aller sur le pot, et qu&rsquo;il pr\u00e9sente r\u00e9guli\u00e8rement des constipations, nous conseillons d&rsquo;en parler \u00e0 son p\u00e9diatre et \u00e9ventuellement apr\u00e8s \u00e0 un di\u00e9t\u00e9ticien ou nutritioniste.<\/p>\n\n\n\n<p class=\"has-medium-font-size\">S&rsquo;il est en \u00e2ge d&rsquo;\u00eatre sur le pot, et surtout s&rsquo;il pr\u00e9sente des difficult\u00e9s quelques temps apr\u00e8s les premiers essais sur cet outil, la probabilit\u00e9 que la raison de ces troubles soit psychologique est assez importante. L&rsquo;enfant peut <\/p>\n\n\n\n<ul class=\"wp-block-list\">\n<li>ne pas trouver le pot confortable (souvent si les bords de l&rsquo;assise ne sont pas assez arrondis)<\/li>\n\n\n\n<li>ne pas avoir compris la raison pour laquelle il devrait se vider sur un pot et\/ou ne pas avoir compris la r\u00e9action des parents apr\u00e8s ses premi\u00e8res \u00e9vacuations qu&rsquo;il consid\u00e9rait comme un cadeau pour eux.<\/li>\n<\/ul>\n\n\n\n<p class=\"has-medium-font-size\">Il est important d&rsquo;expliquer \u00e0 l&rsquo;enfant d&rsquo;une mani\u00e8re ou d&rsquo;une autre l&rsquo;importance ou devrions nous dire l&rsquo;utilit\u00e9 de d\u00e9f\u00e9quer dans le pot et ensuite de devoir laisser cette partie de lui-m\u00eame que nous jetons dans les toilettes.<\/p>\n\n\n\n<p class=\"has-medium-font-size\">Selon nous, le plus simple et qui ne doit pas se r\u00e9p\u00e9ter plus de cinq ou six fois, est de montrer que papa ou maman d\u00e9f\u00e8que aussi et m\u00eame d&rsquo;en montrer le r\u00e9sultat obtenu. Ensuite, lui faire tirer la chasse et s&rsquo;amuser \u00e0 dire Au revoir caca de papa. L&rsquo;enfant acceptera plus facilement l&rsquo;\u00e9vacuation de son \u00ab\u00a0cadeau\u00a0\u00bb par la toilette. Il est important \u00e9galement de ne pas insister durant cette p\u00e9riode sur le fait que les selles c&rsquo;est sale. L&rsquo;enfant aura plus de mal \u00e0 \u00e9vacuer cette salet\u00e9 qui sort de lui. S&rsquo;il est en \u00e2ge d&rsquo;\u00eatre sur la toilette, se rendre compte qu&rsquo;en r\u00e9alit\u00e9 ce n&rsquo;est pas l&rsquo;\u00e2ge qui compte mais bien la taille.<\/p>\n\n\n\n<p class=\"has-medium-font-size\">D\u00e9j\u00e0 vu qu&rsquo;il ne touche pas les pieds sur le sol, nous ne respectons pas la position normale de la d\u00e9f\u00e9cation. Imaginons-nous aussi \u00e0 la place de l&rsquo;enfant qui se trouve dans cette situation instable o\u00f9 il risque de tomber dans la cuvette capable d&rsquo;avaler le gros caca de papa&#8230; Il y a de quoi avoir peur et avoir des difficult\u00e9s \u00e0 se rel\u00e2cher pour d\u00e9f\u00e9quer.<\/p>\n\n\n<div class=\"wp-block-image\">\n<figure class=\"alignleft size-full\"><img loading=\"lazy\" decoding=\"async\" width=\"330\" height=\"330\" src=\"https:\/\/mecahealth.com\/wp-content\/uploads\/2023\/02\/MecaHealth-constipation-enfant-OUI.jpg\" alt=\"\" class=\"wp-image-3177\" srcset=\"https:\/\/mecahealth.com\/wp-content\/uploads\/2023\/02\/MecaHealth-constipation-enfant-OUI.jpg 330w, https:\/\/mecahealth.com\/wp-content\/uploads\/2023\/02\/MecaHealth-constipation-enfant-OUI-300x300.jpg 300w, https:\/\/mecahealth.com\/wp-content\/uploads\/2023\/02\/MecaHealth-constipation-enfant-OUI-150x150.jpg 150w\" sizes=\"auto, (max-width: 330px) 100vw, 330px\" \/><\/figure>\n<\/div>\n\n\n<p class=\"has-medium-font-size\">C&rsquo;est la raison pour laquelle, les planches adapt\u00e9es seraient \u00e0 conseiller et\/ou de mettre une poign\u00e9e qui rassurera l&rsquo;enfant et aidera les grands-parents ou arri\u00e8res grands-parents quand ils viennent en visite &#8230;<\/p>\n\n\n\n<p>.<\/p>\n\n\n\n<p>.<\/p>\n\n\n\n<p>.<\/p>\n\n\n\n<p>.<\/p>\n\n\n\n<p><\/p>\n\n\n\n<h2 class=\"has-medium-font-size wp-block-heading\">Revenir \u00e0 la news \u00ab\u00a0<a href=\"https:\/\/mecahealth.com\/?page_id=268\" data-type=\"page\" data-id=\"268\">D\u00e9f\u00e9cation<\/a>\u00a0\u00bb au chapitre \u00ab\u00a0<a href=\"https:\/\/mecahealth.com\/?page_id=1270\" data-type=\"page\" data-id=\"1270\">Syst\u00e8me digestif<\/a>\u00a0\u00bb ou \u00ab\u00a0<a href=\"https:\/\/mecahealth.com\/?page_id=2612\" data-type=\"page\" data-id=\"2612\">Jeunes parents<\/a>\u00ab\u00a0<\/h2>\n","protected":false},"excerpt":{"rendered":"<p>Attention \u00e0 lire les consignes avant de lire toute page d&rsquo;un site sant\u00e9 ! La constipation chez l&rsquo;enfant et non chez le nourrisson peut en fonction des situations \u00eatre dans la plupart des cas, morphologiques et\/ou psychologiques. L&rsquo;enfant par ses activit\u00e9s et la position accroupie qu&rsquo;il a fr\u00e9quemment pour jouer<a href=\"https:\/\/mecahealth.com\/?page_id=1125\" class=\"read-more\">Read More&#8230;<\/a><\/p>\n","protected":false},"author":1,"featured_media":0,"parent":0,"menu_order":0,"comment_status":"closed","ping_status":"closed","template":"","meta":{"footnotes":""},"class_list":["post-1125","page","type-page","status-publish","hentry"],"jetpack_sharing_enabled":true,"_links":{"self":[{"href":"https:\/\/mecahealth.com\/index.php?rest_route=\/wp\/v2\/pages\/1125","targetHints":{"allow":["GET"]}}],"collection":[{"href":"https:\/\/mecahealth.com\/index.php?rest_route=\/wp\/v2\/pages"}],"about":[{"href":"https:\/\/mecahealth.com\/index.php?rest_route=\/wp\/v2\/types\/page"}],"author":[{"embeddable":true,"href":"https:\/\/mecahealth.com\/index.php?rest_route=\/wp\/v2\/users\/1"}],"replies":[{"embeddable":true,"href":"https:\/\/mecahealth.com\/index.php?rest_route=%2Fwp%2Fv2%2Fcomments&post=1125"}],"version-history":[{"count":12,"href":"https:\/\/mecahealth.com\/index.php?rest_route=\/wp\/v2\/pages\/1125\/revisions"}],"predecessor-version":[{"id":3182,"href":"https:\/\/mecahealth.com\/index.php?rest_route=\/wp\/v2\/pages\/1125\/revisions\/3182"}],"wp:attachment":[{"href":"https:\/\/mecahealth.com\/index.php?rest_route=%2Fwp%2Fv2%2Fmedia&parent=1125"}],"curies":[{"name":"wp","href":"https:\/\/api.w.org\/{rel}","templated":true}]}}