{"id":1107,"date":"2023-01-14T10:11:50","date_gmt":"2023-01-14T09:11:50","guid":{"rendered":"https:\/\/mecahealth.com\/?page_id=1107"},"modified":"2023-02-26T17:08:40","modified_gmt":"2023-02-26T16:08:40","slug":"exercice-abdominaux","status":"publish","type":"page","link":"https:\/\/mecahealth.com\/?page_id=1107","title":{"rendered":"Exercice : abdominaux"},"content":{"rendered":"\n<p class=\"has-medium-font-size\"><a href=\"https:\/\/mecahealth.com\/?page_id=122\">Attention \u00e0 lire les consignes avant de lire toute page d&rsquo;un site sant\u00e9 !<\/a><\/p>\n\n\n\n<figure class=\"wp-block-image size-large is-resized is-style-rounded\"><img loading=\"lazy\" decoding=\"async\" src=\"https:\/\/mecahealth.com\/wp-content\/uploads\/2023\/01\/MH-Planche-abdominaux-1024x1024.jpg\" alt=\"\" class=\"wp-image-742\" width=\"330\" height=\"330\" srcset=\"https:\/\/mecahealth.com\/wp-content\/uploads\/2023\/01\/MH-Planche-abdominaux-1024x1024.jpg 1024w, https:\/\/mecahealth.com\/wp-content\/uploads\/2023\/01\/MH-Planche-abdominaux-300x300.jpg 300w, https:\/\/mecahealth.com\/wp-content\/uploads\/2023\/01\/MH-Planche-abdominaux-150x150.jpg 150w, https:\/\/mecahealth.com\/wp-content\/uploads\/2023\/01\/MH-Planche-abdominaux-768x767.jpg 768w, https:\/\/mecahealth.com\/wp-content\/uploads\/2023\/01\/MH-Planche-abdominaux.jpg 1337w\" sizes=\"auto, (max-width: 330px) 100vw, 330px\" \/><\/figure>\n\n\n\n<p class=\"has-medium-font-size\">Faire des abdominaux dans le cadre d&rsquo;une r\u00e9\u00e9ducation pour le dos comme pour des questions esth\u00e9tiques, ne se fait pas sans conna\u00eetre bien entendu l&rsquo;utilisation des abdominaux et donc sans <a href=\"https:\/\/mecahealth.com\/?page_id=615\" data-type=\"page\" data-id=\"615\">lire attentivement le chapitre s&rsquo;y rattachant<\/a>.<\/p>\n\n\n\n<p class=\"has-medium-font-size\">Le plus important \u00e0 retenir dans ce cas de figure, selon nous, est de surtout les recruter dans la vie de tous les jours en obtenant une <a href=\"https:\/\/mecahealth.com\/?page_id=808\" data-type=\"page\" data-id=\"808\">l\u00e9g\u00e8re bascule du bassin<\/a> sauf principalement pour les personnes souffrant d&rsquo;hernies lombaires et\/ou n&rsquo;ayant pas ou peu de <a href=\"https:\/\/mecahealth.com\/?page_id=1173\" data-type=\"page\" data-id=\"1173\">lordose<\/a> \u00e0 ce niveau.<\/p>\n\n\n\n<p class=\"has-medium-font-size\">S&rsquo;il s&rsquo;av\u00e8re <strong>utile <\/strong>d&rsquo;en faire de temps en temps, nous n&rsquo;avons en 20 ans de temps, j&rsquo;avais vu de patients chez qui ce type d&rsquo;exercices \u00e9tait <strong>n\u00e9cessaire<\/strong> (hormis sport de combat et athl\u00e9tisme). Nous pr\u00e9f\u00e9rons conseiller des exercices globaux souvent plus efficace (&#8230;). <\/p>\n\n\n\n<h2 class=\"wp-block-heading\">Normalit\u00e9<\/h2>\n\n\n\n<p class=\"has-medium-font-size\">En r\u00e9alisant chaque exercice abdominal, le ventre doit \u00eatre correctement rentr\u00e9. Il est inutile de faire des abdos plus intens\u00e9ment tant que vous n&rsquo;arrivez pas \u00e0 garder le ventre rentr\u00e9 &#8230;sauf si vous souhaitez augmenter les chances d&rsquo;avoir en tant que femme des <a href=\"https:\/\/mecahealth.com\/?page_id=491\" data-type=\"page\" data-id=\"491\">pertes urinaires ou une descente d&rsquo;organe<\/a> ou, en tant qu&rsquo;homme, des hernies inguinales.<\/p>\n\n\n<div class=\"wp-block-image\">\n<figure class=\"alignleft size-full\"><img loading=\"lazy\" decoding=\"async\" width=\"250\" height=\"150\" src=\"https:\/\/mecahealth.com\/wp-content\/uploads\/2023\/01\/MecaHealth-abdos-mise-en-place.gif\" alt=\"\" class=\"wp-image-1755\"\/><\/figure>\n<\/div>\n\n\n<p class=\"has-medium-font-size\">Pour se mettre en place pour r\u00e9aliser les diff\u00e9rents abdominaux, tout en rentrant le ventre, plier une jambe puis l&rsquo;autre et par d\u00e9duction : ne jamais le faire avec les deux jambes en une seul mouvement (voir pathologies ci-apr\u00e8s&#8230;)<\/p>\n\n\n\n<p class=\"has-medium-font-size\">Une fois en l&rsquo;air, vous pouvez <a href=\"https:\/\/mecahealth.com\/?page_id=628\" data-type=\"page\" data-id=\"628\">fl\u00e9chir la nuque<\/a> pour rapprocher la t\u00eate des genoux mais toujours en \u00e9tant capable de laisser le ventre rentr\u00e9 dans cette position&#8230;<\/p>\n\n\n\n<p class=\"has-medium-font-size\">Si vous avez d\u00e9j\u00e0 le dos fatigu\u00e9, ne faire ce type d&rsquo;exercices qu&rsquo;apr\u00e8s avoir <a href=\"https:\/\/mecahealth.com\/?page_id=801\" data-type=\"page\" data-id=\"801\">augment\u00e9 l&rsquo;espace intervert\u00e9bral (\u00ab\u00a0<em>Entre deux<\/em>\u00ab\u00a0)<\/a>.<\/p>\n\n\n\n<p class=\"has-medium-font-size\">Si vous ne deviez travailler, en position couch\u00e9e, qu&rsquo;un seul mouvement, optez prioritairement pour un travail des obliques (un c\u00f4t\u00e9 puis l&rsquo;autre et non comme l&rsquo;animation semble le montrer, en r\u00e9p\u00e9tant du m\u00eame c\u00f4t\u00e9 plusieurs fois). Durant ce mouvement, vous travaillerez de toute fa\u00e7on les grands droits&#8230;<\/p>\n\n\n\n<figure class=\"wp-block-image size-full\"><img loading=\"lazy\" decoding=\"async\" width=\"250\" height=\"140\" src=\"https:\/\/mecahealth.com\/wp-content\/uploads\/2023\/01\/MecaHealth-abdos-obliques.gif\" alt=\"\" class=\"wp-image-1765\"\/><\/figure>\n\n\n\n<p class=\"has-medium-font-size\">Il est possible de faire des abdominaux sans avoir besoin de se mettre par terre mais attention \u00e0 ma\u00eetriser la <a href=\"https:\/\/mecahealth.com\/?page_id=808\" data-type=\"page\" data-id=\"808\">bascule du bassin<\/a> pr\u00e9alablement. Les pieds ne doivent pas se d\u00e9coller pas lorsque les jambes se d\u00e9portent naturellement vers l&rsquo;avant pour compenser le poids qui se portent en arri\u00e8re. Dans le m\u00e9tro, ne faites pas de mouvement mais faites semblant de vous appuyer sur le dossier. Vous gagnerez du temps en combinant trajets et exercices. <a href=\"https:\/\/mecahealth.com\/?page_id=1773\" data-type=\"page\" data-id=\"1773\">Vivre \u00e0 200 \u00e0 l&rsquo;heure, c&rsquo;est apprendre \u00e0 combiner<\/a> et \u00e0 bien utiliser son corps&#8230;<\/p>\n\n\n\n<figure class=\"wp-block-image size-full is-resized\"><img loading=\"lazy\" decoding=\"async\" src=\"https:\/\/mecahealth.com\/wp-content\/uploads\/2023\/01\/MecaHealth-abdos-bureau.gif\" alt=\"\" class=\"wp-image-1766\" width=\"245\" height=\"270\"\/><\/figure>\n\n\n\n<h2 class=\"wp-block-heading\">Pathologies<\/h2>\n\n\n\n<p class=\"has-medium-font-size\">Si vous relevez les deux jambes \u00e0 la fois, comme sur l&rsquo;image ci-dessous, vous risquez d&rsquo;augmenter voire cr\u00e9er les probl\u00e8mes de dos.<\/p>\n\n\n\n<p class=\"has-medium-font-size\">Si vous rel\u00e2chez le ventre, vous risquer de cr\u00e9er des <a href=\"https:\/\/mecahealth.com\/?page_id=491\" data-type=\"page\" data-id=\"491\">incontinences urinaires d&rsquo;effort<\/a> (pertes urinaires), un prolapsus ut\u00e9rin (descentes d&rsquo;organes), des <a href=\"https:\/\/mecahealth.com\/?page_id=1762\" data-type=\"page\" data-id=\"1762\">hernies inguinales<\/a>, etc.<\/p>\n\n\n\n<figure class=\"wp-block-image size-full is-resized\"><img loading=\"lazy\" decoding=\"async\" src=\"https:\/\/mecahealth.com\/wp-content\/uploads\/2023\/01\/MecaHealth-abdos-mise-en-place-NON.gif\" alt=\"\" class=\"wp-image-1756\" width=\"248\" height=\"162\"\/><\/figure>\n\n\n\n<p class=\"has-medium-font-size\">(&#8230;)<\/p>\n\n\n\n<h2 class=\"has-medium-font-size wp-block-heading\">Revenir au chapitre<em> <a href=\"https:\/\/mecahealth.com\/?page_id=1110\" data-type=\"page\" data-id=\"1110\">Exercices<\/a><\/em>, <em><a href=\"https:\/\/mecahealth.com\/?page_id=259\" data-type=\"page\" data-id=\"259\">Sports<\/a><\/em> ou \u00e0 la news <a href=\"https:\/\/mecahealth.com\/?page_id=615\" data-type=\"page\" data-id=\"615\"><em>Abdominaux<\/em><\/a><\/h2>\n","protected":false},"excerpt":{"rendered":"<p>Attention \u00e0 lire les consignes avant de lire toute page d&rsquo;un site sant\u00e9 ! Faire des abdominaux dans le cadre d&rsquo;une r\u00e9\u00e9ducation pour le dos comme pour des questions esth\u00e9tiques, ne se fait pas sans conna\u00eetre bien entendu l&rsquo;utilisation des abdominaux et donc sans lire attentivement le chapitre s&rsquo;y rattachant.<a href=\"https:\/\/mecahealth.com\/?page_id=1107\" class=\"read-more\">Read More&#8230;<\/a><\/p>\n","protected":false},"author":1,"featured_media":0,"parent":0,"menu_order":0,"comment_status":"closed","ping_status":"closed","template":"","meta":{"footnotes":""},"class_list":["post-1107","page","type-page","status-publish","hentry"],"jetpack_sharing_enabled":true,"_links":{"self":[{"href":"https:\/\/mecahealth.com\/index.php?rest_route=\/wp\/v2\/pages\/1107","targetHints":{"allow":["GET"]}}],"collection":[{"href":"https:\/\/mecahealth.com\/index.php?rest_route=\/wp\/v2\/pages"}],"about":[{"href":"https:\/\/mecahealth.com\/index.php?rest_route=\/wp\/v2\/types\/page"}],"author":[{"embeddable":true,"href":"https:\/\/mecahealth.com\/index.php?rest_route=\/wp\/v2\/users\/1"}],"replies":[{"embeddable":true,"href":"https:\/\/mecahealth.com\/index.php?rest_route=%2Fwp%2Fv2%2Fcomments&post=1107"}],"version-history":[{"count":16,"href":"https:\/\/mecahealth.com\/index.php?rest_route=\/wp\/v2\/pages\/1107\/revisions"}],"predecessor-version":[{"id":4133,"href":"https:\/\/mecahealth.com\/index.php?rest_route=\/wp\/v2\/pages\/1107\/revisions\/4133"}],"wp:attachment":[{"href":"https:\/\/mecahealth.com\/index.php?rest_route=%2Fwp%2Fv2%2Fmedia&parent=1107"}],"curies":[{"name":"wp","href":"https:\/\/api.w.org\/{rel}","templated":true}]}}